--
-- Host: localhost    Database: 3kfc
-- ------------------------------------------------------


--
-- Table structure for table `attendees`
--

CREATE TABLE `attendees` (
  `id` bigint unsigned NOT NULL AUTO_INCREMENT,
  `created_at` timestamp NULL DEFAULT NULL,
  `updated_at` timestamp NULL DEFAULT NULL,
  PRIMARY KEY (`id`)
) ENGINE=InnoDB DEFAULT CHARSET=utf8mb4 COLLATE=utf8mb4_unicode_ci;

--
-- Dumping data for table `attendees`
--


--
-- Table structure for table `clerk_event`
--

CREATE TABLE `clerk_event` (
  `id` bigint unsigned NOT NULL AUTO_INCREMENT,
  `event_id` bigint unsigned NOT NULL,
  `user_id` bigint unsigned NOT NULL,
  `created_at` timestamp NULL DEFAULT NULL,
  `updated_at` timestamp NULL DEFAULT NULL,
  PRIMARY KEY (`id`),
  KEY `clerk_event_event_id_foreign` (`event_id`),
  KEY `clerk_event_user_id_foreign` (`user_id`),
  CONSTRAINT `clerk_event_event_id_foreign` FOREIGN KEY (`event_id`) REFERENCES `event` (`id`) ON DELETE CASCADE,
  CONSTRAINT `clerk_event_user_id_foreign` FOREIGN KEY (`user_id`) REFERENCES `user` (`id`) ON DELETE CASCADE
) ENGINE=InnoDB AUTO_INCREMENT=3 DEFAULT CHARSET=utf8mb4 COLLATE=utf8mb4_unicode_ci;

--
-- Dumping data for table `clerk_event`
--

INSERT INTO `clerk_event` VALUES (1,1,4,'2024-10-24 19:49:47','2024-10-24 19:49:47'),(2,1,5,'2024-10-25 23:59:28','2024-10-25 23:59:28');

--
-- Table structure for table `client`
--

CREATE TABLE `client` (
  `id` bigint unsigned NOT NULL AUTO_INCREMENT,
  `first_name` varchar(255) COLLATE utf8mb4_unicode_ci NOT NULL,
  `last_name` varchar(255) COLLATE utf8mb4_unicode_ci NOT NULL,
  `email` varchar(255) COLLATE utf8mb4_unicode_ci NOT NULL,
  `identification_number` int NOT NULL,
  `created_at` timestamp NULL DEFAULT NULL,
  `updated_at` timestamp NULL DEFAULT NULL,
  PRIMARY KEY (`id`)
) ENGINE=InnoDB DEFAULT CHARSET=utf8mb4 COLLATE=utf8mb4_unicode_ci;

--
-- Dumping data for table `client`
--


--
-- Table structure for table `client_ticket`
--

CREATE TABLE `client_ticket` (
  `id` bigint unsigned NOT NULL AUTO_INCREMENT,
  `ticket_id` bigint unsigned NOT NULL,
  `payment_id` bigint unsigned NOT NULL,
  `attended_at` datetime DEFAULT NULL,
  `ticket_code` varchar(255) COLLATE utf8mb4_unicode_ci NOT NULL,
  `created_at` timestamp NULL DEFAULT NULL,
  `updated_at` timestamp NULL DEFAULT NULL,
  `is_paid` tinyint(1) NOT NULL DEFAULT '0',
  PRIMARY KEY (`id`),
  KEY `client_ticket_ticket_id_foreign` (`ticket_id`),
  KEY `client_ticket_payment_id_foreign` (`payment_id`),
  CONSTRAINT `client_ticket_payment_id_foreign` FOREIGN KEY (`payment_id`) REFERENCES `payment` (`id`) ON DELETE CASCADE,
  CONSTRAINT `client_ticket_ticket_id_foreign` FOREIGN KEY (`ticket_id`) REFERENCES `ticket` (`id`) ON DELETE CASCADE
) ENGINE=InnoDB AUTO_INCREMENT=152 DEFAULT CHARSET=utf8mb4 COLLATE=utf8mb4_unicode_ci;

--
-- Dumping data for table `client_ticket`
--

INSERT INTO `client_ticket` VALUES (1,2,1,NULL,'O6BYVD','2024-10-24 19:31:02','2024-10-24 19:31:02',1),(2,2,1,NULL,'CI7GJ9','2024-10-24 19:31:02','2024-10-24 19:31:02',1),(3,2,1,NULL,'ET59M5','2024-10-24 19:31:02','2024-10-24 19:31:02',1),(4,1,2,NULL,'2MSKV4','2024-10-24 19:40:15','2024-10-24 19:40:15',1),(5,1,2,NULL,'TTK5L9','2024-10-24 19:40:15','2024-10-24 19:40:15',1),(6,1,3,NULL,'63FOEZ','2024-10-24 19:49:19','2024-10-24 19:49:19',1),(7,1,4,NULL,'OZ33MT','2024-10-24 19:51:50','2024-10-24 19:51:50',1),(8,1,4,NULL,'IK28JZ','2024-10-24 19:51:50','2024-10-24 19:51:50',1),(9,1,4,NULL,'SBKIZG','2024-10-24 19:51:50','2024-10-24 19:51:50',1),(10,1,5,'2024-10-24 19:53:02','2E53CN','2024-10-24 19:52:13','2024-10-24 19:53:02',1),(11,1,5,'2024-10-24 19:53:02','5JQCYZ','2024-10-24 19:52:13','2024-10-24 19:53:02',1),(12,1,5,'2024-10-24 19:53:02','E8C38B','2024-10-24 19:52:13','2024-10-24 19:53:02',1),(13,1,6,NULL,'4JLPAM','2024-10-24 19:53:55','2024-10-24 19:53:55',1),(14,1,7,NULL,'M9OQX1','2024-10-24 19:56:36','2024-10-24 19:56:36',1),(15,1,8,NULL,'9FBQOO','2024-10-24 19:58:15','2024-10-24 19:58:15',1),(16,1,8,NULL,'UWSPME','2024-10-24 19:58:15','2024-10-24 19:58:15',1),(17,1,9,NULL,'4W42EB','2024-10-24 20:16:43','2024-10-24 20:16:43',1),(18,1,10,NULL,'E4VFT4','2024-10-24 20:28:59','2024-10-24 20:28:59',1),(19,1,11,NULL,'XPKLME','2024-10-24 20:56:21','2024-10-24 20:56:21',1),(20,1,11,NULL,'PA5EBH','2024-10-24 20:56:21','2024-10-24 20:56:21',1),(21,1,12,NULL,'EY62F6','2024-10-24 21:16:23','2024-10-24 21:16:23',1),(22,2,13,'2024-10-24 21:42:50','VUSZY7','2024-10-24 21:19:42','2024-10-24 21:42:50',1),(23,2,14,NULL,'G4YV5M','2024-10-24 21:20:30','2024-10-24 21:20:30',1),(24,1,15,NULL,'SDG1MB','2024-10-24 21:56:02','2024-10-24 21:56:02',1),(25,2,16,NULL,'P2T4FZ','2024-10-24 22:18:58','2024-10-24 22:18:58',1),(26,1,17,NULL,'0P496Y','2024-10-24 22:49:45','2024-10-24 22:49:45',1),(27,2,18,NULL,'D9OAFV','2024-10-24 22:50:02','2024-10-24 22:50:02',1),(28,2,19,NULL,'2O2B6G','2024-10-24 22:50:40','2024-10-24 22:50:40',1),(29,1,20,NULL,'ZRO5C4','2024-10-24 22:59:12','2024-10-24 22:59:12',1),(30,1,21,NULL,'T3GQVA','2024-10-24 23:13:43','2024-10-24 23:13:43',1),(31,1,22,NULL,'WK5ZQU','2024-10-25 08:58:46','2024-10-25 08:58:46',0),(32,2,23,NULL,'KO8JSR','2024-10-25 09:01:33','2024-10-25 09:01:33',0),(33,2,24,NULL,'LCAEWE','2024-10-25 15:28:22','2024-10-25 15:28:22',0),(34,2,25,NULL,'5F6UDD','2024-10-25 15:28:55','2024-10-25 15:28:55',0),(35,1,26,NULL,'CI6VGV','2024-10-25 18:41:07','2024-10-25 18:41:07',0),(36,2,27,NULL,'ODKCJD','2024-10-25 18:45:49','2024-10-25 18:45:49',0),(37,2,28,NULL,'AN72GH','2024-10-25 18:51:29','2024-10-25 18:51:29',0),(38,1,29,NULL,'DHU66U','2024-10-25 19:08:46','2024-10-25 19:08:46',0),(39,3,30,NULL,'X52H8L','2024-10-25 19:33:41','2024-10-25 19:33:41',0),(40,1,31,NULL,'8RJUWW','2024-10-25 19:59:30','2024-10-25 19:59:30',0),(41,2,32,NULL,'C925AI','2024-10-25 20:04:27','2024-10-25 20:04:27',0),(42,2,33,NULL,'ANQ124','2024-10-25 20:16:49','2024-10-25 20:16:49',0),(43,1,34,NULL,'FQYFVI','2024-10-25 20:17:12','2024-10-25 20:17:12',0),(44,2,35,NULL,'X6ELA5','2024-10-25 20:18:12','2024-10-25 20:18:12',0),(45,1,36,NULL,'QU0IIG','2024-10-25 20:18:39','2024-10-25 20:18:39',0),(46,4,37,NULL,'S9VUCW','2024-10-25 20:23:44','2024-10-25 20:23:44',0),(47,1,38,NULL,'8S9HMJ','2024-10-25 20:24:30','2024-10-25 20:24:30',0),(48,1,39,NULL,'LJLING','2024-10-25 20:25:53','2024-10-25 20:25:53',0),(49,1,39,NULL,'PHUKG1','2024-10-25 20:25:53','2024-10-25 20:25:53',0),(50,1,40,NULL,'BI59MA','2024-10-25 20:26:07','2024-10-25 20:26:07',0),(51,2,41,NULL,'4KK0H0','2024-10-25 20:27:34','2024-10-25 20:27:34',0),(52,1,42,NULL,'QAMMM0','2024-10-25 20:29:45','2024-10-25 20:29:45',0),(53,1,43,NULL,'XJBW2H','2024-10-25 20:30:11','2024-10-25 20:30:11',0),(55,1,45,NULL,'VPX9OU','2024-10-25 20:30:57','2024-10-25 20:30:57',0),(56,1,46,NULL,'XE37B7','2024-10-25 20:33:36','2024-10-25 20:33:36',0),(57,1,47,NULL,'IAESOQ','2024-10-25 20:33:51','2024-10-25 20:33:51',0),(58,1,48,NULL,'MSG353','2024-10-25 20:34:04','2024-10-25 20:34:04',0),(59,1,48,NULL,'X53E09','2024-10-25 20:34:04','2024-10-25 20:34:04',0),(60,1,48,NULL,'2NUPQH','2024-10-25 20:34:04','2024-10-25 20:34:04',0),(61,1,48,NULL,'9VL1WH','2024-10-25 20:34:04','2024-10-25 20:34:04',0),(62,1,48,NULL,'P6VSSY','2024-10-25 20:34:04','2024-10-25 20:34:04',0),(63,1,49,NULL,'32837C','2024-10-25 20:35:08','2024-10-25 20:35:08',0),(64,1,50,NULL,'5RF5KH','2024-10-25 20:35:31','2024-10-25 20:35:31',0),(65,2,51,NULL,'1BDHB2','2024-10-25 20:36:37','2024-10-25 20:36:37',0),(66,1,52,NULL,'1X8OU6','2024-10-25 20:37:12','2024-10-25 20:37:12',0),(67,1,53,NULL,'52KL47','2024-10-25 20:37:57','2024-10-25 20:37:57',0),(68,1,54,NULL,'PP566C','2024-10-25 20:41:40','2024-10-25 20:41:40',0),(69,1,55,NULL,'6OGQ13','2024-10-25 20:43:31','2024-10-25 20:43:31',0),(70,3,56,NULL,'AIR54E','2024-10-25 20:43:53','2024-10-25 20:43:53',0),(71,1,57,NULL,'708K3N','2024-10-25 20:44:49','2024-10-25 20:44:49',0),(72,1,58,NULL,'WEMSB7','2024-10-25 20:45:09','2024-10-25 20:45:09',0),(73,1,59,NULL,'TDFDY4','2024-10-25 20:45:45','2024-10-25 20:45:45',0),(74,1,60,NULL,'SWDJHS','2024-10-25 20:46:15','2024-10-25 20:46:15',0),(75,1,60,NULL,'6E8ARQ','2024-10-25 20:46:15','2024-10-25 20:46:15',0),(76,1,61,NULL,'PZ1QMY','2024-10-25 20:46:44','2024-10-25 20:46:44',0),(77,1,62,NULL,'9HG68R','2024-10-25 20:46:50','2024-10-25 20:46:50',0),(78,1,63,NULL,'7P3Q1H','2024-10-25 20:46:53','2024-10-25 20:46:53',0),(79,4,64,NULL,'HVXOBL','2024-10-25 20:47:29','2024-10-25 20:47:29',0),(80,1,65,NULL,'33PM7S','2024-10-25 20:48:03','2024-10-25 20:48:03',0),(81,1,66,NULL,'2I85UQ','2024-10-25 20:48:13','2024-10-25 20:48:13',0),(82,2,67,NULL,'J4Y3FK','2024-10-25 20:50:48','2024-10-25 20:50:48',0),(83,1,68,NULL,'CKXUIT','2024-10-25 20:51:54','2024-10-25 20:51:54',0),(84,1,69,NULL,'G1Q7Q8','2024-10-25 20:52:26','2024-10-25 20:52:26',0),(85,1,70,NULL,'Q5VD9E','2024-10-25 20:52:40','2024-10-25 20:52:40',0),(86,1,71,NULL,'SSRAPW','2024-10-25 20:54:03','2024-10-25 20:54:03',0),(87,2,72,NULL,'YF94R9','2024-10-25 20:54:40','2024-10-25 20:54:40',0),(88,2,72,NULL,'TOLPUL','2024-10-25 20:54:40','2024-10-25 20:54:40',0),(89,1,73,NULL,'4MC3JL','2024-10-25 20:56:05','2024-10-25 20:56:05',0),(90,1,74,NULL,'NJW82V','2024-10-25 20:57:41','2024-10-25 20:57:41',0),(91,1,75,NULL,'SJYTKZ','2024-10-25 20:58:02','2024-10-25 20:58:02',0),(92,2,76,NULL,'63G1L9','2024-10-25 20:58:27','2024-10-25 20:58:27',0),(93,1,77,NULL,'WB7K5S','2024-10-25 20:58:43','2024-10-25 20:58:43',0),(94,1,78,NULL,'HM4F9L','2024-10-25 20:59:18','2024-10-25 20:59:18',0),(95,1,79,NULL,'968J4U','2024-10-25 21:00:33','2024-10-25 21:00:33',0),(96,1,80,NULL,'6J9TDC','2024-10-25 21:02:06','2024-10-25 21:02:06',0),(97,1,81,NULL,'UCNCP3','2024-10-25 21:03:08','2024-10-25 21:03:08',0),(98,1,82,NULL,'6PNY9S','2024-10-25 21:07:18','2024-10-25 21:07:18',0),(99,1,83,NULL,'7629N0','2024-10-25 21:07:56','2024-10-25 21:07:56',0),(100,1,84,NULL,'UV8N4Z','2024-10-25 21:15:57','2024-10-25 21:15:57',0),(101,1,85,NULL,'ECB0QO','2024-10-25 21:17:56','2024-10-25 21:17:56',0),(102,3,86,NULL,'IF4SVO','2024-10-25 21:17:58','2024-10-25 21:17:58',0),(103,1,87,NULL,'PW42G6','2024-10-25 21:18:24','2024-10-25 21:18:24',0),(104,2,88,NULL,'X8J6XT','2024-10-25 21:19:17','2024-10-25 21:19:17',0),(105,1,89,NULL,'Q2OQFN','2024-10-25 21:19:40','2024-10-25 21:19:40',0),(106,1,89,NULL,'GVH1OX','2024-10-25 21:19:40','2024-10-25 21:19:40',0),(107,1,89,NULL,'7RQ964','2024-10-25 21:19:40','2024-10-25 21:19:40',0),(108,1,89,NULL,'RMLWUZ','2024-10-25 21:19:40','2024-10-25 21:19:40',0),(109,1,89,NULL,'KBXAML','2024-10-25 21:19:40','2024-10-25 21:19:40',0),(111,1,91,NULL,'3IHBCC','2024-10-25 21:26:23','2024-10-25 21:26:23',0),(112,2,92,NULL,'XTCUCA','2024-10-25 21:26:50','2024-10-25 21:26:50',0),(114,1,94,NULL,'AGXUCN','2024-10-25 21:29:20','2024-10-25 21:29:20',0),(115,1,95,NULL,'7TG1T9','2024-10-25 21:29:26','2024-10-25 21:29:26',0),(116,1,96,NULL,'EEM5EK','2024-10-25 21:31:02','2024-10-25 21:31:02',0),(117,2,97,NULL,'JCE66S','2024-10-25 21:31:17','2024-10-25 21:31:17',0),(118,2,98,NULL,'RM03LU','2024-10-25 21:32:19','2024-10-25 21:32:19',0),(119,1,99,NULL,'HYE7XL','2024-10-25 21:33:39','2024-10-25 21:33:39',0),(120,1,100,NULL,'TMEEZ1','2024-10-25 21:37:02','2024-10-25 21:37:02',0),(121,1,101,NULL,'AX4JTA','2024-10-25 21:42:15','2024-10-25 21:42:15',0),(122,1,102,NULL,'AH09K6','2024-10-25 21:42:29','2024-10-25 21:42:29',0),(123,1,103,NULL,'Q1DTMU','2024-10-25 21:42:48','2024-10-25 21:42:48',0),(124,1,104,NULL,'PDA1V9','2024-10-25 21:44:29','2024-10-25 21:44:29',0),(125,1,105,NULL,'KWIZXW','2024-10-25 21:45:20','2024-10-25 21:45:20',0),(127,2,107,NULL,'ASQ4I2','2024-10-25 21:46:54','2024-10-25 21:46:54',0),(128,4,108,NULL,'3CAE7A','2024-10-25 21:51:56','2024-10-25 21:51:56',0),(129,4,108,NULL,'U98UJR','2024-10-25 21:51:56','2024-10-25 21:51:56',0),(130,2,109,NULL,'4FZ3UI','2024-10-25 21:52:22','2024-10-25 21:52:22',0),(131,2,110,NULL,'I6FXGW','2024-10-25 21:53:57','2024-10-25 21:53:57',0),(132,1,111,NULL,'YPG4Z7','2024-10-25 22:00:31','2024-10-25 22:00:31',0),(133,1,112,NULL,'RF8JHP','2024-10-25 22:08:22','2024-10-25 22:08:22',0),(134,4,113,NULL,'KYUGT6','2024-10-25 22:09:58','2024-10-25 22:09:58',0),(135,1,114,NULL,'TTH6T9','2024-10-25 22:24:06','2024-10-25 22:24:06',0),(136,1,115,NULL,'7WLCEL','2024-10-25 22:25:24','2024-10-25 22:25:24',0),(137,1,116,NULL,'5VNCPK','2024-10-25 22:28:32','2024-10-25 22:28:32',0),(138,1,117,NULL,'DY7TQZ','2024-10-25 22:32:02','2024-10-25 22:32:02',0),(139,1,118,NULL,'KWWKTJ','2024-10-25 22:32:48','2024-10-25 22:32:48',0),(140,1,119,NULL,'DWNZM8','2024-10-25 22:39:06','2024-10-25 22:39:06',0),(141,1,120,NULL,'6RJLXD','2024-10-25 22:39:39','2024-10-25 22:39:39',0),(142,1,121,NULL,'WT4I08','2024-10-25 22:41:37','2024-10-25 22:41:37',0),(144,2,123,NULL,'PVU5HM','2024-10-25 22:47:52','2024-10-25 22:47:52',0),(145,1,124,NULL,'7MZNQO','2024-10-25 22:54:32','2024-10-25 22:54:32',0),(146,1,124,NULL,'HSWJR0','2024-10-25 22:54:32','2024-10-25 22:54:32',0),(147,1,125,NULL,'79WZLG','2024-10-25 23:01:04','2024-10-25 23:01:04',0),(148,1,126,NULL,'ROFMH6','2024-10-25 23:16:12','2024-10-25 23:16:12',0),(149,2,127,NULL,'29E5ZA','2024-10-25 23:26:23','2024-10-25 23:26:23',0),(150,1,128,NULL,'LXYN5L','2024-10-25 23:26:57','2024-10-25 23:26:57',0),(151,1,128,NULL,'WFWHJY','2024-10-25 23:26:57','2024-10-25 23:26:57',0);

--
-- Table structure for table `event`
--

CREATE TABLE `event` (
  `id` bigint unsigned NOT NULL AUTO_INCREMENT,
  `team_a` varchar(255) COLLATE utf8mb4_unicode_ci NOT NULL,
  `team_a_logo` varchar(255) COLLATE utf8mb4_unicode_ci NOT NULL,
  `team_b_logo` varchar(255) COLLATE utf8mb4_unicode_ci NOT NULL,
  `team_b` varchar(255) COLLATE utf8mb4_unicode_ci NOT NULL,
  `start_date` date NOT NULL,
  `start_time` varchar(255) COLLATE utf8mb4_unicode_ci NOT NULL,
  `end_date` date NOT NULL,
  `created_by` bigint unsigned NOT NULL,
  `end_time` varchar(255) COLLATE utf8mb4_unicode_ci NOT NULL,
  `event_visibility` varchar(255) COLLATE utf8mb4_unicode_ci NOT NULL,
  `venue_name` varchar(255) COLLATE utf8mb4_unicode_ci NOT NULL,
  `venue_address` varchar(255) COLLATE utf8mb4_unicode_ci NOT NULL,
  `is_featured` tinyint(1) NOT NULL,
  `is_upcoming` tinyint(1) NOT NULL,
  `event_contact_email` varchar(255) COLLATE utf8mb4_unicode_ci NOT NULL,
  `created_at` timestamp NULL DEFAULT NULL,
  `updated_at` timestamp NULL DEFAULT NULL,
  `season_start_date` date DEFAULT NULL,
  `season_end_date` date DEFAULT NULL,
  `league_name` varchar(255) COLLATE utf8mb4_unicode_ci DEFAULT NULL,
  PRIMARY KEY (`id`),
  KEY `event_created_by_foreign` (`created_by`),
  CONSTRAINT `event_created_by_foreign` FOREIGN KEY (`created_by`) REFERENCES `user` (`id`) ON DELETE CASCADE
) ENGINE=InnoDB AUTO_INCREMENT=2 DEFAULT CHARSET=utf8mb4 COLLATE=utf8mb4_unicode_ci;

--
-- Dumping data for table `event`
--

INSERT INTO `event` VALUES (1,'3K FC','team_logos/671a759960442_1729787289.jpeg','team_logos/671a759960448_1729787289.jpeg','Naivas FC','2024-10-27','03:00 PM','2024-10-27',1,'06:00 PM','public','MOI STADIUM,  EMBU','MOI STADIUM,  EMBU',1,1,'obrien@gmail.com','2024-10-24 19:28:09','2024-10-25 19:12:48','2024-10-26','2024-12-01','National Super League');

--
-- Table structure for table `event_image`
--

CREATE TABLE `event_image` (
  `id` bigint unsigned NOT NULL AUTO_INCREMENT,
  `event_id` bigint unsigned NOT NULL,
  `event_meta_image` varchar(255) COLLATE utf8mb4_unicode_ci NOT NULL,
  `created_at` timestamp NULL DEFAULT NULL,
  `updated_at` timestamp NULL DEFAULT NULL,
  PRIMARY KEY (`id`),
  KEY `event_image_event_id_foreign` (`event_id`),
  CONSTRAINT `event_image_event_id_foreign` FOREIGN KEY (`event_id`) REFERENCES `event` (`id`) ON DELETE CASCADE
) ENGINE=InnoDB AUTO_INCREMENT=7 DEFAULT CHARSET=utf8mb4 COLLATE=utf8mb4_unicode_ci;

--
-- Dumping data for table `event_image`
--

INSERT INTO `event_image` VALUES (1,1,'event_meta_images/671a75f370f45_football.jpg','2024-10-24 19:29:39','2024-10-24 19:29:39'),(2,1,'event_meta_images/671a75f38a472_football1.jpg','2024-10-24 19:29:39','2024-10-24 19:29:39'),(3,1,'event_meta_images/671a75f394dca_football2.jpg','2024-10-24 19:29:39','2024-10-24 19:29:39'),(4,1,'event_meta_images/671a75f3c09d1_football3.jpg','2024-10-24 19:29:39','2024-10-24 19:29:39'),(5,1,'event_meta_images/671a75f3e9e64_football4.jpg','2024-10-24 19:29:40','2024-10-24 19:29:40'),(6,1,'event_meta_images/671a75f427b0d_football5.jpg','2024-10-24 19:29:40','2024-10-24 19:29:40');

--
-- Table structure for table `event_metadata`
--

CREATE TABLE `event_metadata` (
  `id` bigint unsigned NOT NULL AUTO_INCREMENT,
  `event_id` bigint unsigned NOT NULL,
  `event_banner_file` varchar(255) COLLATE utf8mb4_unicode_ci DEFAULT NULL,
  `event_desc` text COLLATE utf8mb4_unicode_ci,
  `dress_code` varchar(255) COLLATE utf8mb4_unicode_ci DEFAULT NULL,
  `expected_attendance` int DEFAULT NULL,
  `created_at` timestamp NULL DEFAULT NULL,
  `updated_at` timestamp NULL DEFAULT NULL,
  PRIMARY KEY (`id`),
  KEY `event_metadata_event_id_foreign` (`event_id`),
  CONSTRAINT `event_metadata_event_id_foreign` FOREIGN KEY (`event_id`) REFERENCES `event` (`id`) ON DELETE CASCADE
) ENGINE=InnoDB AUTO_INCREMENT=2 DEFAULT CHARSET=utf8mb4 COLLATE=utf8mb4_unicode_ci;

--
-- Dumping data for table `event_metadata`
--

INSERT INTO `event_metadata` VALUES (1,1,'event_banners/671a75f36f749_1729787379.jpeg','3K FC sits top of the table after 5 games. They\'ve won the past two home games and will be looking foward to make it 100% win record infront of their home fans.\r\n\r\nNaivas sits 12th in the log after 5 games and will be looking foward to use their experience to cause chaos in Embu.\r\n\r\nWill 3K FC use their home advantage to extend their stay on top of the table? Come forth this Sunday and help us cheer the boys to glory 💪',NULL,5000,'2024-10-24 19:29:39','2024-10-25 19:12:48');

--
-- Table structure for table `event_state`
--

CREATE TABLE `event_state` (
  `id` bigint unsigned NOT NULL AUTO_INCREMENT,
  `event_id` bigint unsigned NOT NULL,
  `user_id` bigint unsigned NOT NULL,
  `is_draft` tinyint(1) NOT NULL DEFAULT '0',
  `is_ended` tinyint(1) NOT NULL DEFAULT '0',
  `is_archived` tinyint(1) NOT NULL DEFAULT '0',
  `is_open` tinyint(1) NOT NULL DEFAULT '0',
  `created_at` timestamp NULL DEFAULT NULL,
  `updated_at` timestamp NULL DEFAULT NULL,
  PRIMARY KEY (`id`),
  KEY `event_state_event_id_foreign` (`event_id`),
  KEY `event_state_user_id_foreign` (`user_id`),
  CONSTRAINT `event_state_event_id_foreign` FOREIGN KEY (`event_id`) REFERENCES `event` (`id`) ON DELETE CASCADE,
  CONSTRAINT `event_state_user_id_foreign` FOREIGN KEY (`user_id`) REFERENCES `user` (`id`) ON DELETE CASCADE
) ENGINE=InnoDB AUTO_INCREMENT=2 DEFAULT CHARSET=utf8mb4 COLLATE=utf8mb4_unicode_ci;

--
-- Dumping data for table `event_state`
--

INSERT INTO `event_state` VALUES (1,1,1,0,0,0,1,'2024-10-24 19:28:09','2024-10-24 19:29:40');

--
-- Table structure for table `event_tag`
--

CREATE TABLE `event_tag` (
  `id` bigint unsigned NOT NULL AUTO_INCREMENT,
  `event_id` bigint unsigned NOT NULL,
  `tag_id` bigint unsigned NOT NULL,
  `created_at` timestamp NULL DEFAULT NULL,
  `updated_at` timestamp NULL DEFAULT NULL,
  PRIMARY KEY (`id`),
  KEY `event_tag_event_id_foreign` (`event_id`),
  KEY `event_tag_tag_id_foreign` (`tag_id`),
  CONSTRAINT `event_tag_event_id_foreign` FOREIGN KEY (`event_id`) REFERENCES `event` (`id`) ON DELETE CASCADE,
  CONSTRAINT `event_tag_tag_id_foreign` FOREIGN KEY (`tag_id`) REFERENCES `tag` (`id`) ON DELETE CASCADE
) ENGINE=InnoDB AUTO_INCREMENT=2 DEFAULT CHARSET=utf8mb4 COLLATE=utf8mb4_unicode_ci;

--
-- Dumping data for table `event_tag`
--

INSERT INTO `event_tag` VALUES (1,1,1,'2024-10-24 19:28:09','2024-10-24 19:28:09');

--
-- Table structure for table `failed_jobs`
--

CREATE TABLE `failed_jobs` (
  `id` bigint unsigned NOT NULL AUTO_INCREMENT,
  `uuid` varchar(255) COLLATE utf8mb4_unicode_ci NOT NULL,
  `connection` text COLLATE utf8mb4_unicode_ci NOT NULL,
  `queue` text COLLATE utf8mb4_unicode_ci NOT NULL,
  `payload` longtext COLLATE utf8mb4_unicode_ci NOT NULL,
  `exception` longtext COLLATE utf8mb4_unicode_ci NOT NULL,
  `failed_at` timestamp NOT NULL DEFAULT CURRENT_TIMESTAMP,
  PRIMARY KEY (`id`),
  UNIQUE KEY `failed_jobs_uuid_unique` (`uuid`)
) ENGINE=InnoDB DEFAULT CHARSET=utf8mb4 COLLATE=utf8mb4_unicode_ci;

--
-- Dumping data for table `failed_jobs`
--


--
-- Table structure for table `guests`
--

CREATE TABLE `guests` (
  `id` bigint unsigned NOT NULL AUTO_INCREMENT,
  `created_at` timestamp NULL DEFAULT NULL,
  `updated_at` timestamp NULL DEFAULT NULL,
  PRIMARY KEY (`id`)
) ENGINE=InnoDB DEFAULT CHARSET=utf8mb4 COLLATE=utf8mb4_unicode_ci;

--
-- Dumping data for table `guests`
--


--
-- Table structure for table `job_batches`
--

CREATE TABLE `job_batches` (
  `id` varchar(255) COLLATE utf8mb4_unicode_ci NOT NULL,
  `name` varchar(255) COLLATE utf8mb4_unicode_ci NOT NULL,
  `total_jobs` int NOT NULL,
  `pending_jobs` int NOT NULL,
  `failed_jobs` int NOT NULL,
  `failed_job_ids` longtext COLLATE utf8mb4_unicode_ci NOT NULL,
  `options` mediumtext COLLATE utf8mb4_unicode_ci,
  `cancelled_at` int DEFAULT NULL,
  `created_at` int NOT NULL,
  `finished_at` int DEFAULT NULL,
  PRIMARY KEY (`id`)
) ENGINE=InnoDB DEFAULT CHARSET=utf8mb4 COLLATE=utf8mb4_unicode_ci;

--
-- Dumping data for table `job_batches`
--


--
-- Table structure for table `jobs`
--

CREATE TABLE `jobs` (
  `id` bigint unsigned NOT NULL AUTO_INCREMENT,
  `queue` varchar(255) COLLATE utf8mb4_unicode_ci NOT NULL,
  `payload` longtext COLLATE utf8mb4_unicode_ci NOT NULL,
  `attempts` tinyint unsigned NOT NULL,
  `reserved_at` int unsigned DEFAULT NULL,
  `available_at` int unsigned NOT NULL,
  `created_at` int unsigned NOT NULL,
  PRIMARY KEY (`id`),
  KEY `jobs_queue_index` (`queue`)
) ENGINE=InnoDB DEFAULT CHARSET=utf8mb4 COLLATE=utf8mb4_unicode_ci;

--
-- Dumping data for table `jobs`
--


--
-- Table structure for table `migrations`
--

CREATE TABLE `migrations` (
  `id` int unsigned NOT NULL AUTO_INCREMENT,
  `migration` varchar(255) COLLATE utf8mb4_unicode_ci NOT NULL,
  `batch` int NOT NULL,
  PRIMARY KEY (`id`)
) ENGINE=InnoDB AUTO_INCREMENT=23 DEFAULT CHARSET=utf8mb4 COLLATE=utf8mb4_unicode_ci;

--
-- Dumping data for table `migrations`
--

INSERT INTO `migrations` VALUES (1,'0001_01_00_000000_create_person_table',1),(2,'0001_01_01_000000_create_user_table',1),(3,'0001_01_01_000001_create_cache_table',1),(4,'0001_01_01_000002_create_jobs_table',1),(5,'2024_09_19_124218_create_event_table',1),(6,'2024_09_19_161843_create_event_state_table',1),(7,'2024_09_19_192905_create_tag_table',1),(8,'2024_09_19_195940_create_event_tag_table',1),(9,'2024_09_20_035022_create_event_metadata_table',1),(10,'2024_09_24_034302_create_client_table',1),(11,'2024_09_24_055251_create_ticket_table',1),(12,'2024_09_24_121546_create_permission_tables',1),(13,'2024_09_27_062124_create_attendee_table',1),(14,'2024_09_27_081631_create_mpesa_table',1),(15,'2024_09_27_081642_create_payment_table',1),(16,'2024_09_27_095105_create_mpesa_payment_table',1),(17,'2024_09_27_202819_create_guest_table',1),(18,'2024_09_28_094557_create_attendee_event_table',1),(19,'2024_09_29_111654_create_event_image_table',1),(20,'2024_09_30_090352_create_client_ticket_table',1),(21,'2024_10_09_133648_create_personal_access_tokens_table',1),(22,'2024_10_23_075450_create_sms_table',1);

--
-- Table structure for table `model_has_permissions`
--

CREATE TABLE `model_has_permissions` (
  `permission_id` bigint unsigned NOT NULL,
  `model_type` varchar(255) COLLATE utf8mb4_unicode_ci NOT NULL,
  `model_id` bigint unsigned NOT NULL,
  PRIMARY KEY (`permission_id`,`model_id`,`model_type`),
  KEY `model_has_permissions_model_id_model_type_index` (`model_id`,`model_type`),
  CONSTRAINT `model_has_permissions_permission_id_foreign` FOREIGN KEY (`permission_id`) REFERENCES `permissions` (`id`) ON DELETE CASCADE
) ENGINE=InnoDB DEFAULT CHARSET=utf8mb4 COLLATE=utf8mb4_unicode_ci;

--
-- Dumping data for table `model_has_permissions`
--


--
-- Table structure for table `model_has_roles`
--

CREATE TABLE `model_has_roles` (
  `role_id` bigint unsigned NOT NULL,
  `model_type` varchar(255) COLLATE utf8mb4_unicode_ci NOT NULL,
  `model_id` bigint unsigned NOT NULL,
  PRIMARY KEY (`role_id`,`model_id`,`model_type`),
  KEY `model_has_roles_model_id_model_type_index` (`model_id`,`model_type`),
  CONSTRAINT `model_has_roles_role_id_foreign` FOREIGN KEY (`role_id`) REFERENCES `roles` (`id`) ON DELETE CASCADE
) ENGINE=InnoDB DEFAULT CHARSET=utf8mb4 COLLATE=utf8mb4_unicode_ci;

--
-- Dumping data for table `model_has_roles`
--

INSERT INTO `model_has_roles` VALUES (1,'App\\Models\\User',1),(1,'App\\Models\\User',2),(1,'App\\Models\\User',3),(3,'App\\Models\\User',4),(3,'App\\Models\\User',5);

--
-- Table structure for table `mpesa`
--

CREATE TABLE `mpesa` (
  `id` bigint unsigned NOT NULL AUTO_INCREMENT,
  `transaction_id` varchar(255) COLLATE utf8mb4_unicode_ci NOT NULL,
  `transaction_time` timestamp NOT NULL,
  `transaction_amount` decimal(8,2) NOT NULL,
  `paid_by` varchar(255) COLLATE utf8mb4_unicode_ci NOT NULL,
  `is_used` tinyint(1) NOT NULL DEFAULT '0',
  `created_at` timestamp NULL DEFAULT NULL,
  `updated_at` timestamp NULL DEFAULT NULL,
  PRIMARY KEY (`id`)
) ENGINE=InnoDB AUTO_INCREMENT=40 DEFAULT CHARSET=utf8mb4 COLLATE=utf8mb4_unicode_ci;

--
-- Dumping data for table `mpesa`
--

INSERT INTO `mpesa` VALUES (1,'SJO69MN0WU','2024-10-24 19:31:11',6.00,'254728831405',1,'2024-10-24 19:31:11',NULL),(2,'SJO39OROSB','2024-10-24 19:40:28',2.00,'254728831405',1,'2024-10-24 19:40:28',NULL),(3,'SJO29RBV04','2024-10-24 19:52:23',3.00,'254716308459',1,'2024-10-24 19:52:23',NULL),(4,'SJO89RPDJU','2024-10-24 19:54:09',1.00,'254713964404',1,'2024-10-24 19:54:09',NULL),(5,'SJO59S9EVJ','2024-10-24 19:56:55',1.00,'254716441804',1,'2024-10-24 19:56:55',NULL),(6,'SJO39W5CPZ','2024-10-24 20:16:53',1.00,'254716441804',1,'2024-10-24 20:16:53',NULL),(7,'SJO5A32DV1','2024-10-24 20:56:30',2.00,'254728831405',1,'2024-10-24 20:56:30',NULL),(8,'SJO1A6309N','2024-10-24 21:16:35',1.00,'254706661087',1,'2024-10-24 21:16:35',NULL),(9,'SJO0A6L8D2','2024-10-24 21:20:11',2.00,'254717079164',1,'2024-10-24 21:20:11',NULL),(10,'SJO6A6O0GK','2024-10-24 21:20:49',2.00,'254725034756',1,'2024-10-24 21:20:49',NULL),(11,'SJO0AB784K','2024-10-24 21:56:13',1.00,'254716308459',1,'2024-10-24 21:56:13',NULL),(12,'SJO9ADHD3N','2024-10-24 22:19:09',2.00,'254704554119',1,'2024-10-24 22:19:09',NULL),(13,'SJO8AGB150','2024-10-24 22:59:27',100.00,'254725256926',1,'2024-10-24 22:59:27',NULL),(14,'SJO5AH2QUP','2024-10-24 23:13:53',100.00,'254728831405',1,'2024-10-24 23:13:53',NULL),(15,'SJP4DJ732U','2024-10-25 18:41:18',100.00,'254715027615',1,'2024-10-25 18:41:18',NULL),(16,'SJP3DQ0CM5','2024-10-25 19:09:03',100.00,'254724695413',1,'2024-10-25 19:09:03',NULL),(17,'SJP3E2T3HN','2024-10-25 20:04:41',200.00,'254728211661',1,'2024-10-25 20:04:41',NULL),(18,'SJP5E5CG53','2024-10-25 20:17:24',100.00,'254704711399',1,'2024-10-25 20:17:24',NULL),(19,'SJP2E7ECHS','2024-10-25 20:27:56',200.00,'254711240223',1,'2024-10-25 20:27:56',NULL),(20,'SJP2E7T340','2024-10-25 20:30:08',100.00,'254702936770',1,'2024-10-25 20:30:08',NULL),(21,'SJP4E7ULZ2','2024-10-25 20:30:22',100.00,'254797725345',1,'2024-10-25 20:30:22',NULL),(22,'SJP3E8KHK9','2024-10-25 20:34:08',100.00,'254726966173',1,'2024-10-25 20:34:08',NULL),(23,'SJP3EBSW6H','2024-10-25 20:52:13',100.00,'254722501910',1,'2024-10-25 20:52:13',NULL),(24,'SJP9EC639Z','2024-10-25 20:54:24',100.00,'254725579660',1,'2024-10-25 20:54:24',NULL),(25,'SJP5EC8RA9','2024-10-25 20:54:47',400.00,'254700014550',1,'2024-10-25 20:54:47',NULL),(26,'SJP6ECIDPO','2024-10-25 20:56:19',100.00,'254797750663',1,'2024-10-25 20:56:19',NULL),(27,'SJP5ECX3UD','2024-10-25 20:58:43',200.00,'254719576672',1,'2024-10-25 20:58:43',NULL),(28,'SJP1ECZITX','2024-10-25 20:59:05',100.00,'254703431824',1,'2024-10-25 20:59:05',NULL),(29,'SJP0ED1V5G','2024-10-25 20:59:30',100.00,'254798130805',1,'2024-10-25 20:59:30',NULL),(30,'SJP3EHWYNX','2024-10-25 21:31:11',100.00,'254769216921',1,'2024-10-25 21:31:11',NULL),(31,'SJP4EHZ6AW','2024-10-25 21:31:33',200.00,'254716037788',1,'2024-10-25 21:31:33',NULL),(32,'SJP6EIRKBQ','2024-10-25 21:37:18',100.00,'254743573632',1,'2024-10-25 21:37:18',NULL),(33,'SJP5EJUVT7','2024-10-25 21:45:31',100.00,'254115729262',1,'2024-10-25 21:45:31',NULL),(34,'SJP5EKPXGR','2024-10-25 21:52:31',200.00,'254759210558',1,'2024-10-25 21:52:31',NULL),(35,'SJP8EO2OIG','2024-10-25 22:24:21',100.00,'254703395684',1,'2024-10-25 22:24:21',NULL),(36,'SJP9EO7FL3','2024-10-25 22:25:52',100.00,'254792476802',1,'2024-10-25 22:25:52',NULL),(37,'SJP1EORVNR','2024-10-25 22:32:17',100.00,'254704619869',1,'2024-10-25 22:32:17',NULL),(38,'SJP7EQ1OSJ','2024-10-25 22:48:14',200.00,'254711210406',1,'2024-10-25 22:48:14',NULL),(39,'SJP1EQI8ZZ','2024-10-25 22:54:45',200.00,'254726516387',1,'2024-10-25 22:54:45',NULL);

--
-- Table structure for table `mpesa_payment`
--

CREATE TABLE `mpesa_payment` (
  `id` bigint unsigned NOT NULL AUTO_INCREMENT,
  `mpesa_id` bigint unsigned NOT NULL,
  `payment_id` bigint unsigned NOT NULL,
  `created_at` timestamp NULL DEFAULT NULL,
  `updated_at` timestamp NULL DEFAULT NULL,
  PRIMARY KEY (`id`),
  KEY `mpesa_payment_mpesa_id_foreign` (`mpesa_id`),
  KEY `mpesa_payment_payment_id_foreign` (`payment_id`),
  CONSTRAINT `mpesa_payment_mpesa_id_foreign` FOREIGN KEY (`mpesa_id`) REFERENCES `mpesa` (`id`) ON DELETE CASCADE,
  CONSTRAINT `mpesa_payment_payment_id_foreign` FOREIGN KEY (`payment_id`) REFERENCES `payment` (`id`) ON DELETE CASCADE
) ENGINE=InnoDB AUTO_INCREMENT=40 DEFAULT CHARSET=utf8mb4 COLLATE=utf8mb4_unicode_ci;

--
-- Dumping data for table `mpesa_payment`
--

INSERT INTO `mpesa_payment` VALUES (1,1,1,'2024-10-24 19:31:12','2024-10-24 19:31:12'),(2,2,2,'2024-10-24 19:40:29','2024-10-24 19:40:29'),(3,3,5,'2024-10-24 19:52:23','2024-10-24 19:52:23'),(4,4,6,'2024-10-24 19:54:10','2024-10-24 19:54:10'),(5,5,7,'2024-10-24 19:56:56','2024-10-24 19:56:56'),(6,6,9,'2024-10-24 20:16:53','2024-10-24 20:16:53'),(7,7,11,'2024-10-24 20:56:30','2024-10-24 20:56:30'),(8,8,12,'2024-10-24 21:16:35','2024-10-24 21:16:35'),(9,9,13,'2024-10-24 21:20:11','2024-10-24 21:20:11'),(10,10,14,'2024-10-24 21:20:49','2024-10-24 21:20:49'),(11,11,15,'2024-10-24 21:56:13','2024-10-24 21:56:13'),(12,12,16,'2024-10-24 22:19:10','2024-10-24 22:19:10'),(13,13,20,'2024-10-24 22:59:27','2024-10-24 22:59:27'),(14,14,21,'2024-10-24 23:13:53','2024-10-24 23:13:53'),(15,15,26,'2024-10-25 18:41:19','2024-10-25 18:41:19'),(16,16,29,'2024-10-25 19:09:03','2024-10-25 19:09:03'),(17,17,32,'2024-10-25 20:04:42','2024-10-25 20:04:42'),(18,18,34,'2024-10-25 20:17:25','2024-10-25 20:17:25'),(19,19,41,'2024-10-25 20:27:56','2024-10-25 20:27:56'),(20,20,42,'2024-10-25 20:30:09','2024-10-25 20:30:09'),(21,21,43,'2024-10-25 20:30:22','2024-10-25 20:30:22'),(22,22,47,'2024-10-25 20:34:08','2024-10-25 20:34:08'),(23,23,68,'2024-10-25 20:52:14','2024-10-25 20:52:14'),(24,24,71,'2024-10-25 20:54:24','2024-10-25 20:54:24'),(25,25,72,'2024-10-25 20:54:48','2024-10-25 20:54:48'),(26,26,73,'2024-10-25 20:56:22','2024-10-25 20:56:22'),(27,27,76,'2024-10-25 20:58:43','2024-10-25 20:58:43'),(28,28,77,'2024-10-25 20:59:06','2024-10-25 20:59:06'),(29,29,78,'2024-10-25 20:59:31','2024-10-25 20:59:31'),(30,30,96,'2024-10-25 21:31:12','2024-10-25 21:31:12'),(31,31,97,'2024-10-25 21:31:33','2024-10-25 21:31:33'),(32,32,100,'2024-10-25 21:37:18','2024-10-25 21:37:18'),(33,33,105,'2024-10-25 21:45:32','2024-10-25 21:45:32'),(34,34,109,'2024-10-25 21:52:31','2024-10-25 21:52:31'),(35,35,114,'2024-10-25 22:24:21','2024-10-25 22:24:21'),(36,36,115,'2024-10-25 22:25:52','2024-10-25 22:25:52'),(37,37,117,'2024-10-25 22:32:17','2024-10-25 22:32:17'),(38,38,123,'2024-10-25 22:48:14','2024-10-25 22:48:14'),(39,39,124,'2024-10-25 22:54:45','2024-10-25 22:54:45');

--
-- Table structure for table `payment`
--

CREATE TABLE `payment` (
  `id` bigint unsigned NOT NULL AUTO_INCREMENT,
  `event_id` bigint unsigned NOT NULL,
  `user_id` bigint unsigned DEFAULT NULL,
  `ticket_id` bigint unsigned NOT NULL,
  `amount` double NOT NULL,
  `cash_amount` double DEFAULT '0',
  `mpesa_amount` double DEFAULT '0',
  `gross_amount` double NOT NULL,
  `payment_method` enum('CASH','MPESA','MPESA_CASH') COLLATE utf8mb4_unicode_ci NOT NULL DEFAULT 'CASH',
  `is_attended` tinyint NOT NULL DEFAULT '0',
  `created_at` timestamp NULL DEFAULT NULL,
  `updated_at` timestamp NULL DEFAULT NULL,
  PRIMARY KEY (`id`),
  KEY `payment_event_id_foreign` (`event_id`),
  KEY `payment_user_id_foreign` (`user_id`),
  KEY `payment_ticket_id_foreign` (`ticket_id`),
  CONSTRAINT `payment_event_id_foreign` FOREIGN KEY (`event_id`) REFERENCES `event` (`id`) ON DELETE CASCADE,
  CONSTRAINT `payment_ticket_id_foreign` FOREIGN KEY (`ticket_id`) REFERENCES `ticket` (`id`) ON DELETE CASCADE,
  CONSTRAINT `payment_user_id_foreign` FOREIGN KEY (`user_id`) REFERENCES `user` (`id`) ON DELETE CASCADE
) ENGINE=InnoDB AUTO_INCREMENT=129 DEFAULT CHARSET=utf8mb4 COLLATE=utf8mb4_unicode_ci;

--
-- Dumping data for table `payment`
--

INSERT INTO `payment` VALUES (1,1,NULL,2,6,6,6,6,'MPESA',0,'2024-10-24 19:31:02','2024-10-24 19:31:02'),(2,1,NULL,1,2,2,2,2,'MPESA',0,'2024-10-24 19:40:15','2024-10-24 19:40:15'),(3,1,NULL,1,1,1,1,1,'MPESA',0,'2024-10-24 19:49:19','2024-10-24 19:49:19'),(4,1,NULL,1,3,3,3,3,'MPESA',0,'2024-10-24 19:51:50','2024-10-24 19:51:50'),(5,1,NULL,1,3,3,3,3,'MPESA',1,'2024-10-24 19:52:13','2024-10-24 19:53:03'),(6,1,NULL,1,1,1,1,1,'MPESA',0,'2024-10-24 19:53:55','2024-10-24 19:53:55'),(7,1,NULL,1,1,1,1,1,'MPESA',0,'2024-10-24 19:56:36','2024-10-24 19:56:36'),(8,1,NULL,1,2,2,2,2,'MPESA',0,'2024-10-24 19:58:15','2024-10-24 19:58:15'),(9,1,NULL,1,1,1,1,1,'MPESA',0,'2024-10-24 20:16:43','2024-10-24 20:16:43'),(10,1,NULL,1,1,1,1,1,'MPESA',0,'2024-10-24 20:28:59','2024-10-24 20:28:59'),(11,1,NULL,1,2,2,2,2,'MPESA',0,'2024-10-24 20:56:21','2024-10-24 20:56:21'),(12,1,NULL,1,1,1,1,1,'MPESA',0,'2024-10-24 21:16:23','2024-10-24 21:16:23'),(13,1,NULL,2,2,2,2,2,'MPESA',1,'2024-10-24 21:19:42','2024-10-24 21:42:50'),(14,1,NULL,2,2,2,2,2,'MPESA',0,'2024-10-24 21:20:29','2024-10-24 21:20:29'),(15,1,NULL,1,1,1,1,1,'MPESA',0,'2024-10-24 21:56:02','2024-10-24 21:56:02'),(16,1,NULL,2,2,2,2,2,'MPESA',0,'2024-10-24 22:18:58','2024-10-24 22:18:58'),(17,1,NULL,1,100,100,100,100,'MPESA',0,'2024-10-24 22:49:45','2024-10-24 22:49:45'),(18,1,NULL,2,200,200,200,200,'MPESA',0,'2024-10-24 22:50:02','2024-10-24 22:50:02'),(19,1,NULL,2,200,200,200,200,'MPESA',0,'2024-10-24 22:50:40','2024-10-24 22:50:40'),(20,1,NULL,1,100,100,100,100,'MPESA',0,'2024-10-24 22:59:11','2024-10-24 22:59:11'),(21,1,NULL,1,100,100,100,100,'MPESA',0,'2024-10-24 23:13:43','2024-10-24 23:13:43'),(22,1,NULL,1,100,100,100,100,'MPESA',0,'2024-10-25 08:58:46','2024-10-25 08:58:46'),(23,1,NULL,2,200,200,200,200,'MPESA',0,'2024-10-25 09:01:33','2024-10-25 09:01:33'),(24,1,NULL,2,200,200,200,200,'MPESA',0,'2024-10-25 15:28:22','2024-10-25 15:28:22'),(25,1,NULL,2,200,200,200,200,'MPESA',0,'2024-10-25 15:28:55','2024-10-25 15:28:55'),(26,1,NULL,1,100,100,100,100,'MPESA',0,'2024-10-25 18:41:07','2024-10-25 18:41:07'),(27,1,NULL,2,200,200,200,200,'MPESA',0,'2024-10-25 18:45:49','2024-10-25 18:45:49'),(28,1,NULL,2,200,200,200,200,'MPESA',0,'2024-10-25 18:51:29','2024-10-25 18:51:29'),(29,1,NULL,1,100,100,100,100,'MPESA',0,'2024-10-25 19:08:46','2024-10-25 19:08:46'),(30,1,NULL,3,1500,1500,1500,1500,'MPESA',0,'2024-10-25 19:33:41','2024-10-25 19:33:41'),(31,1,NULL,1,100,100,100,100,'MPESA',0,'2024-10-25 19:59:30','2024-10-25 19:59:30'),(32,1,NULL,2,200,200,200,200,'MPESA',0,'2024-10-25 20:04:27','2024-10-25 20:04:27'),(33,1,NULL,2,200,200,200,200,'MPESA',0,'2024-10-25 20:16:49','2024-10-25 20:16:49'),(34,1,NULL,1,100,100,100,100,'MPESA',0,'2024-10-25 20:17:12','2024-10-25 20:17:12'),(35,1,NULL,2,200,200,200,200,'MPESA',0,'2024-10-25 20:18:12','2024-10-25 20:18:12'),(36,1,NULL,1,100,100,100,100,'MPESA',0,'2024-10-25 20:18:39','2024-10-25 20:18:39'),(37,1,NULL,4,3000,3000,3000,3000,'MPESA',0,'2024-10-25 20:23:44','2024-10-25 20:23:44'),(38,1,NULL,1,100,100,100,100,'MPESA',0,'2024-10-25 20:24:30','2024-10-25 20:24:30'),(39,1,NULL,1,200,200,200,200,'MPESA',0,'2024-10-25 20:25:53','2024-10-25 20:25:53'),(40,1,NULL,1,100,100,100,100,'MPESA',0,'2024-10-25 20:26:07','2024-10-25 20:26:07'),(41,1,NULL,2,200,200,200,200,'MPESA',0,'2024-10-25 20:27:34','2024-10-25 20:27:34'),(42,1,NULL,1,100,100,100,100,'MPESA',0,'2024-10-25 20:29:45','2024-10-25 20:29:45'),(43,1,NULL,1,100,100,100,100,'MPESA',0,'2024-10-25 20:30:11','2024-10-25 20:30:11'),(45,1,NULL,1,100,100,100,100,'MPESA',0,'2024-10-25 20:30:57','2024-10-25 20:30:57'),(46,1,NULL,1,100,100,100,100,'MPESA',0,'2024-10-25 20:33:36','2024-10-25 20:33:36'),(47,1,NULL,1,100,100,100,100,'MPESA',0,'2024-10-25 20:33:51','2024-10-25 20:33:51'),(48,1,NULL,1,500,500,500,500,'MPESA',0,'2024-10-25 20:34:04','2024-10-25 20:34:04'),(49,1,NULL,1,100,100,100,100,'MPESA',0,'2024-10-25 20:35:08','2024-10-25 20:35:08'),(50,1,NULL,1,100,100,100,100,'MPESA',0,'2024-10-25 20:35:31','2024-10-25 20:35:31'),(51,1,NULL,2,200,200,200,200,'MPESA',0,'2024-10-25 20:36:37','2024-10-25 20:36:37'),(52,1,NULL,1,100,100,100,100,'MPESA',0,'2024-10-25 20:37:12','2024-10-25 20:37:12'),(53,1,NULL,1,100,100,100,100,'MPESA',0,'2024-10-25 20:37:57','2024-10-25 20:37:57'),(54,1,NULL,1,100,100,100,100,'MPESA',0,'2024-10-25 20:41:40','2024-10-25 20:41:40'),(55,1,NULL,1,100,100,100,100,'MPESA',0,'2024-10-25 20:43:31','2024-10-25 20:43:31'),(56,1,NULL,3,1500,1500,1500,1500,'MPESA',0,'2024-10-25 20:43:53','2024-10-25 20:43:53'),(57,1,NULL,1,100,100,100,100,'MPESA',0,'2024-10-25 20:44:49','2024-10-25 20:44:49'),(58,1,NULL,1,100,100,100,100,'MPESA',0,'2024-10-25 20:45:09','2024-10-25 20:45:09'),(59,1,NULL,1,100,100,100,100,'MPESA',0,'2024-10-25 20:45:45','2024-10-25 20:45:45'),(60,1,NULL,1,200,200,200,200,'MPESA',0,'2024-10-25 20:46:15','2024-10-25 20:46:15'),(61,1,NULL,1,100,100,100,100,'MPESA',0,'2024-10-25 20:46:44','2024-10-25 20:46:44'),(62,1,NULL,1,100,100,100,100,'MPESA',0,'2024-10-25 20:46:50','2024-10-25 20:46:50'),(63,1,NULL,1,100,100,100,100,'MPESA',0,'2024-10-25 20:46:53','2024-10-25 20:46:53'),(64,1,NULL,4,3000,3000,3000,3000,'MPESA',0,'2024-10-25 20:47:29','2024-10-25 20:47:29'),(65,1,NULL,1,100,100,100,100,'MPESA',0,'2024-10-25 20:48:03','2024-10-25 20:48:03'),(66,1,NULL,1,100,100,100,100,'MPESA',0,'2024-10-25 20:48:13','2024-10-25 20:48:13'),(67,1,NULL,2,200,200,200,200,'MPESA',0,'2024-10-25 20:50:48','2024-10-25 20:50:48'),(68,1,NULL,1,100,100,100,100,'MPESA',0,'2024-10-25 20:51:54','2024-10-25 20:51:54'),(69,1,NULL,1,100,100,100,100,'MPESA',0,'2024-10-25 20:52:26','2024-10-25 20:52:26'),(70,1,NULL,1,100,100,100,100,'MPESA',0,'2024-10-25 20:52:40','2024-10-25 20:52:40'),(71,1,NULL,1,100,100,100,100,'MPESA',0,'2024-10-25 20:54:03','2024-10-25 20:54:03'),(72,1,NULL,2,400,400,400,400,'MPESA',0,'2024-10-25 20:54:40','2024-10-25 20:54:40'),(73,1,NULL,1,100,100,100,100,'MPESA',0,'2024-10-25 20:56:05','2024-10-25 20:56:05'),(74,1,NULL,1,100,100,100,100,'MPESA',0,'2024-10-25 20:57:41','2024-10-25 20:57:41'),(75,1,NULL,1,100,100,100,100,'MPESA',0,'2024-10-25 20:58:02','2024-10-25 20:58:02'),(76,1,NULL,2,200,200,200,200,'MPESA',0,'2024-10-25 20:58:27','2024-10-25 20:58:27'),(77,1,NULL,1,100,100,100,100,'MPESA',0,'2024-10-25 20:58:43','2024-10-25 20:58:43'),(78,1,NULL,1,100,100,100,100,'MPESA',0,'2024-10-25 20:59:18','2024-10-25 20:59:18'),(79,1,NULL,1,100,100,100,100,'MPESA',0,'2024-10-25 21:00:33','2024-10-25 21:00:33'),(80,1,NULL,1,100,100,100,100,'MPESA',0,'2024-10-25 21:02:06','2024-10-25 21:02:06'),(81,1,NULL,1,100,100,100,100,'MPESA',0,'2024-10-25 21:03:08','2024-10-25 21:03:08'),(82,1,NULL,1,100,100,100,100,'MPESA',0,'2024-10-25 21:07:18','2024-10-25 21:07:18'),(83,1,NULL,1,100,100,100,100,'MPESA',0,'2024-10-25 21:07:56','2024-10-25 21:07:56'),(84,1,NULL,1,100,100,100,100,'MPESA',0,'2024-10-25 21:15:57','2024-10-25 21:15:57'),(85,1,NULL,1,100,100,100,100,'MPESA',0,'2024-10-25 21:17:56','2024-10-25 21:17:56'),(86,1,NULL,3,1500,1500,1500,1500,'MPESA',0,'2024-10-25 21:17:58','2024-10-25 21:17:58'),(87,1,NULL,1,100,100,100,100,'MPESA',0,'2024-10-25 21:18:24','2024-10-25 21:18:24'),(88,1,NULL,2,200,200,200,200,'MPESA',0,'2024-10-25 21:19:17','2024-10-25 21:19:17'),(89,1,NULL,1,500,500,500,500,'MPESA',0,'2024-10-25 21:19:40','2024-10-25 21:19:40'),(91,1,NULL,1,100,100,100,100,'MPESA',0,'2024-10-25 21:26:23','2024-10-25 21:26:23'),(92,1,NULL,2,200,200,200,200,'MPESA',0,'2024-10-25 21:26:50','2024-10-25 21:26:50'),(94,1,NULL,1,100,100,100,100,'MPESA',0,'2024-10-25 21:29:20','2024-10-25 21:29:20'),(95,1,NULL,1,100,100,100,100,'MPESA',0,'2024-10-25 21:29:26','2024-10-25 21:29:26'),(96,1,NULL,1,100,100,100,100,'MPESA',0,'2024-10-25 21:31:02','2024-10-25 21:31:02'),(97,1,NULL,2,200,200,200,200,'MPESA',0,'2024-10-25 21:31:17','2024-10-25 21:31:17'),(98,1,NULL,2,200,200,200,200,'MPESA',0,'2024-10-25 21:32:19','2024-10-25 21:32:19'),(99,1,NULL,1,100,100,100,100,'MPESA',0,'2024-10-25 21:33:39','2024-10-25 21:33:39'),(100,1,NULL,1,100,100,100,100,'MPESA',0,'2024-10-25 21:37:02','2024-10-25 21:37:02'),(101,1,NULL,1,100,100,100,100,'MPESA',0,'2024-10-25 21:42:15','2024-10-25 21:42:15'),(102,1,NULL,1,100,100,100,100,'MPESA',0,'2024-10-25 21:42:29','2024-10-25 21:42:29'),(103,1,NULL,1,100,100,100,100,'MPESA',0,'2024-10-25 21:42:48','2024-10-25 21:42:48'),(104,1,NULL,1,100,100,100,100,'MPESA',0,'2024-10-25 21:44:29','2024-10-25 21:44:29'),(105,1,NULL,1,100,100,100,100,'MPESA',0,'2024-10-25 21:45:20','2024-10-25 21:45:20'),(107,1,NULL,2,200,200,200,200,'MPESA',0,'2024-10-25 21:46:54','2024-10-25 21:46:54'),(108,1,NULL,4,6000,6000,6000,6000,'MPESA',0,'2024-10-25 21:51:56','2024-10-25 21:51:56'),(109,1,NULL,2,200,200,200,200,'MPESA',0,'2024-10-25 21:52:22','2024-10-25 21:52:22'),(110,1,NULL,2,200,200,200,200,'MPESA',0,'2024-10-25 21:53:57','2024-10-25 21:53:57'),(111,1,NULL,1,100,100,100,100,'MPESA',0,'2024-10-25 22:00:31','2024-10-25 22:00:31'),(112,1,NULL,1,100,100,100,100,'MPESA',0,'2024-10-25 22:08:22','2024-10-25 22:08:22'),(113,1,NULL,4,3000,3000,3000,3000,'MPESA',0,'2024-10-25 22:09:58','2024-10-25 22:09:58'),(114,1,NULL,1,100,100,100,100,'MPESA',0,'2024-10-25 22:24:06','2024-10-25 22:24:06'),(115,1,NULL,1,100,100,100,100,'MPESA',0,'2024-10-25 22:25:24','2024-10-25 22:25:24'),(116,1,NULL,1,100,100,100,100,'MPESA',0,'2024-10-25 22:28:32','2024-10-25 22:28:32'),(117,1,NULL,1,100,100,100,100,'MPESA',0,'2024-10-25 22:32:02','2024-10-25 22:32:02'),(118,1,NULL,1,100,100,100,100,'MPESA',0,'2024-10-25 22:32:48','2024-10-25 22:32:48'),(119,1,NULL,1,100,100,100,100,'MPESA',0,'2024-10-25 22:39:06','2024-10-25 22:39:06'),(120,1,NULL,1,100,100,100,100,'MPESA',0,'2024-10-25 22:39:39','2024-10-25 22:39:39'),(121,1,NULL,1,100,100,100,100,'MPESA',0,'2024-10-25 22:41:37','2024-10-25 22:41:37'),(123,1,NULL,2,200,200,200,200,'MPESA',0,'2024-10-25 22:47:52','2024-10-25 22:47:52'),(124,1,NULL,1,200,200,200,200,'MPESA',0,'2024-10-25 22:54:32','2024-10-25 22:54:32'),(125,1,NULL,1,100,100,100,100,'MPESA',0,'2024-10-25 23:01:04','2024-10-25 23:01:04'),(126,1,NULL,1,100,100,100,100,'MPESA',0,'2024-10-25 23:16:12','2024-10-25 23:16:12'),(127,1,NULL,2,200,200,200,200,'MPESA',0,'2024-10-25 23:26:23','2024-10-25 23:26:23'),(128,1,NULL,1,200,200,200,200,'MPESA',0,'2024-10-25 23:26:57','2024-10-25 23:26:57');

--
-- Table structure for table `permissions`
--

CREATE TABLE `permissions` (
  `id` bigint unsigned NOT NULL AUTO_INCREMENT,
  `name` varchar(255) COLLATE utf8mb4_unicode_ci NOT NULL,
  `guard_name` varchar(255) COLLATE utf8mb4_unicode_ci NOT NULL,
  `created_at` timestamp NULL DEFAULT NULL,
  `updated_at` timestamp NULL DEFAULT NULL,
  PRIMARY KEY (`id`),
  UNIQUE KEY `permissions_name_guard_name_unique` (`name`,`guard_name`)
) ENGINE=InnoDB AUTO_INCREMENT=2 DEFAULT CHARSET=utf8mb4 COLLATE=utf8mb4_unicode_ci;

--
-- Dumping data for table `permissions`
--

INSERT INTO `permissions` VALUES (1,'add_user','web','2024-10-24 19:24:16','2024-10-24 19:24:16');

--
-- Table structure for table `person`
--

CREATE TABLE `person` (
  `id` bigint unsigned NOT NULL AUTO_INCREMENT,
  `username` varchar(255) COLLATE utf8mb4_unicode_ci DEFAULT NULL,
  `name` varchar(255) COLLATE utf8mb4_unicode_ci DEFAULT NULL,
  `phonenumber` varchar(255) COLLATE utf8mb4_unicode_ci DEFAULT NULL,
  `secondaryphone` varchar(255) COLLATE utf8mb4_unicode_ci DEFAULT NULL,
  `age` varchar(255) COLLATE utf8mb4_unicode_ci DEFAULT NULL,
  `national_id` varchar(255) COLLATE utf8mb4_unicode_ci DEFAULT NULL,
  `gender` varchar(255) COLLATE utf8mb4_unicode_ci DEFAULT NULL,
  `created_at` timestamp NULL DEFAULT NULL,
  `updated_at` timestamp NULL DEFAULT NULL,
  PRIMARY KEY (`id`)
) ENGINE=InnoDB AUTO_INCREMENT=9 DEFAULT CHARSET=utf8mb4 COLLATE=utf8mb4_unicode_ci;

--
-- Dumping data for table `person`
--

INSERT INTO `person` VALUES (1,'reichel.dena','Mrs. Maida Emmerich Jr.','+1-830-863-6175',NULL,'30','39133','Female','2024-10-24 19:24:17','2024-10-24 19:24:17'),(2,'little.cassidy','Lilyan Rutherford','430-850-8736',NULL,'41','3042','Female','2024-10-24 19:24:17','2024-10-24 19:24:17'),(3,'willms.eldred','Jo Bayer','+17198525232',NULL,'30','25253265','Female','2024-10-24 19:24:17','2024-10-24 19:24:17'),(4,'bogan.clemens','Eriberto Hegmann','(310) 793-4761',NULL,'30','351331274','Female','2024-10-24 19:24:17','2024-10-24 19:24:17'),(5,'nolan.lura','Layne Walsh','(860) 399-0549',NULL,'24','99126','Female','2024-10-24 19:24:17','2024-10-24 19:24:17'),(6,'urunte','Willa West','657.877.5699',NULL,'38','638449','Male','2024-10-24 19:24:18','2024-10-24 19:24:18'),(7,'Gitonga@gmail.com','Gitonga','0728831405',NULL,'38','25224263','male','2024-10-24 19:49:47','2024-10-24 19:49:47'),(8,'admin','Admin','+1 (872) 968-9491',NULL,'100','848','male','2024-10-25 23:59:28','2024-10-25 23:59:28');

--
-- Table structure for table `role_has_permissions`
--

CREATE TABLE `role_has_permissions` (
  `permission_id` bigint unsigned NOT NULL,
  `role_id` bigint unsigned NOT NULL,
  PRIMARY KEY (`permission_id`,`role_id`),
  KEY `role_has_permissions_role_id_foreign` (`role_id`),
  CONSTRAINT `role_has_permissions_permission_id_foreign` FOREIGN KEY (`permission_id`) REFERENCES `permissions` (`id`) ON DELETE CASCADE,
  CONSTRAINT `role_has_permissions_role_id_foreign` FOREIGN KEY (`role_id`) REFERENCES `roles` (`id`) ON DELETE CASCADE
) ENGINE=InnoDB DEFAULT CHARSET=utf8mb4 COLLATE=utf8mb4_unicode_ci;

--
-- Dumping data for table `role_has_permissions`
--

INSERT INTO `role_has_permissions` VALUES (1,2);

--
-- Table structure for table `roles`
--

CREATE TABLE `roles` (
  `id` bigint unsigned NOT NULL AUTO_INCREMENT,
  `name` varchar(255) COLLATE utf8mb4_unicode_ci NOT NULL,
  `guard_name` varchar(255) COLLATE utf8mb4_unicode_ci NOT NULL,
  `created_at` timestamp NULL DEFAULT NULL,
  `updated_at` timestamp NULL DEFAULT NULL,
  PRIMARY KEY (`id`),
  UNIQUE KEY `roles_name_guard_name_unique` (`name`,`guard_name`)
) ENGINE=InnoDB AUTO_INCREMENT=5 DEFAULT CHARSET=utf8mb4 COLLATE=utf8mb4_unicode_ci;

--
-- Dumping data for table `roles`
--

INSERT INTO `roles` VALUES (1,'super_admin','web','2024-10-24 19:24:15','2024-10-24 19:24:15'),(2,'admin','web','2024-10-24 19:24:15','2024-10-24 19:24:15'),(3,'clerk','web','2024-10-24 19:24:15','2024-10-24 19:24:15'),(4,'user','web','2024-10-24 19:24:15','2024-10-24 19:24:15');

--
-- Table structure for table `sessions`
--

CREATE TABLE `sessions` (
  `id` varchar(255) COLLATE utf8mb4_unicode_ci NOT NULL,
  `user_id` bigint unsigned DEFAULT NULL,
  `ip_address` varchar(45) COLLATE utf8mb4_unicode_ci DEFAULT NULL,
  `user_agent` text COLLATE utf8mb4_unicode_ci,
  `payload` longtext COLLATE utf8mb4_unicode_ci NOT NULL,
  `last_activity` int NOT NULL,
  PRIMARY KEY (`id`),
  KEY `sessions_user_id_index` (`user_id`),
  KEY `sessions_last_activity_index` (`last_activity`)
) ENGINE=InnoDB DEFAULT CHARSET=utf8mb4 COLLATE=utf8mb4_unicode_ci;

--
-- Dumping data for table `sessions`
--

INSERT INTO `sessions` VALUES ('0IJ7ZE5wQ1mxMByKOjm4hhPaUtGmRL6KFNKopQ4s',NULL,'41.90.178.127','Mozilla/5.0 (Linux; Android 14; TECNO KJ7 Build/UP1A.231005.007; wv) AppleWebKit/537.36 (KHTML, like Gecko) Version/4.0 Chrome/130.0.6723.24 Mobile Safari/537.36 [FB_IAB/FB4A;FBAV/486.0.0.66.70;IABMV/1;]','YTozOntzOjY6Il90b2tlbiI7czo0MDoiOGVrY0tPS0RnOFdJcmZZZ083RDg2Qnc5WW5FTU9FY3NsTjVwckE1SyI7czo5OiJfcHJldmlvdXMiO2E6MTp7czozOiJ1cmwiO3M6MTUwOiJodHRwczovL3RpY2tldHMuM2tmYy5jby5rZS8/ZmJjbGlkPUl3WTJ4amF3R0kwMUJsZUhSdUEyRmxiUUl4TVFBQkhWSTd6dzNGLUNVSnVibEI2R25XUHp1Ym9IYjVBa2g2RmFnMVJNS1lSN0EwM2N3RHJXUHhLQU9zVndfYWVtX3hreC1mbUNvdXhlNlZhLTJKdDdPd1EiO31zOjY6Il9mbGFzaCI7YToyOntzOjM6Im9sZCI7YTowOnt9czozOiJuZXciO2E6MDp7fX19',1729885184),('0obyB7WygR0g46aGaAoOQwYEXaebljXJCxuJxweY',NULL,'102.68.76.245','Mozilla/5.0 (Linux; Android 14; SM-A145F Build/UP1A.231005.007; wv) AppleWebKit/537.36 (KHTML, like Gecko) Version/4.0 Chrome/129.0.6668.100 Mobile Safari/537.36 [FBAN/EMA;FBLC/en_GB;FBAV/430.0.0.4.109;FBCX/modulariab;]','YTozOntzOjY6Il90b2tlbiI7czo0MDoiZmJSSGZmUFdJNTByeU9qQldwc3c3TXVLOFZZR0w5RlFsTXlIMkJtMyI7czo5OiJfcHJldmlvdXMiO2E6MTp7czozOiJ1cmwiO3M6MTM5OiJodHRwczovL3RpY2tldHMuM2tmYy5jby5rZS8/ZmJjbGlkPUl3WlhoMGJnTmhaVzBDTVRFQUFSM0VBY0s3QmRPaGlUTjNGUG5ON193Z2ZpRlhYdm5NWkxYZ0dENHAzeVJlZ0hSQmJDMW5JU3JIRUZVX2FlbV9MNDJBc29MSFh3NEs4MXQ0YXFyTkhRIjt9czo2OiJfZmxhc2giO2E6Mjp7czozOiJvbGQiO2E6MDp7fXM6MzoibmV3IjthOjA6e319fQ==',1729887166),('1B6Juh5sSI4dm9oHA1tIk6f82dKTGzjzNSg8w7DF',NULL,'196.250.215.137','Mozilla/5.0 (Linux; Android 11; TECNO KG5k Build/RP1A.201005.001; wv) AppleWebKit/537.36 (KHTML, like Gecko) Version/4.0 Chrome/129.0.6668.102 Mobile Safari/537.36 [FBAN/EMA;FBLC/en_GB;FBAV/430.0.0.4.109;FBCX/modulariab;]','YTozOntzOjY6Il90b2tlbiI7czo0MDoiYVNkcnBuTzZOeE9EVWJnbmtJd0l1VzNNam5yM1EyVmlYQ2xmUTRiRyI7czo5OiJfcHJldmlvdXMiO2E6MTp7czozOiJ1cmwiO3M6MTM5OiJodHRwczovL3RpY2tldHMuM2tmYy5jby5rZS8/ZmJjbGlkPUl3WlhoMGJnTmhaVzBDTVRFQUFSMUNjakNCdC1uVlFoa3ItX1BubUt5bXRhQnZSbng2U1RPQU00WFBKOVpscnh2Sl9JcGZYdUtaekkwX2FlbV9rTE5QYUVxM1E1ZnpHVWhVZ3BZMVZ3Ijt9czo2OiJfZmxhc2giO2E6Mjp7czozOiJvbGQiO2E6MDp7fXM6MzoibmV3IjthOjA6e319fQ==',1729884361),('1P2ZUehpvV0Q8CppUAtMdwepcwWRvhRGBwBDdwg5',NULL,'102.219.209.76','Mozilla/5.0 (Linux; Android 10; K) AppleWebKit/537.36 (KHTML, like Gecko) Chrome/130.0.0.0 Mobile Safari/537.36','YTozOntzOjY6Il90b2tlbiI7czo0MDoia0FKck5oQVlpOFJHeUx1RDlFYWhrbnBQb05HUnQzeFVPa0I3cnVPWiI7czo5OiJfcHJldmlvdXMiO2E6MTp7czozOiJ1cmwiO3M6NTA6Imh0dHBzOi8vdGlja2V0cy4za2ZjLmNvLmtlL2d1ZXN0X3B1cmNoYXNlX3RpY2tldC8xIjt9czo2OiJfZmxhc2giO2E6Mjp7czozOiJvbGQiO2E6MDp7fXM6MzoibmV3IjthOjA6e319fQ==',1729886671),('1QWG1MYo7w3eobNgbrx5Aywch44wNFmQ7uT4s3fc',NULL,'66.249.68.37','Mozilla/5.0 (Linux; Android 6.0.1; Nexus 5X Build/MMB29P) AppleWebKit/537.36 (KHTML, like Gecko) Chrome/130.0.6723.69 Mobile Safari/537.36 (compatible; Googlebot/2.1; +http://www.google.com/bot.html)','YTozOntzOjY6Il90b2tlbiI7czo0MDoiMkYzaXRCdnF3bERFdHk1clVrSHFVSU14OWNuRnNLNlNtVjF0QnpuVCI7czo5OiJfcHJldmlvdXMiO2E6MTp7czozOiJ1cmwiO3M6NDA6Imh0dHBzOi8vdGlja2V0cy4za2ZjLmNvLmtlL2d1ZXN0L2V2ZW50LzEiO31zOjY6Il9mbGFzaCI7YToyOntzOjM6Im9sZCI7YTowOnt9czozOiJuZXciO2E6MDp7fX19',1729886268),('1yn6J59KRbJdzjfxT3DpHSudkVqkSzqZDd0YeHFK',NULL,'41.90.5.5','Mozilla/5.0 (Linux; Android 11; Nokia C21 Build/RP1A.201005.001; wv) AppleWebKit/537.36 (KHTML, like Gecko) Version/4.0 Chrome/129.0.6668.100 Mobile Safari/537.36[FBAN/EMA;FBLC/en_GB;FBAV/429.0.0.15.106;FBCX/modulariab;]','YTozOntzOjY6Il90b2tlbiI7czo0MDoiNXVvT0d1N0hRMmx0YVRFOGx5M0t6cUFvaXg4U2tURkZ3Z0RvT0hCRiI7czo5OiJfcHJldmlvdXMiO2E6MTp7czozOiJ1cmwiO3M6MTM5OiJodHRwczovL3RpY2tldHMuM2tmYy5jby5rZS8/ZmJjbGlkPUl3WlhoMGJnTmhaVzBDTVRFQUFSMG8xOWVJQzJEVXlNWE9XOHBsMWdjZUNYbk1TUll2WGdfempaYzRUdzA1c194SXJtX1lCU210MGM0X2FlbV9kLXF5MmxITlRkbWtQejQ3aEV0Tjh3Ijt9czo2OiJfZmxhc2giO2E6Mjp7czozOiJvbGQiO2E6MDp7fXM6MzoibmV3IjthOjA6e319fQ==',1729886067),('2D0UFEjKp4HwyKYTK4ADfOrZkgHdxphub1XgvBDs',NULL,'173.252.95.26','facebookexternalhit/1.1 (+http://www.facebook.com/externalhit_uatext.php)','YTozOntzOjY6Il90b2tlbiI7czo0MDoib2JBOGl1eGRBT25sYzJJbFZuYWJEd0h1RFJuZHRqcXZONDNNN0ZTUyI7czo5OiJfcHJldmlvdXMiO2E6MTp7czozOiJ1cmwiO3M6MjY6Imh0dHBzOi8vdGlja2V0cy4za2ZjLmNvLmtlIjt9czo2OiJfZmxhc2giO2E6Mjp7czozOiJvbGQiO2E6MDp7fXM6MzoibmV3IjthOjA6e319fQ==',1729884528),('3PI0XVaKYXtfEInSVxkttZMV4793fsVtStOkdjtB',NULL,'102.0.10.156','Mozilla/5.0 (Linux; Android 10; K) AppleWebKit/537.36 (KHTML, like Gecko) Chrome/130.0.0.0 Mobile Safari/537.36','YTozOntzOjY6Il90b2tlbiI7czo0MDoiVHBvcEdQSU00N29Wckw1ekxSVXJzTlZtOUZsTUJxTW1tVDhLenk3SyI7czo5OiJfcHJldmlvdXMiO2E6MTp7czozOiJ1cmwiO3M6MjY6Imh0dHBzOi8vdGlja2V0cy4za2ZjLmNvLmtlIjt9czo2OiJfZmxhc2giO2E6Mjp7czozOiJvbGQiO2E6MDp7fXM6MzoibmV3IjthOjA6e319fQ==',1729884165),('3sVAl55p60Rl1l3qiggVYmUijwg4hjzM4MN13Yt5',NULL,'51.15.164.30','Mozilla/5.0 (Macintosh; Intel Mac OS X 10_14_0) AppleWebKit/537.36 (KHTML, like Gecko) Chrome/70.0.3538.67 Safari/537.36','YToyOntzOjY6Il90b2tlbiI7czo0MDoiME9wVlVCMThxWVlmV3J6UFdGcVpCNEJWTEhYeVdtMm5pQU9DWnpmWSI7czo2OiJfZmxhc2giO2E6Mjp7czozOiJvbGQiO2E6MDp7fXM6MzoibmV3IjthOjA6e319fQ==',1729887177),('4MMq3kjeALiwFiufZRkj8rLjqjNR3MliQNyOXGJO',NULL,'196.96.53.15','Mozilla/5.0 (iPhone; CPU iPhone OS 15_8_3 like Mac OS X) AppleWebKit/605.1.15 (KHTML, like Gecko) Mobile/19H386 [FBAN/FBIOS;FBAV/486.0.0.61.91;FBBV/652941574;FBDV/iPhone8,1;FBMD/iPhone;FBSN/iOS;FBSV/15.8.3;FBSS/2;FBID/phone;FBLC/en_GB;FBOP/5;FBRV/655833757;IABMV/1]','YTozOntzOjY6Il90b2tlbiI7czo0MDoiczEyeFdtcU16SE1Bb29aWTNCRGNheEFuSFdhODZGbTBsM251ZnhTayI7czo5OiJfcHJldmlvdXMiO2E6MTp7czozOiJ1cmwiO3M6NDA6Imh0dHBzOi8vdGlja2V0cy4za2ZjLmNvLmtlL2d1ZXN0L2V2ZW50LzEiO31zOjY6Il9mbGFzaCI7YToyOntzOjM6Im9sZCI7YTowOnt9czozOiJuZXciO2E6MDp7fX19',1729885985),('4WDlzHn9WYRIxfhR7qlMutd601ZpuYDvcx5oAkdV',NULL,'41.139.244.159','Mozilla/5.0 (Linux; Android 10; K) AppleWebKit/537.36 (KHTML, like Gecko) Chrome/130.0.0.0 Mobile Safari/537.36','YTozOntzOjY6Il90b2tlbiI7czo0MDoiQjI3N0ZLRjhZWHpKTW5GVEJrWDlIV09oY2pFOW1odmZCOTg0bXE0TCI7czo5OiJfcHJldmlvdXMiO2E6MTp7czozOiJ1cmwiO3M6MjY6Imh0dHBzOi8vdGlja2V0cy4za2ZjLmNvLmtlIjt9czo2OiJfZmxhc2giO2E6Mjp7czozOiJvbGQiO2E6MDp7fXM6MzoibmV3IjthOjA6e319fQ==',1729884867),('4XbMwyKGsjxvOr5rZMmfeN4XSm1sbWfN2xNErOXi',NULL,'102.219.209.76','Mozilla/5.0 (Linux; Android 10; K) AppleWebKit/537.36 (KHTML, like Gecko) Chrome/129.0.0.0 Mobile Safari/537.36','YTozOntzOjY6Il90b2tlbiI7czo0MDoiSEhOOFpINUd4cmlTSm5xU1o3UGZLdHBQemp1dGVzam9BRUxnTkE2bSI7czo5OiJfcHJldmlvdXMiO2E6MTp7czozOiJ1cmwiO3M6MjY6Imh0dHBzOi8vdGlja2V0cy4za2ZjLmNvLmtlIjt9czo2OiJfZmxhc2giO2E6Mjp7czozOiJvbGQiO2E6MDp7fXM6MzoibmV3IjthOjA6e319fQ==',1729884663),('4xpV4JIA7NhJzUELrrVDHx7BdVsiOxdxypfUm6YK',NULL,'41.90.5.188','Mozilla/5.0 (Linux; Android 11; TECNO LE6 Build/RP1A.200720.011; wv) AppleWebKit/537.36 (KHTML, like Gecko) Version/4.0 Chrome/129.0.6668.100 Mobile Safari/537.36[FBAN/EMA;FBLC/en_US;FBAV/429.0.0.15.106;FBCX/modulariab;]','YTozOntzOjY6Il90b2tlbiI7czo0MDoiV0FCN2FqY25GVGsxSTJMSGZ0b1RBZEhjU3U2SVB4ZWFCM2dXUGZmcCI7czo5OiJfcHJldmlvdXMiO2E6MTp7czozOiJ1cmwiO3M6NTA6Imh0dHBzOi8vdGlja2V0cy4za2ZjLmNvLmtlL2d1ZXN0X3B1cmNoYXNlX3RpY2tldC8xIjt9czo2OiJfZmxhc2giO2E6Mjp7czozOiJvbGQiO2E6MDp7fXM6MzoibmV3IjthOjA6e319fQ==',1729885769),('5dUJaByRSPvli9VS92CDoUc8zNAvg50MRcru7YcX',NULL,'197.248.109.97','Mozilla/5.0 (Linux; Android 10; K) AppleWebKit/537.36 (KHTML, like Gecko) Chrome/130.0.0.0 Mobile Safari/537.36','YTozOntzOjY6Il90b2tlbiI7czo0MDoiTUlTdnlLU3B1bmZLOVJKYUxUVFg0R1BnVXBuTEV1VnlVaExBR0ZGQyI7czo5OiJfcHJldmlvdXMiO2E6MTp7czozOiJ1cmwiO3M6NDA6Imh0dHBzOi8vdGlja2V0cy4za2ZjLmNvLmtlL2d1ZXN0L2V2ZW50LzEiO31zOjY6Il9mbGFzaCI7YToyOntzOjM6Im9sZCI7YTowOnt9czozOiJuZXciO2E6MDp7fX19',1729886029),('5gz8acnphC1WT5WX89QJPbG3QJDGoA9vPWcdoBVf',NULL,'196.250.215.100','Mozilla/5.0 (Linux; Android 10; K) AppleWebKit/537.36 (KHTML, like Gecko) Chrome/130.0.0.0 Mobile Safari/537.36','YTozOntzOjY6Il90b2tlbiI7czo0MDoiMnMyRGhVVkdlSWFlU2pyOWxvazhLZERYR01Ld1VSU0hERE1VNjVJZSI7czo5OiJfcHJldmlvdXMiO2E6MTp7czozOiJ1cmwiO3M6NTA6Imh0dHBzOi8vdGlja2V0cy4za2ZjLmNvLmtlL2d1ZXN0X3B1cmNoYXNlX3RpY2tldC8yIjt9czo2OiJfZmxhc2giO2E6Mjp7czozOiJvbGQiO2E6MDp7fXM6MzoibmV3IjthOjA6e319fQ==',1729885674),('5KRC5gUcjaV1pKPDFLpKWBsaAGVTb0BGYjLLaIu5',NULL,'102.7.176.81','Mozilla/5.0 (Linux; Android 10; K) AppleWebKit/537.36 (KHTML, like Gecko) Chrome/129.0.0.0 Mobile Safari/537.36','YTozOntzOjY6Il90b2tlbiI7czo0MDoiQmRhbk1nb3kzZWZONjd2QkJ0N0FmVkhZVzhQallEWG9UdHJEU3RoUyI7czo5OiJfcHJldmlvdXMiO2E6MTp7czozOiJ1cmwiO3M6NDA6Imh0dHBzOi8vdGlja2V0cy4za2ZjLmNvLmtlL2d1ZXN0L2V2ZW50LzEiO31zOjY6Il9mbGFzaCI7YToyOntzOjM6Im9sZCI7YTowOnt9czozOiJuZXciO2E6MDp7fX19',1729890056),('6pWF1C3tch06X9I8kyopQHYRJ7gZV6NRvDfxBbNi',NULL,'102.0.10.26','Mozilla/5.0 (Linux; Android 10; K) AppleWebKit/537.36 (KHTML, like Gecko) Chrome/130.0.0.0 Mobile Safari/537.36','YTozOntzOjY6Il90b2tlbiI7czo0MDoiUU1PdmlRaGFMYW9mYlZlOHVrWEd3QjlPMnhkenIyemVTejBKY0hIYSI7czo5OiJfcHJldmlvdXMiO2E6MTp7czozOiJ1cmwiO3M6NTA6Imh0dHBzOi8vdGlja2V0cy4za2ZjLmNvLmtlL2d1ZXN0X3B1cmNoYXNlX3RpY2tldC8xIjt9czo2OiJfZmxhc2giO2E6Mjp7czozOiJvbGQiO2E6MDp7fXM6MzoibmV3IjthOjA6e319fQ==',1729884360),('7m2LGd4BVUVQbPrSDmJygieeNc5jR8HavSwMIEuH',NULL,'41.90.217.112','Mozilla/5.0 (Linux; Android 11; TECNO KF6i Build/RP1A.200720.011; wv) AppleWebKit/537.36 (KHTML, like Gecko) Version/4.0 Chrome/129.0.6668.81 Mobile Safari/537.36[FBAN/EMA;FBLC/en_US;FBAV/411.0.0.10.112;]','YTozOntzOjY6Il90b2tlbiI7czo0MDoic2l2UEtybjJyVU4zWnVmeDBKazRzNHZDcmtJVWMxck41VHNPa3d5OCI7czo5OiJfcHJldmlvdXMiO2E6MTp7czozOiJ1cmwiO3M6NTA6Imh0dHBzOi8vdGlja2V0cy4za2ZjLmNvLmtlL2d1ZXN0X3B1cmNoYXNlX3RpY2tldC8xIjt9czo2OiJfZmxhc2giO2E6Mjp7czozOiJvbGQiO2E6MDp7fXM6MzoibmV3IjthOjA6e319fQ==',1729883374),('7QMg2jyKjLnPEJaXOMZwQ0x6j9I5QE7h7rxe2luN',NULL,'196.201.210.101','Mozilla/5.0 (Linux; Android 10; K) AppleWebKit/537.36 (KHTML, like Gecko) Chrome/129.0.0.0 Mobile Safari/537.36','YTozOntzOjY6Il90b2tlbiI7czo0MDoiZkFsYlg1aHRFdFdNaVJ2aU1sQTFjZW5kRVp0QVVxSzhxYzBwTXNmZCI7czo5OiJfcHJldmlvdXMiO2E6MTp7czozOiJ1cmwiO3M6NDA6Imh0dHBzOi8vdGlja2V0cy4za2ZjLmNvLmtlL2d1ZXN0L2V2ZW50LzEiO31zOjY6Il9mbGFzaCI7YToyOntzOjM6Im9sZCI7YTowOnt9czozOiJuZXciO2E6MDp7fX19',1729884950),('8AwrVzzwbKOerkvbpB58PQc3DEjITD5WrvIMmMyw',NULL,'105.160.36.103','Mozilla/5.0 (iPhone; CPU iPhone OS 16_2 like Mac OS X) AppleWebKit/605.1.15 (KHTML, like Gecko) Version/16.2 Mobile/15E148 Safari/604.1','YTozOntzOjY6Il90b2tlbiI7czo0MDoiZ1ljc1gyMnp4akFvSld4ZUNvQWc1QU05ZENIdzg0TERIMXVCRTRGOCI7czo5OiJfcHJldmlvdXMiO2E6MTp7czozOiJ1cmwiO3M6NDA6Imh0dHBzOi8vdGlja2V0cy4za2ZjLmNvLmtlL2d1ZXN0L2V2ZW50LzEiO31zOjY6Il9mbGFzaCI7YToyOntzOjM6Im9sZCI7YTowOnt9czozOiJuZXciO2E6MDp7fX19',1729885136),('8BY3C3mdJ60WOUd3HUJBJOHiXCGc42w0fIXWh4KC',NULL,'104.28.154.121','Mozilla/5.0 (Linux; Android 11; RMX3269 Build/RP1A.201005.001; wv) AppleWebKit/537.36 (KHTML, like Gecko) Version/4.0 Chrome/129.0.6668.100 Mobile Safari/537.36[FBAN/EMA;FBLC/en_US;FBAV/420.0.0.14.107;]','YTozOntzOjY6Il90b2tlbiI7czo0MDoiQmpWMmVSQ1VMRk1SU2JYZVNWR1YySUxYYzBvMHRxQ2h5akJWTURtbyI7czo5OiJfcHJldmlvdXMiO2E6MTp7czozOiJ1cmwiO3M6NTA6Imh0dHBzOi8vdGlja2V0cy4za2ZjLmNvLmtlL2d1ZXN0X3B1cmNoYXNlX3RpY2tldC8xIjt9czo2OiJfZmxhc2giO2E6Mjp7czozOiJvbGQiO2E6MDp7fXM6MzoibmV3IjthOjA6e319fQ==',1729885697),('8fjMXqMpnhmFPw62qEiQbnMnaSu6hlH7Zhf0iivR',NULL,'41.90.123.3','Mozilla/5.0 (Linux; Android 11; 220233L2G Build/RP1A.200720.011; wv) AppleWebKit/537.36 (KHTML, like Gecko) Version/4.0 Chrome/129.0.6668.100 Mobile Safari/537.36 [FBAN/EMA;FBLC/en_GB;FBAV/430.0.0.4.109;FBCX/modulariab;]','YTozOntzOjY6Il90b2tlbiI7czo0MDoiU2JLRVROcEhvZ1paOU9KamR1Wk9peVVWd3hUMmtLcmJwcmlueUhpbiI7czo5OiJfcHJldmlvdXMiO2E6MTp7czozOiJ1cmwiO3M6NDA6Imh0dHBzOi8vdGlja2V0cy4za2ZjLmNvLmtlL2d1ZXN0L2V2ZW50LzEiO31zOjY6Il9mbGFzaCI7YToyOntzOjM6Im9sZCI7YTowOnt9czozOiJuZXciO2E6MDp7fX19',1729885140),('8ze1AbU3CPPsXWpPnlZ18JsgSgqzHP5hHp8lgi1Y',NULL,'104.152.52.81','','YTozOntzOjY6Il90b2tlbiI7czo0MDoiQzliVlpoMGNVNnR3OU55MU5sUkdzem0zT1ZWWmhQcERFdmJCaVpLZyI7czo5OiJfcHJldmlvdXMiO2E6MTp7czozOiJ1cmwiO3M6MjY6Imh0dHBzOi8vdGlja2V0cy4za2ZjLmNvLmtlIjt9czo2OiJfZmxhc2giO2E6Mjp7czozOiJvbGQiO2E6MDp7fXM6MzoibmV3IjthOjA6e319fQ==',1729888940),('98Qxq0WZ1Xle1zUBGBNZehzM11EIP47ZyehwZEBs',NULL,'102.0.3.66','Mozilla/5.0 (Linux; Android 10; K) AppleWebKit/537.36 (KHTML, like Gecko) Chrome/130.0.0.0 Mobile Safari/537.36','YTozOntzOjY6Il90b2tlbiI7czo0MDoidEQ2UUhCSU8yQTBNUm5RcHJ0WWFLaU1DR1NERllaR3g2SmNmZVdtbiI7czo5OiJfcHJldmlvdXMiO2E6MTp7czozOiJ1cmwiO3M6NDA6Imh0dHBzOi8vdGlja2V0cy4za2ZjLmNvLmtlL2d1ZXN0L2V2ZW50LzEiO31zOjY6Il9mbGFzaCI7YToyOntzOjM6Im9sZCI7YTowOnt9czozOiJuZXciO2E6MDp7fX19',1729889747),('9mTr65bmLv8oIV0c7dd73RmmNoOK7uJ7PaxJ6alh',NULL,'154.159.254.1','Mozilla/5.0 (Linux; Android 10; K) AppleWebKit/537.36 (KHTML, like Gecko) Chrome/119.0.0.0 Mobile Safari/537.36','YTozOntzOjY6Il90b2tlbiI7czo0MDoidWxHNVRBUU5ISmx3TzFUWWZrRDZmZjY5MzRiOTVHNEZtMm1FRDhabiI7czo5OiJfcHJldmlvdXMiO2E6MTp7czozOiJ1cmwiO3M6NTA6Imh0dHBzOi8vdGlja2V0cy4za2ZjLmNvLmtlL2d1ZXN0X3B1cmNoYXNlX3RpY2tldC8xIjt9czo2OiJfZmxhc2giO2E6Mjp7czozOiJvbGQiO2E6MDp7fXM6MzoibmV3IjthOjA6e319fQ==',1729884575),('aa6fny1j7UwQPahJ4N4wkE2IJMsAX1vR6NF4gElF',NULL,'31.13.115.10','facebookexternalhit/1.1 (+http://www.facebook.com/externalhit_uatext.php)','YTozOntzOjY6Il90b2tlbiI7czo0MDoiV0h3b2xxQW9UT2tUU3ppNFFHdjlJbUI2QXBZS005MjUxVmFaTENqSCI7czo5OiJfcHJldmlvdXMiO2E6MTp7czozOiJ1cmwiO3M6MjY6Imh0dHBzOi8vdGlja2V0cy4za2ZjLmNvLmtlIjt9czo2OiJfZmxhc2giO2E6Mjp7czozOiJvbGQiO2E6MDp7fXM6MzoibmV3IjthOjA6e319fQ==',1729886797),('aCCKpWhxbDfFXKOhUWV2JTp4hRdU4RpsC54934Rr',NULL,'102.219.209.138','Mozilla/5.0 (Windows NT 10.0; Win64; x64) AppleWebKit/537.36 (KHTML, like Gecko) Chrome/130.0.0.0 Safari/537.36 Edg/130.0.0.0','YTozOntzOjY6Il90b2tlbiI7czo0MDoiUzZFY3NqazRwclR2dTRGYlFyQUxXMkNvck9ET1ZuZkE0Q1cwVjBQOSI7czo5OiJfcHJldmlvdXMiO2E6MTp7czozOiJ1cmwiO3M6NTA6Imh0dHBzOi8vdGlja2V0cy4za2ZjLmNvLmtlL2d1ZXN0X3B1cmNoYXNlX3RpY2tldC80Ijt9czo2OiJfZmxhc2giO2E6Mjp7czozOiJvbGQiO2E6MDp7fXM6MzoibmV3IjthOjA6e319fQ==',1729883222),('ACisSSiQijW6QaifBI8wuSRmMN0D5o6Qd6CmhQ6E',NULL,'164.92.183.148','','YTozOntzOjY6Il90b2tlbiI7czo0MDoiVTR0cGNiYmdDMkZldWFodWhJb1hvS090RkQ3V1hWVGJJOFhOTnc5MiI7czo5OiJfcHJldmlvdXMiO2E6MTp7czozOiJ1cmwiO3M6MjY6Imh0dHBzOi8vdGlja2V0cy4za2ZjLmNvLmtlIjt9czo2OiJfZmxhc2giO2E6Mjp7czozOiJvbGQiO2E6MDp7fXM6MzoibmV3IjthOjA6e319fQ==',1729888369),('AiXt72eo5rqwKTgx4nFoIGxAd3kvvuBHfSANG3dJ',NULL,'41.139.163.73','Mozilla/5.0 (Linux; Android 10; K) AppleWebKit/537.36 (KHTML, like Gecko) Chrome/130.0.0.0 Mobile Safari/537.36','YTozOntzOjY6Il90b2tlbiI7czo0MDoiRGJ2UngzNVZWczZsRThqbE9CQ2tobUo2eFMwOXdUb2pqOVEzTEJKViI7czo5OiJfcHJldmlvdXMiO2E6MTp7czozOiJ1cmwiO3M6NDA6Imh0dHBzOi8vdGlja2V0cy4za2ZjLmNvLmtlL2d1ZXN0L2V2ZW50LzEiO31zOjY6Il9mbGFzaCI7YToyOntzOjM6Im9sZCI7YTowOnt9czozOiJuZXciO2E6MDp7fX19',1729884909),('asNfQoQb10qJeTPedxC3KNZGXYHzerDuUIbxudvv',NULL,'196.250.215.191','Mozilla/5.0 (Linux; Android 13; itel A665L Build/TP1A.220624.014; wv) AppleWebKit/537.36 (KHTML, like Gecko) Version/4.0 Chrome/130.0.6723.24 Mobile Safari/537.36 [FB_IAB/FB4A;FBAV/486.0.0.66.70;IABMV/1;] FBNV/5','YTozOntzOjY6Il90b2tlbiI7czo0MDoiV0V2NXRRNGFxbUl3UktTMVV5Qm1peTVTS2FneU5obzA3ZTdmOGcwdiI7czo5OiJfcHJldmlvdXMiO2E6MTp7czozOiJ1cmwiO3M6MTUwOiJodHRwczovL3RpY2tldHMuM2tmYy5jby5rZS8/ZmJjbGlkPUl3WTJ4amF3R0kwZlpsZUhSdUEyRmxiUUl4TVFBQkhjOW5mQmxaUEhWSzB4bEsycTFwNFBlNjNOd2g4WGVfN282UFVNVjkzM0JvWEZDMXlPb2htZU1VTUFfYWVtX3M1c0E3R0ViWl9yTXNHQXJENnpjQUEiO31zOjY6Il9mbGFzaCI7YToyOntzOjM6Im9sZCI7YTowOnt9czozOiJuZXciO2E6MDp7fX19',1729884858),('aT97YalMAopc1SlkruepwENFFdH0i7c5vVruqqyl',NULL,'154.159.237.163','Mozilla/5.0 (Linux; Android 10; K) AppleWebKit/537.36 (KHTML, like Gecko) Chrome/129.0.0.0 Mobile Safari/537.36','YTozOntzOjY6Il90b2tlbiI7czo0MDoiT2ZYVTNWRjQxT2JoVHdjNHNTT3NTT2NZWDJURVhhTzEwQ3daRFEyNiI7czo5OiJfcHJldmlvdXMiO2E6MTp7czozOiJ1cmwiO3M6NDA6Imh0dHBzOi8vdGlja2V0cy4za2ZjLmNvLmtlL2d1ZXN0L2V2ZW50LzEiO31zOjY6Il9mbGFzaCI7YToyOntzOjM6Im9sZCI7YTowOnt9czozOiJuZXciO2E6MDp7fX19',1729886637),('b090n2mqezb6wdZCgN5oL8T8czAERXOZpNVOYFzK',NULL,'51.158.171.23','Mozilla/5.0 (Linux; Android 10; K) AppleWebKit/537.36 (KHTML, like Gecko) Chrome/130.0.0.0 Mobile Safari/537.36','YTozOntzOjY6Il90b2tlbiI7czo0MDoiZTNhMDFObmk1alp6WjRpdEZncENNYlNPNVlGUDlPdVBxS1pNRUhEMiI7czo5OiJfcHJldmlvdXMiO2E6MTp7czozOiJ1cmwiO3M6NTA6Imh0dHBzOi8vdGlja2V0cy4za2ZjLmNvLmtlL2d1ZXN0X3B1cmNoYXNlX3RpY2tldC80Ijt9czo2OiJfZmxhc2giO2E6Mjp7czozOiJvbGQiO2E6MDp7fXM6MzoibmV3IjthOjA6e319fQ==',1729883399),('b7ZUOz3g8bguhYF24HVDEaNDLnyfryglk63dh7Bk',NULL,'154.159.252.251','Mozilla/5.0 (Linux; Android 10; K) AppleWebKit/537.36 (KHTML, like Gecko) Chrome/130.0.0.0 Mobile Safari/537.36','YTozOntzOjY6Il90b2tlbiI7czo0MDoiUXEySjhYaEpHMTN5WVJrbEVnSnlvQ0Q3ejVVTXlzemVaREZLNnkweCI7czo5OiJfcHJldmlvdXMiO2E6MTp7czozOiJ1cmwiO3M6MjY6Imh0dHBzOi8vdGlja2V0cy4za2ZjLmNvLmtlIjt9czo2OiJfZmxhc2giO2E6Mjp7czozOiJvbGQiO2E6MDp7fXM6MzoibmV3IjthOjA6e319fQ==',1729885107),('bRGmHSyVXS2tE0tN7UZS9HflG77PK654DEtkNEWy',NULL,'66.249.68.35','Mozilla/5.0 (compatible; Googlebot/2.1; +http://www.google.com/bot.html)','YTozOntzOjY6Il90b2tlbiI7czo0MDoiWkZDakx1T05XcW12WjRrV3pmYjdMQWtIcElvMGFmVk1IZ0VFdndzZCI7czo5OiJfcHJldmlvdXMiO2E6MTp7czozOiJ1cmwiO3M6NTA6Imh0dHBzOi8vdGlja2V0cy4za2ZjLmNvLmtlL2d1ZXN0X3B1cmNoYXNlX3RpY2tldC8yIjt9czo2OiJfZmxhc2giO2E6Mjp7czozOiJvbGQiO2E6MDp7fXM6MzoibmV3IjthOjA6e319fQ==',1729886396),('Bsg4sEw7W02HoKznl18E9mOeuBx3wXi6ddPZVeI1',NULL,'66.249.68.36','Mozilla/5.0 (compatible; Googlebot/2.1; +http://www.google.com/bot.html)','YTozOntzOjY6Il90b2tlbiI7czo0MDoieHd4cWZYN3pvVEVqOVo5cUlCVExUWFRnODMyVGtVQWczWFkwYldBMSI7czo5OiJfcHJldmlvdXMiO2E6MTp7czozOiJ1cmwiO3M6NTA6Imh0dHBzOi8vdGlja2V0cy4za2ZjLmNvLmtlL2d1ZXN0X3B1cmNoYXNlX3RpY2tldC80Ijt9czo2OiJfZmxhc2giO2E6Mjp7czozOiJvbGQiO2E6MDp7fXM6MzoibmV3IjthOjA6e319fQ==',1729886398),('bTxGs8j8lobD9upVQSnZ9ShOohHQHvHitVqdvT6g',NULL,'102.219.209.76','Mozilla/5.0 (Linux; Android 10; K) AppleWebKit/537.36 (KHTML, like Gecko) Chrome/129.0.0.0 Safari/537.36','YTozOntzOjY6Il90b2tlbiI7czo0MDoibHozanJ6U1pCcmZ6MkJQRHhQc3BVNDJISnB5c3drSXFoeE1rTzRscCI7czo5OiJfcHJldmlvdXMiO2E6MTp7czozOiJ1cmwiO3M6NDA6Imh0dHBzOi8vdGlja2V0cy4za2ZjLmNvLmtlL2d1ZXN0L2V2ZW50LzEiO31zOjY6Il9mbGFzaCI7YToyOntzOjM6Im9sZCI7YTowOnt9czozOiJuZXciO2E6MDp7fX19',1729885886),('BYP0Q7UAUm46hWpjHPBXYYXwSAgQhilsbmot0Nol',NULL,'66.249.68.36','Mozilla/5.0 (compatible; Googlebot/2.1; +http://www.google.com/bot.html)','YTozOntzOjY6Il90b2tlbiI7czo0MDoiemZ4VDJzNlB2Y0Y5cnk0d1Y4UmhITncxTVpiRWxjTlN4T1ZFNGI1RCI7czo5OiJfcHJldmlvdXMiO2E6MTp7czozOiJ1cmwiO3M6NDA6Imh0dHBzOi8vdGlja2V0cy4za2ZjLmNvLmtlL2d1ZXN0L2V2ZW50LzEiO31zOjY6Il9mbGFzaCI7YToyOntzOjM6Im9sZCI7YTowOnt9czozOiJuZXciO2E6MDp7fX19',1729886265),('c4zKAqzYySsBdJILC5EOzP9iMeMmcL94rIazIF57',NULL,'102.211.145.97','WhatsApp/2.23.20.0','YTozOntzOjY6Il90b2tlbiI7czo0MDoiWkc4NTAySFd5ZG1DNWNEU1BLbEN3ZEx6SHBIcUUweFQxWHNPd29rMyI7czo5OiJfcHJldmlvdXMiO2E6MTp7czozOiJ1cmwiO3M6MTM5OiJodHRwczovL3RpY2tldHMuM2tmYy5jby5rZS8/ZmJjbGlkPUl3WlhoMGJnTmhaVzBDTVRFQUFSMlBJbVdUOGU2Y1VBNkh0OWY1b0dDVFloUUxGSGFfZzJWWnItV19sUVlWSFFja0NTRHVIaTM1RFh3X2FlbV81amZCYzh6X2t3dzFfZGJhNk1GbDJRIjt9czo2OiJfZmxhc2giO2E6Mjp7czozOiJvbGQiO2E6MDp7fXM6MzoibmV3IjthOjA6e319fQ==',1729886295),('C5TtU6Jr7VHC7tRsIOclRxX9F07e2k48S3ehmD7q',NULL,'105.163.0.54','Mozilla/5.0 (Linux; Android 13; Infinix X6525 Build/TP1A.220624.014; wv) AppleWebKit/537.36 (KHTML, like Gecko) Version/4.0 Chrome/129.0.6668.102 Mobile Safari/537.36 [FBAN/EMA;FBLC/en_US;FBAV/430.0.0.4.109;FBCX/modulariab;]','YTozOntzOjY6Il90b2tlbiI7czo0MDoiTFI0cVBJa3hDeW9NWTJLdnpRVm80SkhxWjduS3ExQzA0NkxhOXBTciI7czo5OiJfcHJldmlvdXMiO2E6MTp7czozOiJ1cmwiO3M6NTA6Imh0dHBzOi8vdGlja2V0cy4za2ZjLmNvLmtlL2d1ZXN0X3B1cmNoYXNlX3RpY2tldC8xIjt9czo2OiJfZmxhc2giO2E6Mjp7czozOiJvbGQiO2E6MDp7fXM6MzoibmV3IjthOjA6e319fQ==',1729884513),('c5wPOuO1to5vrH39T01vGZm3soaF4nYgCwU373DF',NULL,'105.160.11.245','Mozilla/5.0 (Linux; Android 10; K) AppleWebKit/537.36 (KHTML, like Gecko) Chrome/129.0.0.0 Mobile Safari/537.36','YTozOntzOjY6Il90b2tlbiI7czo0MDoiS2l6OFBjRVcwejJVMWltckpuS0I3cVZGa0VKMms1QXhGQjBrcGNMeiI7czo5OiJfcHJldmlvdXMiO2E6MTp7czozOiJ1cmwiO3M6MjY6Imh0dHBzOi8vdGlja2V0cy4za2ZjLmNvLmtlIjt9czo2OiJfZmxhc2giO2E6Mjp7czozOiJvbGQiO2E6MDp7fXM6MzoibmV3IjthOjA6e319fQ==',1729884944),('cmSjjECY9g5jgKsaw8fzlLFOkXS0tetjwFDh3rIk',NULL,'66.249.68.37','Mozilla/5.0 (Linux; Android 6.0.1; Nexus 5X Build/MMB29P) AppleWebKit/537.36 (KHTML, like Gecko) Chrome/130.0.6723.69 Mobile Safari/537.36 (compatible; Googlebot/2.1; +http://www.google.com/bot.html)','YTozOntzOjY6Il90b2tlbiI7czo0MDoid2N4SlJDVmF1c2pPSDlFYXRMT2s5VnBJSFFLVG1MaEI4SG1sajE2dSI7czo5OiJfcHJldmlvdXMiO2E6MTp7czozOiJ1cmwiO3M6NTA6Imh0dHBzOi8vdGlja2V0cy4za2ZjLmNvLmtlL2d1ZXN0X3B1cmNoYXNlX3RpY2tldC80Ijt9czo2OiJfZmxhc2giO2E6Mjp7czozOiJvbGQiO2E6MDp7fXM6MzoibmV3IjthOjA6e319fQ==',1729886399),('DaEOWUTrxmpd9HrPrH9VTEhrmxmN2vHkwKRUgbaC',NULL,'41.90.4.67','Mozilla/5.0 (Linux; Android 10; K) AppleWebKit/537.36 (KHTML, like Gecko) Chrome/130.0.0.0 Mobile Safari/537.36','YTozOntzOjY6Il90b2tlbiI7czo0MDoidGhzMlRLV1FHdGZoYmdoVDNpZVhaSkRqZ1hDTDRxUE9BUE5sekpNZyI7czo5OiJfcHJldmlvdXMiO2E6MTp7czozOiJ1cmwiO3M6NTA6Imh0dHBzOi8vdGlja2V0cy4za2ZjLmNvLmtlL2d1ZXN0X3B1cmNoYXNlX3RpY2tldC8yIjt9czo2OiJfZmxhc2giO2E6Mjp7czozOiJvbGQiO2E6MDp7fXM6MzoibmV3IjthOjA6e319fQ==',1729887984),('dbmf2423t0vIMv9fxq0L6ngUQ5ren0H2stlnBtlS',NULL,'196.97.0.77','Mozilla/5.0 (Linux; Android 10; K) AppleWebKit/537.36 (KHTML, like Gecko) Chrome/130.0.0.0 Mobile Safari/537.36','YTozOntzOjY6Il90b2tlbiI7czo0MDoiNGtrS3pXdzBMZXdLeUZBUVd6T25GNFBTbUl4Q0gyUUxrb2pwd2YydiI7czo5OiJfcHJldmlvdXMiO2E6MTp7czozOiJ1cmwiO3M6NDA6Imh0dHBzOi8vdGlja2V0cy4za2ZjLmNvLmtlL2d1ZXN0L2V2ZW50LzEiO31zOjY6Il9mbGFzaCI7YToyOntzOjM6Im9sZCI7YTowOnt9czozOiJuZXciO2E6MDp7fX19',1729884927),('e6g5TgzdUXLLirVDVjOikV7x45vKPrXgFntFnUlq',NULL,'154.122.76.42','Mozilla/5.0 (Linux; Android 10; itel P681L Build/QP1A.190711.020; wv) AppleWebKit/537.36 (KHTML, like Gecko) Version/4.0 Chrome/129.0.6668.100 Mobile Safari/537.36 [FBAN/EMA;FBLC/en_US;FBAV/430.0.0.4.109;FBCX/modulariab;]','YTozOntzOjY6Il90b2tlbiI7czo0MDoiczNrZGpXVG1FZ1d2anJrSVFENVNEYUhzUTAxS2ZmcUpMd3NqS3pLNiI7czo5OiJfcHJldmlvdXMiO2E6MTp7czozOiJ1cmwiO3M6MTM5OiJodHRwczovL3RpY2tldHMuM2tmYy5jby5rZS8/ZmJjbGlkPUl3WlhoMGJnTmhaVzBDTVRFQUFSMHNqcGpTZi05a0Rsd0x2c3ZHa2JLdldKOEpMNlVQaURYcmtTd2ZoMnFaQ1BTMFdWb0JTWFlMdVZnX2FlbV9vMHpoYW51eUNvWW1RcmprVmNjVWZBIjt9czo2OiJfZmxhc2giO2E6Mjp7czozOiJvbGQiO2E6MDp7fXM6MzoibmV3IjthOjA6e319fQ==',1729885633),('ECiNqJIrmkBqfSRg4KkQjoAsPFlcFZHQIUxVXTsv',NULL,'154.79.109.162','Mozilla/5.0 (Linux; Android 10; K) AppleWebKit/537.36 (KHTML, like Gecko) Chrome/130.0.0.0 Mobile Safari/537.36','YTozOntzOjY6Il90b2tlbiI7czo0MDoiTGh3TmlZYm5YdWNTMzVFd1k5YlF6Q2l6S0duem5tem5aUzBQbWZBMSI7czo5OiJfcHJldmlvdXMiO2E6MTp7czozOiJ1cmwiO3M6NTA6Imh0dHBzOi8vdGlja2V0cy4za2ZjLmNvLmtlL2d1ZXN0X3B1cmNoYXNlX3RpY2tldC8xIjt9czo2OiJfZmxhc2giO2E6Mjp7czozOiJvbGQiO2E6MDp7fXM6MzoibmV3IjthOjA6e319fQ==',1729883072),('fb1GBtEA6pauxoMTOm8QzIe0C7IV5qcEuuSLuOdT',NULL,'154.159.252.104','Mozilla/5.0 (Linux; Android 10; K) AppleWebKit/537.36 (KHTML, like Gecko) Chrome/130.0.0.0 Mobile Safari/537.36','YTozOntzOjY6Il90b2tlbiI7czo0MDoiTWRUTzQwSlBxaEVuVGo4TDV4aHJsOG9LUTdmTGpDQmZTYnl3Wmx0ZiI7czo5OiJfcHJldmlvdXMiO2E6MTp7czozOiJ1cmwiO3M6NDA6Imh0dHBzOi8vdGlja2V0cy4za2ZjLmNvLmtlL2d1ZXN0L2V2ZW50LzEiO31zOjY6Il9mbGFzaCI7YToyOntzOjM6Im9sZCI7YTowOnt9czozOiJuZXciO2E6MDp7fX19',1729886362),('FEX911hCS2Ky2tpOcrmsCJMlGnsa3wTRnnXIvCw4',NULL,'41.90.5.38','Mozilla/5.0 (Linux; Android 12; SM-A127F Build/SP1A.210812.016; wv) AppleWebKit/537.36 (KHTML, like Gecko) Version/4.0 Chrome/129.0.6668.100 Mobile Safari/537.36 [FB_IAB/FB4A;FBAV/485.0.0.70.77;IABMV/1;]','YTozOntzOjY6Il90b2tlbiI7czo0MDoiOEpaVmpubmtBNUZiMUZVQWVwWlRRSkFXQjkzUmhNZkN5bkZmcnFoYyI7czo5OiJfcHJldmlvdXMiO2E6MTp7czozOiJ1cmwiO3M6NTA6Imh0dHBzOi8vdGlja2V0cy4za2ZjLmNvLmtlL2d1ZXN0X3B1cmNoYXNlX3RpY2tldC8yIjt9czo2OiJfZmxhc2giO2E6Mjp7czozOiJvbGQiO2E6MDp7fXM6MzoibmV3IjthOjA6e319fQ==',1729884619),('fjwqu4rgnkyPlI0lxRbo3LfCe9C3gTnBq5ChGhEe',NULL,'104.152.52.81','','YTozOntzOjY6Il90b2tlbiI7czo0MDoiOFUyUUp5ZlJSY2xBcFhUVW5PVG9IMWowU0huSlZhUzNZb3lpMm9MZSI7czo5OiJfcHJldmlvdXMiO2E6MTp7czozOiJ1cmwiO3M6MjM6Imh0dHBzOi8vMTAyLjIxMi4yNDUuMTI5Ijt9czo2OiJfZmxhc2giO2E6Mjp7czozOiJvbGQiO2E6MDp7fXM6MzoibmV3IjthOjA6e319fQ==',1729888941),('fOWS0eSmHLoQZ3oeysListOYJ10DnCZ3WM1LaUEk',NULL,'66.249.68.36','Mozilla/5.0 (Linux; Android 6.0.1; Nexus 5X Build/MMB29P) AppleWebKit/537.36 (KHTML, like Gecko) Chrome/130.0.6723.69 Mobile Safari/537.36 (compatible; Googlebot/2.1; +http://www.google.com/bot.html)','YTozOntzOjY6Il90b2tlbiI7czo0MDoiQVdUYW1TR2NDQXprRjhHYng3M3FJczFEN3l1aXRYMDhsdHFyVGpoYyI7czo5OiJfcHJldmlvdXMiO2E6MTp7czozOiJ1cmwiO3M6NTA6Imh0dHBzOi8vdGlja2V0cy4za2ZjLmNvLmtlL2d1ZXN0X3B1cmNoYXNlX3RpY2tldC8yIjt9czo2OiJfZmxhc2giO2E6Mjp7czozOiJvbGQiO2E6MDp7fXM6MzoibmV3IjthOjA6e319fQ==',1729886400),('Fu9iKlYN0KlAQDoWy8Q12fHnNZaU41kv5ABjihYF',NULL,'164.92.183.148','','YTozOntzOjY6Il90b2tlbiI7czo0MDoicHk0dUp6SzhCVjRMZUY5a3lsZGlzQ3kxR1BHalJPUk1SU0VMR1lyUCI7czo5OiJfcHJldmlvdXMiO2E6MTp7czozOiJ1cmwiO3M6MjM6Imh0dHBzOi8vMTAyLjIxMi4yNDUuMTI5Ijt9czo2OiJfZmxhc2giO2E6Mjp7czozOiJvbGQiO2E6MDp7fXM6MzoibmV3IjthOjA6e319fQ==',1729888373),('G7hXF2bUOzuMANxA6bRStIYRHnylieDRO1UMZJbN',NULL,'41.90.5.138','Mozilla/5.0 (Linux; Android 10; K) AppleWebKit/537.36 (KHTML, like Gecko) Chrome/130.0.0.0 Mobile Safari/537.36','YTozOntzOjY6Il90b2tlbiI7czo0MDoiUFB5aTNzOHFsUXZqSExIRHdaWEN5NVVOeFhYRlRMMEdtT0FHYUxOYSI7czo5OiJfcHJldmlvdXMiO2E6MTp7czozOiJ1cmwiO3M6MjY6Imh0dHBzOi8vdGlja2V0cy4za2ZjLmNvLmtlIjt9czo2OiJfZmxhc2giO2E6Mjp7czozOiJvbGQiO2E6MDp7fXM6MzoibmV3IjthOjA6e319fQ==',1729886878),('G89GrOpjn1YIkB5vXNIhJ0CGHbq5P14aF7wQKlzZ',NULL,'102.212.239.10','Mozilla/5.0 (Linux; Android 13; SM-A127F Build/TP1A.220624.014; wv) AppleWebKit/537.36 (KHTML, like Gecko) Version/4.0 Chrome/130.0.6723.58 Mobile Safari/537.36 [FBAN/EMA;FBLC/en_GB;FBAV/430.0.0.4.109;FBCX/modulariab;]','YTozOntzOjY6Il90b2tlbiI7czo0MDoicEJNaHVwWjJuY1dRblFpeTJ6Tm5ucjhvczFDRDA1QllKcEs2dEJQWSI7czo5OiJfcHJldmlvdXMiO2E6MTp7czozOiJ1cmwiO3M6MTM5OiJodHRwczovL3RpY2tldHMuM2tmYy5jby5rZS8/ZmJjbGlkPUl3WlhoMGJnTmhaVzBDTVRFQUFSMElFbHdCdkx3dVg1b2pKV3BWcGt5Ym1TNnBXalNxbEo0WHU3ZkdPbzhfMnE5ZjZHLS1vZHlTOEMwX2FlbV8xU0JNRzUwU0VuZnJRaGpLeU9uWDNBIjt9czo2OiJfZmxhc2giO2E6Mjp7czozOiJvbGQiO2E6MDp7fXM6MzoibmV3IjthOjA6e319fQ==',1729889023),('GAgUbj8w6PCRrVBTRgaNw42FiB7VpNsslZuoPgvz',NULL,'41.90.216.10','Mozilla/5.0 (Linux; Android 10; K) AppleWebKit/537.36 (KHTML, like Gecko) Chrome/130.0.0.0 Mobile Safari/537.36','YTozOntzOjY6Il90b2tlbiI7czo0MDoiUjQ5bHhCV0JKUjNOUVVrMkFXZ0pyZHBuVGZveVZYaGtFaDZ4b2hVSiI7czo5OiJfcHJldmlvdXMiO2E6MTp7czozOiJ1cmwiO3M6MjY6Imh0dHBzOi8vdGlja2V0cy4za2ZjLmNvLmtlIjt9czo2OiJfZmxhc2giO2E6Mjp7czozOiJvbGQiO2E6MDp7fXM6MzoibmV3IjthOjA6e319fQ==',1729883792),('gmJfvVil8aEzCmSrM4VFWhcR1ahBQwAq8xA42eD0',NULL,'105.163.1.189','Mozilla/5.0 (iPhone; CPU iPhone OS 18_1 like Mac OS X) AppleWebKit/605.1.15 (KHTML, like Gecko) Mobile/22B5069a [FBAN/FBIOS;FBAV/478.0.0.39.102;FBBV/634460570;FBDV/iPhone13,4;FBMD/iPhone;FBSN/iOS;FBSV/18.1;FBSS/3;FBID/phone;FBLC/en_GB;FBOP/5;FBRV/636998883;IABMV/1]','YTozOntzOjY6Il90b2tlbiI7czo0MDoiQVlia2tpUEJSV2RtU1VTYk1TamIyN21vYW5mRTlhUDRNT0JJQWhqMyI7czo5OiJfcHJldmlvdXMiO2E6MTp7czozOiJ1cmwiO3M6MTM5OiJodHRwczovL3RpY2tldHMuM2tmYy5jby5rZS8/ZmJjbGlkPUl3WlhoMGJnTmhaVzBDTVRFQUFSMnQ1UnhLV05wc0dfTFhyTklZM1F5OFduRHIxX3VlVUF3UFptZ0ZEVHdGanJnaE1XSW4zVUdQTGVnX2FlbV9vV04wZkNEVndLUS1XMDJHTTZrM1BBIjt9czo2OiJfZmxhc2giO2E6Mjp7czozOiJvbGQiO2E6MDp7fXM6MzoibmV3IjthOjA6e319fQ==',1729886164),('hb0g3cNVar0cgZJe08tzdaFvtp366yK33poSRrcv',NULL,'197.248.58.195','Mozilla/5.0 (Linux; Android 10; K) AppleWebKit/537.36 (KHTML, like Gecko) Chrome/130.0.0.0 Mobile Safari/537.36','YTozOntzOjY6Il90b2tlbiI7czo0MDoiNjJqaUpxY3VhQWNkOE83R2g0OThxTWRpMkFmTzd6SWdwblgyckdRVyI7czo5OiJfcHJldmlvdXMiO2E6MTp7czozOiJ1cmwiO3M6NDA6Imh0dHBzOi8vdGlja2V0cy4za2ZjLmNvLmtlL2d1ZXN0L2V2ZW50LzEiO31zOjY6Il9mbGFzaCI7YToyOntzOjM6Im9sZCI7YTowOnt9czozOiJuZXciO2E6MDp7fX19',1729885271),('Hf9g74p0fBy26g2ASHv84pyvhpnZayMwyYiaAv7R',NULL,'102.219.209.76','Mozilla/5.0 (Linux; Android 10; K) AppleWebKit/537.36 (KHTML, like Gecko) Chrome/130.0.0.0 Mobile Safari/537.36','YTozOntzOjY6Il90b2tlbiI7czo0MDoia2U2NVA5dGFVaFVlQTRjaUtVV0JVQjhSNktNdEdkeWluMXFDY1lNbiI7czo5OiJfcHJldmlvdXMiO2E6MTp7czozOiJ1cmwiO3M6NTA6Imh0dHBzOi8vdGlja2V0cy4za2ZjLmNvLmtlL2d1ZXN0X3B1cmNoYXNlX3RpY2tldC8xIjt9czo2OiJfZmxhc2giO2E6Mjp7czozOiJvbGQiO2E6MDp7fXM6MzoibmV3IjthOjA6e319fQ==',1729885147),('HsRwumSzWSqAql2PGM2Wb6DfjXy3NZqroOExgAKu',NULL,'51.158.244.239','Mozilla/5.0 (Linux; Android 10; K) AppleWebKit/537.36 (KHTML, like Gecko) Chrome/130.0.0.0 Mobile Safari/537.36','YTozOntzOjY6Il90b2tlbiI7czo0MDoiMmkyRHVudDUxU3c4akhPQkpBbk43enBGV2QzSjlNY21JcHY2QzJpMSI7czo5OiJfcHJldmlvdXMiO2E6MTp7czozOiJ1cmwiO3M6MjY6Imh0dHBzOi8vdGlja2V0cy4za2ZjLmNvLmtlIjt9czo2OiJfZmxhc2giO2E6Mjp7czozOiJvbGQiO2E6MDp7fXM6MzoibmV3IjthOjA6e319fQ==',1729883634),('hXLpxzA4oXe5T0Hq3HovJgNGnFQugmcMbEYImXYt',NULL,'105.160.36.103','Mozilla/5.0 (iPhone; CPU iPhone OS 16_2 like Mac OS X) AppleWebKit/605.1.15 (KHTML, like Gecko) Version/16.2 Mobile/15E148 Safari/604.1','YTozOntzOjY6Il90b2tlbiI7czo0MDoiRjVoZkNBdk9qN2MyTWNpVk1sN2UwZnpoZVdQcFJXc2FWdzJuamF5bSI7czo5OiJfcHJldmlvdXMiO2E6MTp7czozOiJ1cmwiO3M6MjY6Imh0dHBzOi8vdGlja2V0cy4za2ZjLmNvLmtlIjt9czo2OiJfZmxhc2giO2E6Mjp7czozOiJvbGQiO2E6MDp7fXM6MzoibmV3IjthOjA6e319fQ==',1729885123),('i2joGhOCPbvgEaLA1If4QtALO1AGtWqrxDIIjnPH',NULL,'102.219.208.41','Mozilla/5.0 (Linux; Android 10; Infinix X682B Build/QP1A.190711.020; wv) AppleWebKit/537.36 (KHTML, like Gecko) Version/4.0 Chrome/130.0.6723.24 Mobile Safari/537.36 [FB_IAB/FB4A;FBAV/486.0.0.66.70;IABMV/1;]','YTozOntzOjY6Il90b2tlbiI7czo0MDoiNXNva2hkNzB0dXlCT0JJTmIyd3FENWZBZ1JDTXJJVmRWaGZ5bFkyWSI7czo5OiJfcHJldmlvdXMiO2E6MTp7czozOiJ1cmwiO3M6NTA6Imh0dHBzOi8vdGlja2V0cy4za2ZjLmNvLmtlL2d1ZXN0X3B1cmNoYXNlX3RpY2tldC8xIjt9czo2OiJfZmxhc2giO2E6Mjp7czozOiJvbGQiO2E6MDp7fXM6MzoibmV3IjthOjA6e319fQ==',1729884722),('I6GVTCQhNlal7T0bwNnxe8UCP19vUmLXXEKMpDHg',NULL,'154.159.252.131','Mozilla/5.0 (Linux; Android 10; K) AppleWebKit/537.36 (KHTML, like Gecko) Chrome/130.0.0.0 Mobile Safari/537.36','YTozOntzOjY6Il90b2tlbiI7czo0MDoiejF1UGVHaHIxMVUyRllmTEVWNzZTYmdWRGVmVnhNNWtUZzltSVMwNSI7czo5OiJfcHJldmlvdXMiO2E6MTp7czozOiJ1cmwiO3M6NDA6Imh0dHBzOi8vdGlja2V0cy4za2ZjLmNvLmtlL2d1ZXN0L2V2ZW50LzEiO31zOjY6Il9mbGFzaCI7YToyOntzOjM6Im9sZCI7YTowOnt9czozOiJuZXciO2E6MDp7fX19',1729885571),('ibYd5X2Lc0wUsaH4aN887SPLU7EMiLowOUDq5igA',NULL,'154.159.252.233','Mozilla/5.0 (Linux; Android 10; Infinix X683 Build/QP1A.190711.020; wv) AppleWebKit/537.36 (KHTML, like Gecko) Version/4.0 Chrome/130.0.6723.24 Mobile Safari/537.36 [FB_IAB/FB4A;FBAV/486.0.0.66.70;IABMV/1;]','YTozOntzOjY6Il90b2tlbiI7czo0MDoibHZQT2RSYjgwZmVRNHZHRnJkc05NckJENnROTkxPQzN1UlhodEVsdSI7czo5OiJfcHJldmlvdXMiO2E6MTp7czozOiJ1cmwiO3M6NTA6Imh0dHBzOi8vdGlja2V0cy4za2ZjLmNvLmtlL2d1ZXN0X3B1cmNoYXNlX3RpY2tldC8xIjt9czo2OiJfZmxhc2giO2E6Mjp7czozOiJvbGQiO2E6MDp7fXM6MzoibmV3IjthOjA6e319fQ==',1729884247),('ik1nRDStee2cyiAl2Mw8HATIncXbv1fbn2zoErOZ',NULL,'105.163.157.208','WhatsApp/2.23.20.0','YTozOntzOjY6Il90b2tlbiI7czo0MDoiQlRNeUN3TFZiWHNwSVZ3R2pzSXpYUFBXbXNSNjYwbGtZUUhrblFRUCI7czo5OiJfcHJldmlvdXMiO2E6MTp7czozOiJ1cmwiO3M6NDk6Imh0dHBzOi8vdGlja2V0cy4za2ZjLmNvLmtlL2d1ZXN0L2V2ZW50LzE/c2Zuc249d2EiO31zOjY6Il9mbGFzaCI7YToyOntzOjM6Im9sZCI7YTowOnt9czozOiJuZXciO2E6MDp7fX19',1729886738),('ilDCPT1cCwTqW5zGGPAPCs0wxIYyIgYqOv6QwaID',NULL,'154.159.252.64','Mozilla/5.0 (Linux; Android 10; K) AppleWebKit/537.36 (KHTML, like Gecko) Chrome/129.0.0.0 Mobile Safari/537.36','YTozOntzOjY6Il90b2tlbiI7czo0MDoiT0hNVlRJejVaRUcxRkFwRXU0ckduSEdLdFB0ME0wU2UyTGFuR2VaWiI7czo5OiJfcHJldmlvdXMiO2E6MTp7czozOiJ1cmwiO3M6NTA6Imh0dHBzOi8vdGlja2V0cy4za2ZjLmNvLmtlL2d1ZXN0X3B1cmNoYXNlX3RpY2tldC8xIjt9czo2OiJfZmxhc2giO2E6Mjp7czozOiJvbGQiO2E6MDp7fXM6MzoibmV3IjthOjA6e319fQ==',1729886099),('iuvq1zntxSrLxGBBlaMmTNoAR2Du8Y3qycZN1EV9',NULL,'164.92.183.148','','YTozOntzOjY6Il90b2tlbiI7czo0MDoiWUhnRDhLRkR1b2w5b3NQbTNNTHBZSGd2eFBqVGE5YXl5SnozMHJhZiI7czo5OiJfcHJldmlvdXMiO2E6MTp7czozOiJ1cmwiO3M6MjY6Imh0dHBzOi8vdGlja2V0cy4za2ZjLmNvLmtlIjt9czo2OiJfZmxhc2giO2E6Mjp7czozOiJvbGQiO2E6MDp7fXM6MzoibmV3IjthOjA6e319fQ==',1729888372),('IXZxH11ZEfWzrDnKEjFlX5NAR5JXDmClkCNinirw',NULL,'216.128.0.34','Mozilla/5.0 (Linux; Android 10; K) AppleWebKit/537.36 (KHTML, like Gecko) Chrome/130.0.0.0 Mobile Safari/537.36','YTozOntzOjY6Il90b2tlbiI7czo0MDoiczBreEFSSDNQM0FDOU1tamVTb0s4Um5zV2t0bXAyN1dJV3p3WUFBSyI7czo5OiJfcHJldmlvdXMiO2E6MTp7czozOiJ1cmwiO3M6NDA6Imh0dHBzOi8vdGlja2V0cy4za2ZjLmNvLmtlL2d1ZXN0L2V2ZW50LzEiO31zOjY6Il9mbGFzaCI7YToyOntzOjM6Im9sZCI7YTowOnt9czozOiJuZXciO2E6MDp7fX19',1729888781),('J9B1eXk0jY8XIBVOUxBMmO5Xpm2NZzRvZs3MHPFi',NULL,'66.249.68.37','Mozilla/5.0 (compatible; Googlebot/2.1; +http://www.google.com/bot.html)','YTozOntzOjY6Il90b2tlbiI7czo0MDoiNDhha2FuZjZTRHgzQWdmUTV2alFka3hUaG5oeXpkczVtY3lXMXpCaCI7czo5OiJfcHJldmlvdXMiO2E6MTp7czozOiJ1cmwiO3M6MjY6Imh0dHBzOi8vdGlja2V0cy4za2ZjLmNvLmtlIjt9czo2OiJfZmxhc2giO2E6Mjp7czozOiJvbGQiO2E6MDp7fXM6MzoibmV3IjthOjA6e319fQ==',1729883656),('JKkB5Kxr77HvwawjdUpYmv7QiUN1w9CeMWP4K6E5',NULL,'102.215.77.50','Mozilla/5.0 (Linux; Android 10; K) AppleWebKit/537.36 (KHTML, like Gecko) Chrome/130.0.0.0 Mobile Safari/537.36','YTozOntzOjY6Il90b2tlbiI7czo0MDoiVmJZZk5uMlQ5MXdVSUcxRTNiNGRWbkFyOXJab056bFVYU3hFZEJMayI7czo5OiJfcHJldmlvdXMiO2E6MTp7czozOiJ1cmwiO3M6NTA6Imh0dHBzOi8vdGlja2V0cy4za2ZjLmNvLmtlL2d1ZXN0X3B1cmNoYXNlX3RpY2tldC8yIjt9czo2OiJfZmxhc2giO2E6Mjp7czozOiJvbGQiO2E6MDp7fXM6MzoibmV3IjthOjA6e319fQ==',1729887468),('jPfjUkGrN8hZORcgZmJSmq3HF3gcWPCGyRJ5lftY',5,'102.219.209.138','Mozilla/5.0 (X11; Linux x86_64) AppleWebKit/537.36 (KHTML, like Gecko) Chrome/128.0.0.0 Safari/537.36','YTo2OntzOjY6Il90b2tlbiI7czo0MDoicTZIT3VMNTA2TnRFbk9xRnY1Ull5czRlVjVjRlptWEFSWVdHckVsZiI7czo2OiJfZmxhc2giO2E6Mjp7czozOiJvbGQiO2E6MDp7fXM6MzoibmV3IjthOjA6e319czo5OiJfcHJldmlvdXMiO2E6MTp7czozOiJ1cmwiO3M6MzY6Imh0dHBzOi8vdGlja2V0cy4za2ZjLmNvLmtlL3RpY2tldGllciI7fXM6MzoidXJsIjthOjE6e3M6ODoiaW50ZW5kZWQiO3M6MzY6Imh0dHBzOi8vdGlja2V0cy4za2ZjLmNvLmtlL3RpY2tldGllciI7fXM6NTA6ImxvZ2luX3dlYl81OWJhMzZhZGRjMmIyZjk0MDE1ODBmMDE0YzdmNThlYTRlMzA5ODlkIjtpOjU7czo0OiJhdXRoIjthOjE6e3M6MjE6InBhc3N3b3JkX2NvbmZpcm1lZF9hdCI7aToxNzI5ODg5OTgyO319',1729889993),('jwhjH0W38TVPZgoZEIxYiomGz6Tf681EGjBcAvuZ',NULL,'66.249.68.35','Mozilla/5.0 (Linux; Android 6.0.1; Nexus 5X Build/MMB29P) AppleWebKit/537.36 (KHTML, like Gecko) Chrome/130.0.6723.69 Mobile Safari/537.36 (compatible; Googlebot/2.1; +http://www.google.com/bot.html)','YTozOntzOjY6Il90b2tlbiI7czo0MDoiRmV1Y3RDM3JyTERkSkhIS1hPMkhIcGlOWXpRMWdpelYxSHdiYllhcCI7czo5OiJfcHJldmlvdXMiO2E6MTp7czozOiJ1cmwiO3M6NTA6Imh0dHBzOi8vdGlja2V0cy4za2ZjLmNvLmtlL2d1ZXN0X3B1cmNoYXNlX3RpY2tldC8zIjt9czo2OiJfZmxhc2giO2E6Mjp7czozOiJvbGQiO2E6MDp7fXM6MzoibmV3IjthOjA6e319fQ==',1729886399),('kfDw6tQSMaMsJE7nQKY486wGqJhGVXd5U3D52f9j',NULL,'102.212.236.180','Mozilla/5.0 (Linux; Android 14; 23129RAA4G Build/UKQ1.231207.002; wv) AppleWebKit/537.36 (KHTML, like Gecko) Version/4.0 Chrome/129.0.6668.100 Mobile Safari/537.36 [FBAN/EMA;FBLC/en_US;FBAV/430.0.0.4.109;FBCX/modulariab;]','YTozOntzOjY6Il90b2tlbiI7czo0MDoiQXRBYXUweW1rNFZRUEtJcWRqSVVYWnFtck1DeXNRRWEwRUtmQ3U1SiI7czo5OiJfcHJldmlvdXMiO2E6MTp7czozOiJ1cmwiO3M6NTA6Imh0dHBzOi8vdGlja2V0cy4za2ZjLmNvLmtlL2d1ZXN0X3B1cmNoYXNlX3RpY2tldC8xIjt9czo2OiJfZmxhc2giO2E6Mjp7czozOiJvbGQiO2E6MDp7fXM6MzoibmV3IjthOjA6e319fQ==',1729883608),('Kihus4rrqKptQ5NyzYpa061WekZoQoSnEMCfFmJa',NULL,'197.248.58.195','Mozilla/5.0 (Linux; Android 14; V2317 Build/UP1A.231005.007_NONFC; wv) AppleWebKit/537.36 (KHTML, like Gecko) Version/4.0 Chrome/130.0.6723.58 Mobile Safari/537.36 [FBAN/EMA;FBLC/en_GB;FBAV/430.0.0.4.109;FBCX/modulariab;]','YTozOntzOjY6Il90b2tlbiI7czo0MDoibFBJS1IwaXZiWTVmVVRrYk1wNHRHVVltaGpCcGZZZ2RReGIyYjJoMiI7czo5OiJfcHJldmlvdXMiO2E6MTp7czozOiJ1cmwiO3M6NDA6Imh0dHBzOi8vdGlja2V0cy4za2ZjLmNvLmtlL2d1ZXN0L2V2ZW50LzEiO31zOjY6Il9mbGFzaCI7YToyOntzOjM6Im9sZCI7YTowOnt9czozOiJuZXciO2E6MDp7fX19',1729885540),('kJcS7O0GhDmouzG9fMLXj8ndNrEwkDAHgMZ6QE6a',NULL,'41.89.103.2','Mozilla/5.0 (Linux; Android 14; 23106RN0DA Build/UP1A.231005.007; wv) AppleWebKit/537.36 (KHTML, like Gecko) Version/4.0 Chrome/129.0.6668.100 Mobile Safari/537.36[FBAN/EMA;FBLC/en_GB;FBAV/429.0.0.15.106;FBCX/modulariab;]','YTozOntzOjY6Il90b2tlbiI7czo0MDoicnFTcVVWRGQzbUtteUZuSDZrNExPdlh6R0VwM25FSlFpVXFYeENtSCI7czo5OiJfcHJldmlvdXMiO2E6MTp7czozOiJ1cmwiO3M6MTM5OiJodHRwczovL3RpY2tldHMuM2tmYy5jby5rZS8/ZmJjbGlkPUl3WlhoMGJnTmhaVzBDTVRFQUFSM19hRWpqTE9IWWRGdkwtaXM5NUxnZncySzFwUHhJSjZIeG1raGNveTA5VUplUTNJRDlHM0l1c3F3X2FlbV96SUkxb0l0MVhsYWFlSEExRFpOYzV3Ijt9czo2OiJfZmxhc2giO2E6Mjp7czozOiJvbGQiO2E6MDp7fXM6MzoibmV3IjthOjA6e319fQ==',1729883675),('km3ptdPaz3dnHdHlbSu2js8qXnBX7Vad6Mi9yfyJ',NULL,'154.159.252.30','Mozilla/5.0 (Linux; Android 10; K) AppleWebKit/537.36 (KHTML, like Gecko) Chrome/128.0.0.0 Mobile Safari/537.36','YTozOntzOjY6Il90b2tlbiI7czo0MDoieXNWYWRTS0d0SUNGOEtIWGw2M25ZWDZIeURWU2VqZFNXOGhzMWg1OCI7czo5OiJfcHJldmlvdXMiO2E6MTp7czozOiJ1cmwiO3M6NDA6Imh0dHBzOi8vdGlja2V0cy4za2ZjLmNvLmtlL2d1ZXN0L2V2ZW50LzEiO31zOjY6Il9mbGFzaCI7YToyOntzOjM6Im9sZCI7YTowOnt9czozOiJuZXciO2E6MDp7fX19',1729883305),('KNhc3QmKmzMw4LV53vHWgWZBP2cCfqg1jsTZR1Tl',NULL,'164.90.224.231','Mozilla/5.0 (compatible; Odin; https://docs.getodin.com/)','YTozOntzOjY6Il90b2tlbiI7czo0MDoidFNHMnpPdVlsYXpzaGJHTHpaTlEyM1N6TnRaSHIxcUZZTGkzVGdrdCI7czo5OiJfcHJldmlvdXMiO2E6MTp7czozOiJ1cmwiO3M6MjM6Imh0dHBzOi8vMTAyLjIxMi4yNDUuMTI5Ijt9czo2OiJfZmxhc2giO2E6Mjp7czozOiJvbGQiO2E6MDp7fXM6MzoibmV3IjthOjA6e319fQ==',1729888374),('kowm7JADO7HtTaTdPlbYgqzlC1cceySG3Cd2hIFI',NULL,'41.90.179.54','Mozilla/5.0 (Linux; Android 12; SM-A315F Build/SP1A.210812.016; wv) AppleWebKit/537.36 (KHTML, like Gecko) Version/4.0 Chrome/130.0.6723.24 Mobile Safari/537.36 [FB_IAB/FB4A;FBAV/486.0.0.66.70;IABMV/1;]','YTozOntzOjY6Il90b2tlbiI7czo0MDoiRUdpV0hadk1udGV0VXFMaDdzWGdPSnphdUhyZUdZSzdhMWhHT2dmSyI7czo5OiJfcHJldmlvdXMiO2E6MTp7czozOiJ1cmwiO3M6NTA6Imh0dHBzOi8vdGlja2V0cy4za2ZjLmNvLmtlL2d1ZXN0X3B1cmNoYXNlX3RpY2tldC8xIjt9czo2OiJfZmxhc2giO2E6Mjp7czozOiJvbGQiO2E6MDp7fXM6MzoibmV3IjthOjA6e319fQ==',1729883774),('KvpVdLY4QYfP9tUhZtVShfANJUjtr5UxyTR0KFRq',NULL,'154.153.103.77','Mozilla/5.0 (iPhone; CPU iPhone OS 18_0_1 like Mac OS X) AppleWebKit/605.1.15 (KHTML, like Gecko) Mobile/22A3370 [FBAN/FBIOS;FBAV/480.0.0.32.109;FBBV/638556369;FBDV/iPhone12,1;FBMD/iPhone;FBSN/iOS;FBSV/18.0.1;FBSS/2;FBID/phone;FBLC/en_GB;FBOP/5;FBRV/641092542;IABMV/1]','YTozOntzOjY6Il90b2tlbiI7czo0MDoiMmh6ZkxGYk9lSVZmSnMyeG9ST2dLemNJR2Ztc0hmbWZIRjc0bmpyZyI7czo5OiJfcHJldmlvdXMiO2E6MTp7czozOiJ1cmwiO3M6MTM5OiJodHRwczovL3RpY2tldHMuM2tmYy5jby5rZS8/ZmJjbGlkPUl3WlhoMGJnTmhaVzBDTVRFQUFSMFRSel93VUhUVGdaYVBFMTBvTWVRb2ZTdlpiamdyTy1sb0RwRnQzR2hzLVNHbUFpa2xYNERlT2U4X2FlbV84Q0ZVNzJGOGVBNDVmQXRvYWRhREFBIjt9czo2OiJfZmxhc2giO2E6Mjp7czozOiJvbGQiO2E6MDp7fXM6MzoibmV3IjthOjA6e319fQ==',1729884897),('kzjZNPWFsLTdVkPDB6U94ukSR3wghRK2ab2mBS7t',NULL,'105.161.170.68','Mozilla/5.0 (Linux; Android 8.1.0; itel W5001P Build/OPM2.171019.012; wv) AppleWebKit/537.36 (KHTML, like Gecko) Version/4.0 Chrome/99.0.4844.58 Mobile Safari/537.36[FBAN/EMA;FBLC/en_US;FBAV/400.1.0.16.136;]','YTozOntzOjY6Il90b2tlbiI7czo0MDoidFJNcmdhakdWQkFOUnlWVGQzWGFONEJMdkw5TEFJczlJYUt3UE5FTCI7czo5OiJfcHJldmlvdXMiO2E6MTp7czozOiJ1cmwiO3M6MTM5OiJodHRwczovL3RpY2tldHMuM2tmYy5jby5rZS8/ZmJjbGlkPUl3WlhoMGJnTmhaVzBDTVRFQUFSMmxNaEh1ZUJMYU56bWdZb2NjSFNvUDFwRDJ3eHpOb3lIV0JSdENLdklEMFR3czc0eVZhVVBnbzNnX2FlbV82cDNQTDBGaVozelpMMkJ0a2ZKcTFRIjt9czo2OiJfZmxhc2giO2E6Mjp7czozOiJvbGQiO2E6MDp7fXM6MzoibmV3IjthOjA6e319fQ==',1729886730),('l266SHRkZO3yV2Ay0wQkZGwryXIgvg856maEn2ho',NULL,'197.254.98.154','Mozilla/5.0 (Linux; Android 13; TECNO BG6 Build/TP1A.220624.014; wv) AppleWebKit/537.36 (KHTML, like Gecko) Version/4.0 Chrome/130.0.6723.58 Mobile Safari/537.36 [FBAN/EMA;FBLC/en_GB;FBAV/430.0.0.4.109;FBCX/modulariab;]','YTozOntzOjY6Il90b2tlbiI7czo0MDoicUJXMEZ6d0d4YWZRUkZDcU5sMFZSRmlTenh4SUk2SXJjVVpFcVR6NCI7czo5OiJfcHJldmlvdXMiO2E6MTp7czozOiJ1cmwiO3M6MTM5OiJodHRwczovL3RpY2tldHMuM2tmYy5jby5rZS8/ZmJjbGlkPUl3WlhoMGJnTmhaVzBDTVRFQUFSMjdQRWFsVFhHVUszUGRjTG5MWFk3UURyXzJQdVl4cmpaQVBObzlyOWZudmhVaEZWWWlWazNaSHhJX2FlbV9TN2dZM3pMY2pNNzhwSEZ0VEtmTWNRIjt9czo2OiJfZmxhc2giO2E6Mjp7czozOiJvbGQiO2E6MDp7fXM6MzoibmV3IjthOjA6e319fQ==',1729886849),('lbtEIztS662RazlCc7BYdwXmvPDrjXDMtPlMTYu6',NULL,'196.96.4.240','Mozilla/5.0 (X11; Linux x86_64) AppleWebKit/537.36 (KHTML, like Gecko) Chrome/128.0.0.0 Safari/537.36','YTozOntzOjY6Il90b2tlbiI7czo0MDoiT0xwOFc4NFZ4NmpUMkl3T2hoZm5qdktNY211Nm5hUUlXSHdGS0FsWCI7czo5OiJfcHJldmlvdXMiO2E6MTp7czozOiJ1cmwiO3M6MTc0OiJodHRwczovL3RpY2tldHMuM2tmYy5jby5rZS9ndWVzdF9wdXJjaGFzZV90aWNrZXQvMT9fdG9rZW49T0xwOFc4NFZ4NmpUMkl3T2hoZm5qdktNY211Nm5hUUlXSHdGS0FsWCZldmVudF9pZD0xJnBob25lTnVtYmVyPTA3OTYwNDIyNzMmdGlja2V0Q291bnQ9NSZ0aWNrZXRQcmljZT0xMDAmdGlja2V0X2lkPTEiO31zOjY6Il9mbGFzaCI7YToyOntzOjM6Im9sZCI7YTowOnt9czozOiJuZXciO2E6MDp7fX19',1729884769),('Lq0BmbwS7BmkFNBRLWo99daKsslq6MQQMgusto7g',NULL,'102.0.10.26','Mozilla/5.0 (Linux; Android 10; K) AppleWebKit/537.36 (KHTML, like Gecko) Chrome/130.0.0.0 Mobile Safari/537.36','YTozOntzOjY6Il90b2tlbiI7czo0MDoiVmVlZGFyV0xSeEpYUXlWRWdPbDRrRFdiaHpnY3Q3dFd3emFqZVhRVCI7czo5OiJfcHJldmlvdXMiO2E6MTp7czozOiJ1cmwiO3M6NTA6Imh0dHBzOi8vdGlja2V0cy4za2ZjLmNvLmtlL2d1ZXN0X3B1cmNoYXNlX3RpY2tldC8xIjt9czo2OiJfZmxhc2giO2E6Mjp7czozOiJvbGQiO2E6MDp7fXM6MzoibmV3IjthOjA6e319fQ==',1729884641),('lWziwQtzqYIlBdTkyaIXuaogGGoBlMuTDtJEj4Y8',NULL,'196.97.0.190','WhatsApp/2.23.20.0','YTozOntzOjY6Il90b2tlbiI7czo0MDoiM2dRSTZuak9JWDFab1RJdjJxOVRzeFdUZnFCblNxT0Q0dlVTNlRzciI7czo5OiJfcHJldmlvdXMiO2E6MTp7czozOiJ1cmwiO3M6MjY6Imh0dHBzOi8vdGlja2V0cy4za2ZjLmNvLmtlIjt9czo2OiJfZmxhc2giO2E6Mjp7czozOiJvbGQiO2E6MDp7fXM6MzoibmV3IjthOjA6e319fQ==',1729885213),('LZRlPcn9bhjEZWB9HLlgJkJ6tJW7qc5vlX3uQgBX',NULL,'105.163.0.197','Mozilla/5.0 (Linux; Android 14; SM-A356E Build/UP1A.231005.007; wv) AppleWebKit/537.36 (KHTML, like Gecko) Version/4.0 Chrome/130.0.6723.24 Mobile Safari/537.36 [FB_IAB/FB4A;FBAV/486.0.0.66.70;IABMV/1;]','YTozOntzOjY6Il90b2tlbiI7czo0MDoiQ1RRdHRiWHNJSjhsR0JxeGRya3p1N3U5Z0hMeVNtemNiVUQ5aTNGNiI7czo5OiJfcHJldmlvdXMiO2E6MTp7czozOiJ1cmwiO3M6NTA6Imh0dHBzOi8vdGlja2V0cy4za2ZjLmNvLmtlL2d1ZXN0X3B1cmNoYXNlX3RpY2tldC8xIjt9czo2OiJfZmxhc2giO2E6Mjp7czozOiJvbGQiO2E6MDp7fXM6MzoibmV3IjthOjA6e319fQ==',1729886464),('MCYoLmdiAVXAhwXsbhxrU9JWLr72OleC74Zn7RXV',NULL,'41.81.182.38','Mozilla/5.0 (Linux; Android 10; K) AppleWebKit/537.36 (KHTML, like Gecko) Chrome/130.0.0.0 Mobile Safari/537.36','YTozOntzOjY6Il90b2tlbiI7czo0MDoiVmpGalo0aHVBbFFVV0ZMdld5YUUyOFFOMERUSjJMVVk3WVp3MHlHaCI7czo5OiJfcHJldmlvdXMiO2E6MTp7czozOiJ1cmwiO3M6NDA6Imh0dHBzOi8vdGlja2V0cy4za2ZjLmNvLmtlL2d1ZXN0L2V2ZW50LzEiO31zOjY6Il9mbGFzaCI7YToyOntzOjM6Im9sZCI7YTowOnt9czozOiJuZXciO2E6MDp7fX19',1729885157),('nHaUBwCxCv80NQFJ2Rjqc35H2fo0ACyGgH6r0oDM',NULL,'31.13.115.5','facebookexternalhit/1.1 (+http://www.facebook.com/externalhit_uatext.php)','YTozOntzOjY6Il90b2tlbiI7czo0MDoicW52MzRhTk53OWlLNWpIU3ZKaG02RnY0bW93RW0yRXNBZU1yY0VpQSI7czo5OiJfcHJldmlvdXMiO2E6MTp7czozOiJ1cmwiO3M6MjY6Imh0dHBzOi8vdGlja2V0cy4za2ZjLmNvLmtlIjt9czo2OiJfZmxhc2giO2E6Mjp7czozOiJvbGQiO2E6MDp7fXM6MzoibmV3IjthOjA6e319fQ==',1729886808),('Nvl4p2xHvNbBxr2WBJhmWDS5bVAmkYeAYbBGGPHS',NULL,'102.213.250.105','Mozilla/5.0 (Linux; Android 10; TECNO KC8 Build/QP1A.190711.020; wv) AppleWebKit/537.36 (KHTML, like Gecko) Version/4.0 Chrome/129.0.6668.102 Mobile Safari/537.36[FBAN/EMA;FBLC/en_US;FBAV/429.0.0.15.106;FBCX/modulariab;]','YTozOntzOjY6Il90b2tlbiI7czo0MDoiVUlJUUU3d0Q5bGQ0dmlpWlB2a3dOUVRrbERDZGVrcFBSY2tKUzBoTSI7czo5OiJfcHJldmlvdXMiO2E6MTp7czozOiJ1cmwiO3M6NDA6Imh0dHBzOi8vdGlja2V0cy4za2ZjLmNvLmtlL2d1ZXN0L2V2ZW50LzEiO31zOjY6Il9mbGFzaCI7YToyOntzOjM6Im9sZCI7YTowOnt9czozOiJuZXciO2E6MDp7fX19',1729884591),('NVZ09GUmd1yZCeosMbkBiaFJVRcXxE62utufhTjW',NULL,'102.213.93.57','Mozilla/5.0 (Linux; Android 12; TECNO CG6 Build/SP1A.210812.016; wv) AppleWebKit/537.36 (KHTML, like Gecko) Version/4.0 Chrome/130.0.6723.58 Mobile Safari/537.36 [FBAN/EMA;FBLC/en_GB;FBAV/430.0.0.4.109;FBCX/modulariab;]','YTozOntzOjY6Il90b2tlbiI7czo0MDoiRTVaQm83VlNiWkYyQ0NQV0lVazV4aVFodXllSGRXZUV2eDJVSGkwbSI7czo5OiJfcHJldmlvdXMiO2E6MTp7czozOiJ1cmwiO3M6NTA6Imh0dHBzOi8vdGlja2V0cy4za2ZjLmNvLmtlL2d1ZXN0X3B1cmNoYXNlX3RpY2tldC8xIjt9czo2OiJfZmxhc2giO2E6Mjp7czozOiJvbGQiO2E6MDp7fXM6MzoibmV3IjthOjA6e319fQ==',1729882832),('OePnre7elcwZet08vFoZav08bhCxdCbps5DZpzeX',NULL,'196.201.210.234','Mozilla/5.0 (Linux; Android 14; CPH2505 Build/UKQ1.230924.001; wv) AppleWebKit/537.36 (KHTML, like Gecko) Version/4.0 Chrome/130.0.6723.58 Mobile Safari/537.36 [FB_IAB/FB4A;FBAV/486.0.0.66.70;IABMV/1;]','YTozOntzOjY6Il90b2tlbiI7czo0MDoiTkZwVFZTRHUzdU9aM3pIR25nT3NLcERIVW5VVUI2WW55ckd1RGczayI7czo5OiJfcHJldmlvdXMiO2E6MTp7czozOiJ1cmwiO3M6NTA6Imh0dHBzOi8vdGlja2V0cy4za2ZjLmNvLmtlL2d1ZXN0X3B1cmNoYXNlX3RpY2tldC8xIjt9czo2OiJfZmxhc2giO2E6Mjp7czozOiJvbGQiO2E6MDp7fXM6MzoibmV3IjthOjA6e319fQ==',1729886473),('oopns9CzABDEVFumatXNXynhNEiZpOHhOlvYmPCd',NULL,'104.152.52.81','','YTozOntzOjY6Il90b2tlbiI7czo0MDoiOWJzM2xrVVhhM2lzeEJXTGQ2VG1RR1RvRHJRNkZ3TlBsSk5oVEI5diI7czo5OiJfcHJldmlvdXMiO2E6MTp7czozOiJ1cmwiO3M6MjY6Imh0dHBzOi8vdGlja2V0cy4za2ZjLmNvLmtlIjt9czo2OiJfZmxhc2giO2E6Mjp7czozOiJvbGQiO2E6MDp7fXM6MzoibmV3IjthOjA6e319fQ==',1729888936),('Owzw6to3EICr7IfUZ2K84uAnQVDODTLFRKNmiAbR',NULL,'102.167.172.137','Mozilla/5.0 (Linux; Android 12; CPH2477 Build/SP1A.210812.016; wv) AppleWebKit/537.36 (KHTML, like Gecko) Version/4.0 Chrome/129.0.6668.100 Mobile Safari/537.36[FBAN/EMA;FBLC/en_US;FBAV/429.0.0.15.106;FBCX/modulariab;]','YTozOntzOjY6Il90b2tlbiI7czo0MDoiN3d0M0trT2dob3NXYVNTZktQcHdtT2hkbWpVQWRsWEh1UGloQjZSNCI7czo5OiJfcHJldmlvdXMiO2E6MTp7czozOiJ1cmwiO3M6NTA6Imh0dHBzOi8vdGlja2V0cy4za2ZjLmNvLmtlL2d1ZXN0X3B1cmNoYXNlX3RpY2tldC8xIjt9czo2OiJfZmxhc2giO2E6Mjp7czozOiJvbGQiO2E6MDp7fXM6MzoibmV3IjthOjA6e319fQ==',1729886138),('p6wIvqIyb532EMBLtDSQjVnSNhOXMf8EIFzVx6IW',NULL,'197.232.61.226','Mozilla/5.0 (Linux; Android 10; K) AppleWebKit/537.36 (KHTML, like Gecko) Chrome/129.0.0.0 Mobile Safari/537.36','YTozOntzOjY6Il90b2tlbiI7czo0MDoiMW9OQ1FnQk9sT0pxTjNjbldGRWdGaW5oYWFXVGhZclhXRTRGcXU3ViI7czo5OiJfcHJldmlvdXMiO2E6MTp7czozOiJ1cmwiO3M6NTA6Imh0dHBzOi8vdGlja2V0cy4za2ZjLmNvLmtlL2d1ZXN0X3B1cmNoYXNlX3RpY2tldC8xIjt9czo2OiJfZmxhc2giO2E6Mjp7czozOiJvbGQiO2E6MDp7fXM6MzoibmV3IjthOjA6e319fQ==',1729887734),('pHEdgw93i5k5eFguUGBbXUNRLB2vdhQybDcTwAys',NULL,'66.249.68.35','Mozilla/5.0 (compatible; Googlebot/2.1; +http://www.google.com/bot.html)','YTozOntzOjY6Il90b2tlbiI7czo0MDoiNjhKUGhqYW9FNEJmNkZLT1lDNFR2TGFlZDBucTNYVzFiaW9PcEpjVyI7czo5OiJfcHJldmlvdXMiO2E6MTp7czozOiJ1cmwiO3M6NTA6Imh0dHBzOi8vdGlja2V0cy4za2ZjLmNvLmtlL2d1ZXN0X3B1cmNoYXNlX3RpY2tldC8zIjt9czo2OiJfZmxhc2giO2E6Mjp7czozOiJvbGQiO2E6MDp7fXM6MzoibmV3IjthOjA6e319fQ==',1729886396),('pqXk9aDIriSxt1XQ53ZE2qII9Q37RSDRmSfvOr8f',NULL,'66.249.68.36','Mozilla/5.0 (compatible; Googlebot/2.1; +http://www.google.com/bot.html)','YTozOntzOjY6Il90b2tlbiI7czo0MDoiMWVrZ0J2NnZMZDFlWFZCUnd2Wjl4eXdoMnpjZk5NcGlQTnVVeTN3eiI7czo5OiJfcHJldmlvdXMiO2E6MTp7czozOiJ1cmwiO3M6NTA6Imh0dHBzOi8vdGlja2V0cy4za2ZjLmNvLmtlL2d1ZXN0X3B1cmNoYXNlX3RpY2tldC8xIjt9czo2OiJfZmxhc2giO2E6Mjp7czozOiJvbGQiO2E6MDp7fXM6MzoibmV3IjthOjA6e319fQ==',1729889762),('qCCNQHMgNg8wT41mIAaKdF2UHOiKjem3dkO4CNVj',NULL,'41.81.182.38','Mozilla/5.0 (Linux; Android 12; SM-M515F Build/SP1A.210812.016; wv) AppleWebKit/537.36 (KHTML, like Gecko) Version/4.0 Chrome/130.0.6723.24 Mobile Safari/537.36 [FB_IAB/FB4A;FBAV/486.0.0.66.70;IABMV/1;]','YTozOntzOjY6Il90b2tlbiI7czo0MDoiaHgzVFY0QWhONmtibXlpMkxWOW5IbVI0S29DcWd0WlJPRm9yaUdPayI7czo5OiJfcHJldmlvdXMiO2E6MTp7czozOiJ1cmwiO3M6NTA6Imh0dHBzOi8vdGlja2V0cy4za2ZjLmNvLmtlL2d1ZXN0X3B1cmNoYXNlX3RpY2tldC8xIjt9czo2OiJfZmxhc2giO2E6Mjp7czozOiJvbGQiO2E6MDp7fXM6MzoibmV3IjthOjA6e319fQ==',1729887387),('qijKU3CSqyueSwaXktITzxbYgQkf1mpWzM8fI3BZ',NULL,'154.159.252.109','Mozilla/5.0 (Linux; Android 10; K) AppleWebKit/537.36 (KHTML, like Gecko) Chrome/129.0.0.0 Mobile Safari/537.36','YTozOntzOjY6Il90b2tlbiI7czo0MDoiZVd1WW82T2x4WkhEZDU2UmdSN2cwTTJoUFA1NTZHbjdpV09OQ1lsaiI7czo5OiJfcHJldmlvdXMiO2E6MTp7czozOiJ1cmwiO3M6NTA6Imh0dHBzOi8vdGlja2V0cy4za2ZjLmNvLmtlL2d1ZXN0X3B1cmNoYXNlX3RpY2tldC8xIjt9czo2OiJfZmxhc2giO2E6Mjp7czozOiJvbGQiO2E6MDp7fXM6MzoibmV3IjthOjA6e319fQ==',1729889760),('R0lkHU9zZigrMsFsg72ytd4jbBXO6MgaofElpihd',NULL,'173.252.107.1','facebookexternalhit/1.1 (+http://www.facebook.com/externalhit_uatext.php)','YTozOntzOjY6Il90b2tlbiI7czo0MDoid2tLM2N3TFYxQlloVFdEakJHNU9ha3JvNmQ5SVpaSXRLRkJ2bmh1YSI7czo5OiJfcHJldmlvdXMiO2E6MTp7czozOiJ1cmwiO3M6NTA6Imh0dHBzOi8vdGlja2V0cy4za2ZjLmNvLmtlL2d1ZXN0X3B1cmNoYXNlX3RpY2tldC8xIjt9czo2OiJfZmxhc2giO2E6Mjp7czozOiJvbGQiO2E6MDp7fXM6MzoibmV3IjthOjA6e319fQ==',1729885014),('r4cqAPVC8BMfbyYl0Y8zDEFnJuWhzlhQVM24AqZa',NULL,'102.211.145.97','Mozilla/5.0 (Linux; Android 12; SM-A125F Build/SP1A.210812.016; wv) AppleWebKit/537.36 (KHTML, like Gecko) Version/4.0 Chrome/129.0.6668.100 Mobile Safari/537.36 [FBAN/EMA;FBLC/en_US;FBAV/430.0.0.4.109;FBCX/modulariab;]','YTozOntzOjY6Il90b2tlbiI7czo0MDoiQkVDVGwxNmNBYjBHa0ttckFjZExxdnExeGtsZUpZdHBTY0VqM3RHYiI7czo5OiJfcHJldmlvdXMiO2E6MTp7czozOiJ1cmwiO3M6MTM5OiJodHRwczovL3RpY2tldHMuM2tmYy5jby5rZS8/ZmJjbGlkPUl3WlhoMGJnTmhaVzBDTVRFQUFSMlBJbVdUOGU2Y1VBNkh0OWY1b0dDVFloUUxGSGFfZzJWWnItV19sUVlWSFFja0NTRHVIaTM1RFh3X2FlbV81amZCYzh6X2t3dzFfZGJhNk1GbDJRIjt9czo2OiJfZmxhc2giO2E6Mjp7czozOiJvbGQiO2E6MDp7fXM6MzoibmV3IjthOjA6e319fQ==',1729886255),('r7Vba5IbhiEdXteTE85ubL5oM2k9ojIDdw1ILsvk',NULL,'196.96.233.92','Mozilla/5.0 (Linux; Android 11; Nokia C30 Build/RP1A.201005.001; wv) AppleWebKit/537.36 (KHTML, like Gecko) Version/4.0 Chrome/129.0.6668.102 Mobile Safari/537.36[FBAN/EMA;FBLC/en_GB;FBAV/428.0.0.9.105;]','YTozOntzOjY6Il90b2tlbiI7czo0MDoiSnJ0YnBwOFVWdzVkek5BTnBTQWRJVndBbE5mTURlU3VKVnBEMTZIOCI7czo5OiJfcHJldmlvdXMiO2E6MTp7czozOiJ1cmwiO3M6MTM5OiJodHRwczovL3RpY2tldHMuM2tmYy5jby5rZS8/ZmJjbGlkPUl3WlhoMGJnTmhaVzBDTVRFQUFSMTgxam81ajNDRl9rbG9mNS1DcUV0Q2NWR1NzWEZiUWRYVkJzaFdOSGM0d2w1RlRPSUMzelJ3RWs0X2FlbV9JcjBJZXNEaEZfd29VS01oQ2VFd21nIjt9czo2OiJfZmxhc2giO2E6Mjp7czozOiJvbGQiO2E6MDp7fXM6MzoibmV3IjthOjA6e319fQ==',1729889430),('rgftACzu7Rq2O7beNaYZtr991nfdYPhRL87DN2AS',NULL,'41.84.140.130','Mozilla/5.0 (Linux; Android 14; SM-A042F Build/UP1A.231005.007; wv) AppleWebKit/537.36 (KHTML, like Gecko) Version/4.0 Chrome/130.0.6723.24 Mobile Safari/537.36 [FB_IAB/FB4A;FBAV/486.0.0.66.70;IABMV/1;]','YTozOntzOjY6Il90b2tlbiI7czo0MDoiOUcxWmtMOG1ZT3JKUlBiMzJSUE4weFVCdzNMYzY4TktKem50c1lncyI7czo5OiJfcHJldmlvdXMiO2E6MTp7czozOiJ1cmwiO3M6NTA6Imh0dHBzOi8vdGlja2V0cy4za2ZjLmNvLmtlL2d1ZXN0X3B1cmNoYXNlX3RpY2tldC8xIjt9czo2OiJfZmxhc2giO2E6Mjp7czozOiJvbGQiO2E6MDp7fXM6MzoibmV3IjthOjA6e319fQ==',1729883115),('RiYLjBJPIdJNFthclSKo7nQlMMNMyPvdVQ2TMBRc',NULL,'105.160.104.49','Mozilla/5.0 (Linux; Android 11; Nokia 2.3 Build/RP1A.200720.011; wv) AppleWebKit/537.36 (KHTML, like Gecko) Version/4.0 Chrome/129.0.6668.100 Mobile Safari/537.36[FBAN/EMA;FBLC/en_GB;FBAV/428.0.0.9.105;]','YTozOntzOjY6Il90b2tlbiI7czo0MDoidlAwS1ZuNmhPSzlucUxDVXIxUjBEMzFBbW1TR1d3ZVFvUTJ0ZFB2YiI7czo5OiJfcHJldmlvdXMiO2E6MTp7czozOiJ1cmwiO3M6NDA6Imh0dHBzOi8vdGlja2V0cy4za2ZjLmNvLmtlL2d1ZXN0L2V2ZW50LzEiO31zOjY6Il9mbGFzaCI7YToyOntzOjM6Im9sZCI7YTowOnt9czozOiJuZXciO2E6MDp7fX19',1729885707),('rK1CvCu4UFarlllOMmUMfT5xVLIdz6kHHyFMrXWO',NULL,'41.81.186.134','Mozilla/5.0 (Linux; Android 14; SM-G998B Build/UP1A.231005.007; wv) AppleWebKit/537.36 (KHTML, like Gecko) Version/4.0 Chrome/130.0.6723.24 Mobile Safari/537.36 [FB_IAB/FB4A;FBAV/486.0.0.66.70;IABMV/1;]','YTozOntzOjY6Il90b2tlbiI7czo0MDoicHFEN0M4QzVVTTFpS1Z4bmZWUjhaejlNZjRSYUFrdlZkaFJMS2cwTCI7czo5OiJfcHJldmlvdXMiO2E6MTp7czozOiJ1cmwiO3M6MTUwOiJodHRwczovL3RpY2tldHMuM2tmYy5jby5rZS8/ZmJjbGlkPUl3WTJ4amF3R0k1UmhsZUhSdUEyRmxiUUl4TVFBQkhUTks0YnRheV83LWRfQ2FiWUZ6d3J5M1ZzUWd0RGZBcGR6VXQ3U00tcElhbjFvSlhYQUw4anNERndfYWVtX05Wd2s5dGtvUFFyOW85UFFqRHhnc2ciO31zOjY6Il9mbGFzaCI7YToyOntzOjM6Im9sZCI7YTowOnt9czozOiJuZXciO2E6MDp7fX19',1729889737),('rWEbGtDmMpQAHA9h9dNbufMFkIUrbMKLqWex5sUR',NULL,'41.81.205.69','Mozilla/5.0 (Linux; Android 10; K) AppleWebKit/537.36 (KHTML, like Gecko) Chrome/129.0.0.0 Mobile Safari/537.36','YTozOntzOjY6Il90b2tlbiI7czo0MDoidEF4Y1liWll0U1VRU2RTMEoyanBRN1U5MWNzVTZJUWJhVHpSQm5RYyI7czo5OiJfcHJldmlvdXMiO2E6MTp7czozOiJ1cmwiO3M6NTA6Imh0dHBzOi8vdGlja2V0cy4za2ZjLmNvLmtlL2d1ZXN0X3B1cmNoYXNlX3RpY2tldC8xIjt9czo2OiJfZmxhc2giO2E6Mjp7czozOiJvbGQiO2E6MDp7fXM6MzoibmV3IjthOjA6e319fQ==',1729885394),('si6swC5gZ9yNulzYY414rZg7W9nffr8JnWz2Tte2',NULL,'66.249.68.36','Mozilla/5.0 (Linux; Android 6.0.1; Nexus 5X Build/MMB29P) AppleWebKit/537.36 (KHTML, like Gecko) Chrome/130.0.6723.69 Mobile Safari/537.36 (compatible; Googlebot/2.1; +http://www.google.com/bot.html)','YTozOntzOjY6Il90b2tlbiI7czo0MDoiTWxRZTBaNHhhTnJ1OTdHUVBGcWhDNmI4Z2JZeHNQRm1VQXR1UG11QyI7czo5OiJfcHJldmlvdXMiO2E6MTp7czozOiJ1cmwiO3M6NTA6Imh0dHBzOi8vdGlja2V0cy4za2ZjLmNvLmtlL2d1ZXN0X3B1cmNoYXNlX3RpY2tldC8xIjt9czo2OiJfZmxhc2giO2E6Mjp7czozOiJvbGQiO2E6MDp7fXM6MzoibmV3IjthOjA6e319fQ==',1729889762),('sp9kOpwCfXMQ28VGbQQXe0A5WXMz1wiLA8I8Fgeq',NULL,'41.209.10.178','Mozilla/5.0 (Linux; Android 14; TECNO CK6 Build/UP1A.231005.007; wv) AppleWebKit/537.36 (KHTML, like Gecko) Version/4.0 Chrome/130.0.6723.24 Mobile Safari/537.36 [FB_IAB/FB4A;FBAV/486.0.0.66.70;IABMV/1;]','YTozOntzOjY6Il90b2tlbiI7czo0MDoiNTZ0M0tiTWMwdnpPNlUwbWxBeXFYejZPbGlHcHFXMVlSMUwzWVlzSiI7czo5OiJfcHJldmlvdXMiO2E6MTp7czozOiJ1cmwiO3M6NTA6Imh0dHBzOi8vdGlja2V0cy4za2ZjLmNvLmtlL2d1ZXN0X3B1cmNoYXNlX3RpY2tldC8xIjt9czo2OiJfZmxhc2giO2E6Mjp7czozOiJvbGQiO2E6MDp7fXM6MzoibmV3IjthOjA6e319fQ==',1729885181),('syMbvGlZXwkZd8vXANTVpRdEdyUh6jBSfp6GdUbD',NULL,'197.248.177.57','Mozilla/5.0 (Linux; Android 10; Infinix X657B Build/QP1A.190711.020; wv) AppleWebKit/537.36 (KHTML, like Gecko) Version/4.0 Chrome/130.0.6723.58 Mobile Safari/537.36 [FBAN/EMA;FBLC/en_US;FBAV/430.0.0.4.109;FBCX/modulariab;]','YTozOntzOjY6Il90b2tlbiI7czo0MDoiblRBZGNuS2t1S3NOOVZoUDdhZ1NIbDFrcDM5RGp0bTdpOWJ5U1EzRCI7czo5OiJfcHJldmlvdXMiO2E6MTp7czozOiJ1cmwiO3M6NTA6Imh0dHBzOi8vdGlja2V0cy4za2ZjLmNvLmtlL2d1ZXN0X3B1cmNoYXNlX3RpY2tldC8xIjt9czo2OiJfZmxhc2giO2E6Mjp7czozOiJvbGQiO2E6MDp7fXM6MzoibmV3IjthOjA6e319fQ==',1729883788),('T928TJFqSbURtm0N1B82uqc8e5yFyAr0EwiBe8h0',NULL,'172.224.230.138','Mozilla/5.0 (iPhone; CPU iPhone OS 17_6_1 like Mac OS X) AppleWebKit/605.1.15 (KHTML, like Gecko) Version/17.6 Mobile/15E148 Safari/604.1','YTozOntzOjY6Il90b2tlbiI7czo0MDoiUEVoaEhzM0U4VlYwdU91RXdmalBzTTVmalVRaUNta2llZVV0SmZSRiI7czo5OiJfcHJldmlvdXMiO2E6MTp7czozOiJ1cmwiO3M6MjY6Imh0dHBzOi8vdGlja2V0cy4za2ZjLmNvLmtlIjt9czo2OiJfZmxhc2giO2E6Mjp7czozOiJvbGQiO2E6MDp7fXM6MzoibmV3IjthOjA6e319fQ==',1729885756),('TdM2gqslN7VHiL3G0mHctlYWjYwbU9YHAhZ4QMoh',NULL,'105.163.157.208','Mozilla/5.0 (Linux; Android 15; Pixel 7 Pro Build/AP3A.241005.015; wv) AppleWebKit/537.36 (KHTML, like Gecko) Version/4.0 Chrome/130.0.6723.24 Mobile Safari/537.36 [FB_IAB/FB4A;FBAV/486.0.0.66.70;IABMV/1;]','YTozOntzOjY6Il90b2tlbiI7czo0MDoicXhGM1RvRW1wRGRrNGJCaWpMZTZvak5sdW45bWgxUjlnbVJ1TFQzMyI7czo5OiJfcHJldmlvdXMiO2E6MTp7czozOiJ1cmwiO3M6NDA6Imh0dHBzOi8vdGlja2V0cy4za2ZjLmNvLmtlL2d1ZXN0L2V2ZW50LzEiO31zOjY6Il9mbGFzaCI7YToyOntzOjM6Im9sZCI7YTowOnt9czozOiJuZXciO2E6MDp7fX19',1729886417),('tF1NhjV2pNA7Z8yP5TLKIAovWqdjpX1dkTW96PTO',NULL,'196.96.51.241','Mozilla/5.0 (Linux; Android 10; K) AppleWebKit/537.36 (KHTML, like Gecko) Chrome/130.0.0.0 Mobile Safari/537.36','YTozOntzOjY6Il90b2tlbiI7czo0MDoiSXlmNTB1T0RobEt5TjZxZUZVU2N0MkphRlRkbUN6aExucDd6UFhSWSI7czo5OiJfcHJldmlvdXMiO2E6MTp7czozOiJ1cmwiO3M6NTA6Imh0dHBzOi8vdGlja2V0cy4za2ZjLmNvLmtlL2d1ZXN0X3B1cmNoYXNlX3RpY2tldC80Ijt9czo2OiJfZmxhc2giO2E6Mjp7czozOiJvbGQiO2E6MDp7fXM6MzoibmV3IjthOjA6e319fQ==',1729887183),('TZHRmfkPOhmpnKme6gzdse4gh01krCz08dLzG7X8',NULL,'102.0.10.26','Mozilla/5.0 (Linux; Android 13; TECNO BG6 Build/TP1A.220624.014; wv) AppleWebKit/537.36 (KHTML, like Gecko) Version/4.0 Chrome/130.0.6723.24 Mobile Safari/537.36 [FB_IAB/FB4A;FBAV/486.0.0.66.70;IABMV/1;]','YTozOntzOjY6Il90b2tlbiI7czo0MDoidHBjak9GYkFra2YxQ0k4RVdES2NieHlpZnE4aFZzY1hTdGxpYlpLVyI7czo5OiJfcHJldmlvdXMiO2E6MTp7czozOiJ1cmwiO3M6NTA6Imh0dHBzOi8vdGlja2V0cy4za2ZjLmNvLmtlL2d1ZXN0X3B1cmNoYXNlX3RpY2tldC8xIjt9czo2OiJfZmxhc2giO2E6Mjp7czozOiJvbGQiO2E6MDp7fXM6MzoibmV3IjthOjA6e319fQ==',1729882981),('U0z6gzd3Olv9LauSWjuaZlzGEf3lBC76X9jWeRcC',NULL,'154.159.252.131','Mozilla/5.0 (Linux; Android 10; K) AppleWebKit/537.36 (KHTML, like Gecko) Chrome/130.0.0.0 Mobile Safari/537.36','YTozOntzOjY6Il90b2tlbiI7czo0MDoiR1JqNEVhd2c2VU94ZDlCd085U2RpYVBRdFlEY0g5VTdZT3V5blRVbSI7czo5OiJfcHJldmlvdXMiO2E6MTp7czozOiJ1cmwiO3M6MjY6Imh0dHBzOi8vdGlja2V0cy4za2ZjLmNvLmtlIjt9czo2OiJfZmxhc2giO2E6Mjp7czozOiJvbGQiO2E6MDp7fXM6MzoibmV3IjthOjA6e319fQ==',1729884160),('u4lpP3tnwSxVihdWmXwzAf1Xw33yf5XJczvdqrnf',NULL,'41.90.174.226','Mozilla/5.0 (iPhone; CPU iPhone OS 17_5 like Mac OS X) AppleWebKit/605.1.15 (KHTML, like Gecko) CriOS/130.0.6723.37 Mobile/15E148 Safari/604.1','YTozOntzOjY6Il90b2tlbiI7czo0MDoid2lYUDVKbHQ0TVJ4WXhvRk9nR2hMcnl2WldIUEJLWVh1amY3cklocCI7czo5OiJfcHJldmlvdXMiO2E6MTp7czozOiJ1cmwiO3M6NDA6Imh0dHBzOi8vdGlja2V0cy4za2ZjLmNvLmtlL2d1ZXN0L2V2ZW50LzEiO31zOjY6Il9mbGFzaCI7YToyOntzOjM6Im9sZCI7YTowOnt9czozOiJuZXciO2E6MDp7fX19',1729886948),('UJzj8boAVqPGWGzjsn5r4yi5BsPOyrL1iohRVL1b',NULL,'102.219.209.138','Mozilla/5.0 (Linux; Android 14; 23129RAA4G Build/UKQ1.231207.002; wv) AppleWebKit/537.36 (KHTML, like Gecko) Version/4.0 Chrome/130.0.6723.24 Mobile Safari/537.36 [FB_IAB/FB4A;FBAV/486.0.0.66.70;IABMV/1;]','YTozOntzOjY6Il90b2tlbiI7czo0MDoiQkV2YVVIMm4xODRlYkRSV3E1ekJFOW5NeEt0VkNnQTFmbHNmdUo5VyI7czo5OiJfcHJldmlvdXMiO2E6MTp7czozOiJ1cmwiO3M6MTUwOiJodHRwczovL3RpY2tldHMuM2tmYy5jby5rZS8/ZmJjbGlkPUl3WTJ4amF3R0kwMlpsZUhSdUEyRmxiUUl4TVFBQkhaRXNiejNKdW4xV2U2Q0d4ekhtd3djbGpsTmpVRHRRdHpBUkxTb196MXg5UU9QQTlVeUI1VlRzcVFfYWVtX0hyOXNSc2lYT1g3VlR5OFd1V2c5Z3ciO31zOjY6Il9mbGFzaCI7YToyOntzOjM6Im9sZCI7YTowOnt9czozOiJuZXciO2E6MDp7fX19',1729885207),('Um2Q2JXd5CL8tBnbGfFPR0ZRhgzIu0t30MdBIJBn',NULL,'154.122.20.49','Mozilla/5.0 (Linux; Android 10; K) AppleWebKit/537.36 (KHTML, like Gecko) Chrome/129.0.0.0 Mobile Safari/537.36','YTozOntzOjY6Il90b2tlbiI7czo0MDoiU2t6NW9INVQzS08wWW5pN3BFOGQ3QnZ0TmdlWUZFMTUwWVJBSWNVWCI7czo5OiJfcHJldmlvdXMiO2E6MTp7czozOiJ1cmwiO3M6NTA6Imh0dHBzOi8vdGlja2V0cy4za2ZjLmNvLmtlL2d1ZXN0X3B1cmNoYXNlX3RpY2tldC80Ijt9czo2OiJfZmxhc2giO2E6Mjp7czozOiJvbGQiO2E6MDp7fXM6MzoibmV3IjthOjA6e319fQ==',1729884772),('uNAa5Qzu6Qk7A5AnFO84JYxHiPRN1FVYZTuzZBOZ',NULL,'154.159.237.209','Mozilla/5.0 (Linux; Android 10; K) AppleWebKit/537.36 (KHTML, like Gecko) Chrome/129.0.0.0 Mobile Safari/537.36','YTozOntzOjY6Il90b2tlbiI7czo0MDoiRTAwSzZNMXhVYlJsSTAxY0JDQ2s2QktUTkVCTDV1bTV6V3hvSlVZeiI7czo5OiJfcHJldmlvdXMiO2E6MTp7czozOiJ1cmwiO3M6NTA6Imh0dHBzOi8vdGlja2V0cy4za2ZjLmNvLmtlL2d1ZXN0X3B1cmNoYXNlX3RpY2tldC8xIjt9czo2OiJfZmxhc2giO2E6Mjp7czozOiJvbGQiO2E6MDp7fXM6MzoibmV3IjthOjA6e319fQ==',1729888176),('UWV9GkcY7HYSZH8DwzYeK260LdLupAGt5xMLSnnR',NULL,'41.90.178.127','Mozilla/5.0 (Linux; Android 10; K) AppleWebKit/537.36 (KHTML, like Gecko) Chrome/130.0.0.0 Mobile Safari/537.36','YTozOntzOjY6Il90b2tlbiI7czo0MDoiT1U1NE9jOVhGTlRBU0VzR1Z4U0FsSnpKaWQxSlZtdzBEMkZNQnFCdyI7czo5OiJfcHJldmlvdXMiO2E6MTp7czozOiJ1cmwiO3M6NTA6Imh0dHBzOi8vdGlja2V0cy4za2ZjLmNvLmtlL2d1ZXN0X3B1cmNoYXNlX3RpY2tldC8xIjt9czo2OiJfZmxhc2giO2E6Mjp7czozOiJvbGQiO2E6MDp7fXM6MzoibmV3IjthOjA6e319fQ==',1729885305),('uXDWWig3ku90y4Ozm0iRJsI8JrLsBNI4PUKdDd53',NULL,'154.159.252.121','Mozilla/5.0 (Linux; Android 10; K) AppleWebKit/537.36 (KHTML, like Gecko) Chrome/130.0.0.0 Mobile Safari/537.36','YTozOntzOjY6Il90b2tlbiI7czo0MDoiRllQdll1cUEwV3EwRFE4QzB4cHJ2Vm5WbTVWbjIzSUdNOHJ2cEI2bCI7czo5OiJfcHJldmlvdXMiO2E6MTp7czozOiJ1cmwiO3M6NDA6Imh0dHBzOi8vdGlja2V0cy4za2ZjLmNvLmtlL2d1ZXN0L2V2ZW50LzEiO31zOjY6Il9mbGFzaCI7YToyOntzOjM6Im9sZCI7YTowOnt9czozOiJuZXciO2E6MDp7fX19',1729883372),('UZRZ9Awqw3jxZpn0rZ1vK53tNW3MyNeTDl5lgAAG',NULL,'197.248.231.39','Mozilla/5.0 (Linux; Android 11; Infinix PR652B Build/RP1A.201005.001; wv) AppleWebKit/537.36 (KHTML, like Gecko) Version/4.0 Chrome/129.0.6668.100 Mobile Safari/537.36 [FBAN/EMA;FBLC/en_GB;FBAV/430.0.0.4.109;FBCX/modulariab;]','YTozOntzOjY6Il90b2tlbiI7czo0MDoiMVU3VUMycHlUbEJHblhEN3RIaDl6ZU02dG03ZkE0NWFCd1JQc2VURCI7czo5OiJfcHJldmlvdXMiO2E6MTp7czozOiJ1cmwiO3M6MTM5OiJodHRwczovL3RpY2tldHMuM2tmYy5jby5rZS8/ZmJjbGlkPUl3WlhoMGJnTmhaVzBDTVRFQUFSMWRKOE40UUgxdnFwZDJXZS13UXJTanRQcnNiSmZMek14RDdja2tyd2lOT0FocGtzMjdmbkt1RlNBX2FlbV9IaDBsYkRURGJmOG0xQkpKMzB4Z213Ijt9czo2OiJfZmxhc2giO2E6Mjp7czozOiJvbGQiO2E6MDp7fXM6MzoibmV3IjthOjA6e319fQ==',1729885136),('V3l1i2xI012hv9sH6cR93Z7TUZM0LT2SxykmxczA',NULL,'102.219.208.102','Mozilla/5.0 (Linux; Android 12; M2101K6G Build/SKQ1.210908.001; wv) AppleWebKit/537.36 (KHTML, like Gecko) Version/4.0 Chrome/130.0.6723.24 Mobile Safari/537.36 [FB_IAB/FB4A;FBAV/486.0.0.66.70;IABMV/1;]','YTozOntzOjY6Il90b2tlbiI7czo0MDoidjVZM2M3d29HMDUwT3JtSHhBT0VmZEtYaUVnNHpEVEROREFIYkhvcyI7czo5OiJfcHJldmlvdXMiO2E6MTp7czozOiJ1cmwiO3M6MTUwOiJodHRwczovL3RpY2tldHMuM2tmYy5jby5rZS8/ZmJjbGlkPUl3WTJ4amF3R0kxb0psZUhSdUEyRmxiUUl4TVFBQkhmYXF5NTRmREhVaHduRHR5bmhWMmExUUtYekMzSlduN0FkNlNYMUFPQzIyb01neThXZnJoS0pncVFfYWVtX0oxY2g1dmliVG1XVWNnQ2RhXzdXMFEiO31zOjY6Il9mbGFzaCI7YToyOntzOjM6Im9sZCI7YTowOnt9czozOiJuZXciO2E6MDp7fX19',1729886003),('V64rR1Sa2uK8Oho19G7kO1J4hFkEtubgoVFJacQR',NULL,'41.90.4.32','Mozilla/5.0 (Linux; Android 10; NEON_RAY_PRO Build/QP1A.190711.020; wv) AppleWebKit/537.36 (KHTML, like Gecko) Version/4.0 Chrome/129.0.6668.100 Mobile Safari/537.36[FBAN/EMA;FBLC/en_US;FBAV/429.0.0.15.106;FBCX/modulariab;]','YTozOntzOjY6Il90b2tlbiI7czo0MDoiNTIxYloxamdhNGVqZ0ZiM2RCYk9DSU0zUG1ma2pYOFhsNFR3RTFqdSI7czo5OiJfcHJldmlvdXMiO2E6MTp7czozOiJ1cmwiO3M6NTA6Imh0dHBzOi8vdGlja2V0cy4za2ZjLmNvLmtlL2d1ZXN0X3B1cmNoYXNlX3RpY2tldC8xIjt9czo2OiJfZmxhc2giO2E6Mjp7czozOiJvbGQiO2E6MDp7fXM6MzoibmV3IjthOjA6e319fQ==',1729888031),('WCLsghibcl1eLoS5Few2en2Woky34PXUqjuncTta',NULL,'154.159.252.84','Mozilla/5.0 (Linux; Android 10; Infinix X683 Build/QP1A.190711.020; wv) AppleWebKit/537.36 (KHTML, like Gecko) Version/4.0 Chrome/129.0.6668.66 Mobile Safari/537.36 [FB_IAB/FB4A;FBAV/483.0.0.51.72;IABMV/1;]','YTozOntzOjY6Il90b2tlbiI7czo0MDoidTc3RlgwUjVKd2NJdGd3Y0pESm9pZ2xLQ3E1bzZKVENIV3gxZFdtNiI7czo5OiJfcHJldmlvdXMiO2E6MTp7czozOiJ1cmwiO3M6NTA6Imh0dHBzOi8vdGlja2V0cy4za2ZjLmNvLmtlL2d1ZXN0X3B1cmNoYXNlX3RpY2tldC8xIjt9czo2OiJfZmxhc2giO2E6Mjp7czozOiJvbGQiO2E6MDp7fXM6MzoibmV3IjthOjA6e319fQ==',1729884711),('wRY88WxVKEtyKMajGQMxdITRBiqgN0wfwIDCP8Tu',NULL,'154.78.69.202','Mozilla/5.0 (Linux; Android 10; Nokia 1.4 Build/QKQ1.200809.002; wv) AppleWebKit/537.36 (KHTML, like Gecko) Version/4.0 Chrome/129.0.6668.100 Mobile Safari/537.36 [FB_IAB/FB4A;FBAV/443.0.0.23.229;]','YTozOntzOjY6Il90b2tlbiI7czo0MDoibmFObHNsRmpxNTFGS2J0d1ZBWkpUNm0xWWJmb21aM1JzUzR4VEJWdiI7czo5OiJfcHJldmlvdXMiO2E6MTp7czozOiJ1cmwiO3M6NTA6Imh0dHBzOi8vdGlja2V0cy4za2ZjLmNvLmtlL2d1ZXN0X3B1cmNoYXNlX3RpY2tldC8xIjt9czo2OiJfZmxhc2giO2E6Mjp7czozOiJvbGQiO2E6MDp7fXM6MzoibmV3IjthOjA6e319fQ==',1729883303),('wWJPNO52CY3DGlxNf49VZI5Mt9F2xNqvKymrMhmE',NULL,'41.90.4.109','Mozilla/5.0 (Linux; Android 14; SM-S926B Build/UP1A.231005.007; wv) AppleWebKit/537.36 (KHTML, like Gecko) Version/4.0 Chrome/130.0.6723.24 Mobile Safari/537.36 [FB_IAB/FB4A;FBAV/486.0.0.66.70;IABMV/1;]','YTozOntzOjY6Il90b2tlbiI7czo0MDoiNmoxcGdUTHBmQmVEQTU0Q3VBeVNSaHBhaDZod3pJUFQ3N2N0cGJRQyI7czo5OiJfcHJldmlvdXMiO2E6MTp7czozOiJ1cmwiO3M6NDA6Imh0dHBzOi8vdGlja2V0cy4za2ZjLmNvLmtlL2d1ZXN0L2V2ZW50LzEiO31zOjY6Il9mbGFzaCI7YToyOntzOjM6Im9sZCI7YTowOnt9czozOiJuZXciO2E6MDp7fX19',1729884432),('Wx2AqhxcHHI9T4hdkxBKmBZpxIf3MUj65rgsZIvE',NULL,'102.0.6.66','Mozilla/5.0 (Linux; Android 10; K) AppleWebKit/537.36 (KHTML, like Gecko) Chrome/130.0.0.0 Mobile Safari/537.36','YTozOntzOjY6Il90b2tlbiI7czo0MDoiZnFuOU5CSEFGYTNCWkxqZzFqZEJXeW1BNUJUcWZ6VEpmVW93WHQ2SiI7czo5OiJfcHJldmlvdXMiO2E6MTp7czozOiJ1cmwiO3M6NTA6Imh0dHBzOi8vdGlja2V0cy4za2ZjLmNvLmtlL2d1ZXN0X3B1cmNoYXNlX3RpY2tldC8xIjt9czo2OiJfZmxhc2giO2E6Mjp7czozOiJvbGQiO2E6MDp7fXM6MzoibmV3IjthOjA6e319fQ==',1729887009),('wYCW2pji8GtvcG5MwwzeOW2VvWUQvukHcNjs9zSl',NULL,'154.159.252.151','Mozilla/5.0 (Linux; Android 10; K) AppleWebKit/537.36 (KHTML, like Gecko) SamsungBrowser/26.0 Chrome/122.0.0.0 Mobile Safari/537.36','YTozOntzOjY6Il90b2tlbiI7czo0MDoiMWxOU1lKTHBsU21KVVdLWjZ6WkJyc3ZrUFZCb2ZGQWVEWm9DRjRnVyI7czo5OiJfcHJldmlvdXMiO2E6MTp7czozOiJ1cmwiO3M6NTA6Imh0dHBzOi8vdGlja2V0cy4za2ZjLmNvLmtlL2d1ZXN0X3B1cmNoYXNlX3RpY2tldC8xIjt9czo2OiJfZmxhc2giO2E6Mjp7czozOiJvbGQiO2E6MDp7fXM6MzoibmV3IjthOjA6e319fQ==',1729886219),('XH953Xx44J814SH3KeXw8Q8vgDVVhk4RJq4Z1Ez0',NULL,'196.201.218.123','Mozilla/5.0 (Linux; Android 13; SM-G985F Build/TP1A.220624.014; wv) AppleWebKit/537.36 (KHTML, like Gecko) Version/4.0 Chrome/130.0.6723.24 Mobile Safari/537.36 [FB_IAB/FB4A;FBAV/486.0.0.66.70;IABMV/1;]','YTozOntzOjY6Il90b2tlbiI7czo0MDoibFhWNzNnbGFUSnE5U1JxMHgwYUVNU2xlaTRrTWJaQndBTnR3azl2dCI7czo5OiJfcHJldmlvdXMiO2E6MTp7czozOiJ1cmwiO3M6MTUwOiJodHRwczovL3RpY2tldHMuM2tmYy5jby5rZS8/ZmJjbGlkPUl3WTJ4amF3R0l6NUpsZUhSdUEyRmxiUUl4TVFBQkhUMDYzY2ZleFp0elNaSmJyVDgwY2I3OTVHcm51RWI2aU9XU1dyVmdRYlU2cWk5cVdtclJ5elE5SVFfYWVtX1MtUENqYmFXT21xNGFTXy16MHBJWkEiO31zOjY6Il9mbGFzaCI7YToyOntzOjM6Im9sZCI7YTowOnt9czozOiJuZXciO2E6MDp7fX19',1729884228),('XjIxoAwOkLmOqJZpkxXFwY7jY3n2wdvbO6m94nZp',NULL,'154.159.252.83','Mozilla/5.0 (Linux; Android 10; K) AppleWebKit/537.36 (KHTML, like Gecko) Chrome/129.0.0.0 Mobile Safari/537.36','YTozOntzOjY6Il90b2tlbiI7czo0MDoiT3dZU2tmZVJQS0dqQTNodUk5WUNLQlJORzJyVkcwUTRMbGNVVFNteiI7czo5OiJfcHJldmlvdXMiO2E6MTp7czozOiJ1cmwiO3M6MTUwOiJodHRwczovL3RpY2tldHMuM2tmYy5jby5rZS8/ZmJjbGlkPUl3WTJ4amF3R0kyYjVsZUhSdUEyRmxiUUl4TVFBQkhTVUVkU0c2c3dvOFdHeHNBRjY5S3lrb1JwdjMtQUlEQ3B4ZWpuclVRSHdjd3NfU2djQWR5d3p3S2dfYWVtXzRXZTlKQUt5eGY5VHZPRmFiMVBzbmciO31zOjY6Il9mbGFzaCI7YToyOntzOjM6Im9sZCI7YTowOnt9czozOiJuZXciO2E6MDp7fX19',1729886831),('xs7RJxy6f1nHYW4kYsTSXIKYQVOS7UWwQ4qa4qbw',NULL,'173.252.107.6','facebookexternalhit/1.1 (+http://www.facebook.com/externalhit_uatext.php)','YTozOntzOjY6Il90b2tlbiI7czo0MDoiR3hYY3QxTHFGU3NtSmZYYjJXY3o2enJpb1c0MkZQZnZ1TnNtbmZYRSI7czo5OiJfcHJldmlvdXMiO2E6MTp7czozOiJ1cmwiO3M6NTA6Imh0dHBzOi8vdGlja2V0cy4za2ZjLmNvLmtlL2d1ZXN0X3B1cmNoYXNlX3RpY2tldC8xIjt9czo2OiJfZmxhc2giO2E6Mjp7czozOiJvbGQiO2E6MDp7fXM6MzoibmV3IjthOjA6e319fQ==',1729885015),('yJOshWfBXxyaDl3qtp4xwYSUEiPcFt43BfbEBkfS',NULL,'66.249.68.35','Mozilla/5.0 (Linux; Android 6.0.1; Nexus 5X Build/MMB29P) AppleWebKit/537.36 (KHTML, like Gecko) Chrome/130.0.6723.69 Mobile Safari/537.36 (compatible; Googlebot/2.1; +http://www.google.com/bot.html)','YTozOntzOjY6Il90b2tlbiI7czo0MDoidmtoV3haYnZjRzJSTnBuOHp0NmZxVHAxMjlpeXhyVFpqWVpHSXJabyI7czo5OiJfcHJldmlvdXMiO2E6MTp7czozOiJ1cmwiO3M6MjY6Imh0dHBzOi8vdGlja2V0cy4za2ZjLmNvLmtlIjt9czo2OiJfZmxhc2giO2E6Mjp7czozOiJvbGQiO2E6MDp7fXM6MzoibmV3IjthOjA6e319fQ==',1729883657),('ymZXjQn2tG5fRCGJySzVPb5qe48HyRIl88Z7GMuo',NULL,'41.81.182.38','Mozilla/5.0 (Linux; Android 12; SM-M515F Build/SP1A.210812.016; wv) AppleWebKit/537.36 (KHTML, like Gecko) Version/4.0 Chrome/130.0.6723.24 Mobile Safari/537.36 [FB_IAB/FB4A;FBAV/486.0.0.66.70;IABMV/1;]','YTozOntzOjY6Il90b2tlbiI7czo0MDoiV0xTcHZtamRwS3dHbERxbGV3bUhoZHRFTndqNHJ5TWFtSHJEZjFKViI7czo5OiJfcHJldmlvdXMiO2E6MTp7czozOiJ1cmwiO3M6NTA6Imh0dHBzOi8vdGlja2V0cy4za2ZjLmNvLmtlL2d1ZXN0X3B1cmNoYXNlX3RpY2tldC8xIjt9czo2OiJfZmxhc2giO2E6Mjp7czozOiJvbGQiO2E6MDp7fXM6MzoibmV3IjthOjA6e319fQ==',1729887950),('yRzIVNB6AZwbD7RISLYk8kX7YMKLj83WPO1jZ2xr',NULL,'41.90.173.8','Mozilla/5.0 (Windows NT 10.0; Win64; x64) AppleWebKit/537.36 (KHTML, like Gecko) Chrome/130.0.0.0 Safari/537.36','YTozOntzOjY6Il90b2tlbiI7czo0MDoiSTZBd25xTGtNT0NkZlpXUEtDbTJMTU9LMVVHYVJjUTVESTJ4elhYcCI7czo5OiJfcHJldmlvdXMiO2E6MTp7czozOiJ1cmwiO3M6MjY6Imh0dHBzOi8vdGlja2V0cy4za2ZjLmNvLmtlIjt9czo2OiJfZmxhc2giO2E6Mjp7czozOiJvbGQiO2E6MDp7fXM6MzoibmV3IjthOjA6e319fQ==',1729885257),('yTMUPCOJWXbG9MXvq1qJpcKnqZtnZEAWu0oYD5xc',NULL,'196.97.0.190','WhatsApp/2.23.20.0','YTozOntzOjY6Il90b2tlbiI7czo0MDoic3d4TGlSSENMUXFBck0zQzJxZnlxeldQRnhGZVRLNFEwd1Z6Vm1RRyI7czo5OiJfcHJldmlvdXMiO2E6MTp7czozOiJ1cmwiO3M6MjY6Imh0dHBzOi8vdGlja2V0cy4za2ZjLmNvLmtlIjt9czo2OiJfZmxhc2giO2E6Mjp7czozOiJvbGQiO2E6MDp7fXM6MzoibmV3IjthOjA6e319fQ==',1729884752),('Z69DYuoRIwURvuG06oZFjWf7NMN7WaEz5lM9WS9L',NULL,'41.90.216.138','Mozilla/5.0 (Linux; Android 14; TECNO CL6k Build/UP1A.231005.007; wv) AppleWebKit/537.36 (KHTML, like Gecko) Version/4.0 Chrome/130.0.6723.24 Mobile Safari/537.36 [FB_IAB/FB4A;FBAV/486.0.0.66.70;IABMV/1;]','YTozOntzOjY6Il90b2tlbiI7czo0MDoiV3VKUzY2N28zQVNzcUNqNWJ0SXVlQzg3SnF0WXJET0NtdzJLbnhYaSI7czo5OiJfcHJldmlvdXMiO2E6MTp7czozOiJ1cmwiO3M6MTUwOiJodHRwczovL3RpY2tldHMuM2tmYy5jby5rZS8/ZmJjbGlkPUl3WTJ4amF3R0l5eTFsZUhSdUEyRmxiUUl4TVFBQkhlZjQwbF9SSjdCV3R3M2VqSG51U2szbXVXOHV4NEg1Y20xT19CY1kySVhlTENrM2tPLTNsSndiaGdfYWVtX0JhN215RXVPeWZieUtEenJGcXhBN2ciO31zOjY6Il9mbGFzaCI7YToyOntzOjM6Im9sZCI7YTowOnt9czozOiJuZXciO2E6MDp7fX19',1729883101),('zGZig2DFwa44p5SAuyV9fSzQBb7DZpnliQvnuHxi',NULL,'41.209.10.178','Mozilla/5.0 (Linux; Android 10; K) AppleWebKit/537.36 (KHTML, like Gecko) Chrome/130.0.0.0 Mobile Safari/537.36','YTozOntzOjY6Il90b2tlbiI7czo0MDoiMHU3UUE3QUM1VmRiUGdZUVo4UHpmb2JkVVExc0NSakpLYkdTQm1tQSI7czo5OiJfcHJldmlvdXMiO2E6MTp7czozOiJ1cmwiO3M6MjY6Imh0dHBzOi8vdGlja2V0cy4za2ZjLmNvLmtlIjt9czo2OiJfZmxhc2giO2E6Mjp7czozOiJvbGQiO2E6MDp7fXM6MzoibmV3IjthOjA6e319fQ==',1729889656),('zUImOilACGhpzeyJ1hKrldHQODfCd45TtkNNB30v',NULL,'102.211.145.97','Mozilla/5.0 (Linux; Android 10; K) AppleWebKit/537.36 (KHTML, like Gecko) SamsungBrowser/26.0 Chrome/122.0.0.0 Mobile Safari/537.36','YTozOntzOjY6Il90b2tlbiI7czo0MDoibXZydTBwb3Exa1NRaDZycGhuNEJIaW9tNFAzdUVWSnZjOUVldGc0USI7czo5OiJfcHJldmlvdXMiO2E6MTp7czozOiJ1cmwiO3M6MTM5OiJodHRwczovL3RpY2tldHMuM2tmYy5jby5rZS8/ZmJjbGlkPUl3WlhoMGJnTmhaVzBDTVRFQUFSMlBJbVdUOGU2Y1VBNkh0OWY1b0dDVFloUUxGSGFfZzJWWnItV19sUVlWSFFja0NTRHVIaTM1RFh3X2FlbV81amZCYzh6X2t3dzFfZGJhNk1GbDJRIjt9czo2OiJfZmxhc2giO2E6Mjp7czozOiJvbGQiO2E6MDp7fXM6MzoibmV3IjthOjA6e319fQ==',1729887527),('zuOaGYr7GGHzO3A084KZOUrfb0lMjDKZftAseUyd',NULL,'102.220.20.1','Mozilla/5.0 (Linux; Android 14; CPH2529 Build/UKQ1.230924.001; wv) AppleWebKit/537.36 (KHTML, like Gecko) Version/4.0 Chrome/130.0.6723.24 Mobile Safari/537.36 [FB_IAB/FB4A;FBAV/486.0.0.66.70;IABMV/1;]','YTozOntzOjY6Il90b2tlbiI7czo0MDoiNjNWeW50SlJhTWpBbTFXQVFRM016RGMyeHpjaG15bHUycVA3T1RoaCI7czo5OiJfcHJldmlvdXMiO2E6MTp7czozOiJ1cmwiO3M6NDA6Imh0dHBzOi8vdGlja2V0cy4za2ZjLmNvLmtlL2d1ZXN0L2V2ZW50LzEiO31zOjY6Il9mbGFzaCI7YToyOntzOjM6Im9sZCI7YTowOnt9czozOiJuZXciO2E6MDp7fX19',1729887274),('ZwHhIgUqgnc4FphiLi8b4AkwBL75Vi7QyMzu3o04',NULL,'173.252.95.14','Mozilla/5.0 (iPhone; CPU iPhone OS 16_7_10 like Mac OS X) AppleWebKit/605.1.15 (KHTML, like Gecko) Version/16.6 Mobile/15E148 Safari/604.1','YTozOntzOjY6Il90b2tlbiI7czo0MDoiYUlKdWZmaDRlc3JXVnRQNXExYnlXWUtLTU9HMjFVTU1MUGJBZlo3diI7czo5OiJfcHJldmlvdXMiO2E6MTp7czozOiJ1cmwiO3M6MTM5OiJodHRwczovL3RpY2tldHMuM2tmYy5jby5rZS8/ZmJjbGlkPUl3WlhoMGJnTmhaVzBDTVRFQUFSM3lTX1pGRkNKclpYeEt6U3pCSHJQLTB5Y2hmWm1jSXhCNDUxTHhTWWtuUVB4cGJwTmdOWDVOSFM4X2FlbV9Md2xSRFY4WnhVdmMxSVdJb095bWxRIjt9czo2OiJfZmxhc2giO2E6Mjp7czozOiJvbGQiO2E6MDp7fXM6MzoibmV3IjthOjA6e319fQ==',1729884492);

--
-- Table structure for table `sms`
--

CREATE TABLE `sms` (
  `id` bigint unsigned NOT NULL AUTO_INCREMENT,
  `unique_id` int NOT NULL,
  `sent_to` varchar(255) COLLATE utf8mb4_unicode_ci NOT NULL,
  `sms` varchar(255) COLLATE utf8mb4_unicode_ci NOT NULL,
  `status_message` varchar(255) COLLATE utf8mb4_unicode_ci NOT NULL,
  `status` varchar(255) COLLATE utf8mb4_unicode_ci NOT NULL,
  `error` varchar(255) COLLATE utf8mb4_unicode_ci DEFAULT NULL,
  `created_at` timestamp NULL DEFAULT NULL,
  `updated_at` timestamp NULL DEFAULT NULL,
  PRIMARY KEY (`id`)
) ENGINE=InnoDB AUTO_INCREMENT=48 DEFAULT CHARSET=utf8mb4 COLLATE=utf8mb4_unicode_ci;

--
-- Dumping data for table `sms`
--

INSERT INTO `sms` VALUES (1,93323826,'254728831405','ET59M5 Confirmed VIP ticket purchase for 3K FC vs Naivas FC happening on 03:00 PM on 2024-10-27 at MOI STADIUM,  EMBU was successfull. ENJOY THE GAME!','sent','222',NULL,'2024-10-24 19:31:12','2024-10-24 19:31:12'),(2,93323835,'254728831405','CI7GJ9 Confirmed VIP ticket purchase for 3K FC vs Naivas FC happening on 03:00 PM on 2024-10-27 at MOI STADIUM,  EMBU was successfull. ENJOY THE GAME!','sent','222',NULL,'2024-10-24 19:31:13','2024-10-24 19:31:13'),(3,93323841,'254728831405','O6BYVD Confirmed VIP ticket purchase for 3K FC vs Naivas FC happening on 03:00 PM on 2024-10-27 at MOI STADIUM,  EMBU was successfull. ENJOY THE GAME!','sent','222',NULL,'2024-10-24 19:31:13','2024-10-24 19:31:13'),(4,93328587,'254728831405','TTK5L9 Confirmed Regular ticket purchase for 3K FC vs Naivas FC happening on 03:00 PM on 2024-10-27 at MOI STADIUM,  EMBU was successfull. ENJOY THE GAME!','sent','222',NULL,'2024-10-24 19:40:29','2024-10-24 19:40:29'),(5,93328591,'254728831405','2MSKV4 Confirmed Regular ticket purchase for 3K FC vs Naivas FC happening on 03:00 PM on 2024-10-27 at MOI STADIUM,  EMBU was successfull. ENJOY THE GAME!','sent','222',NULL,'2024-10-24 19:40:30','2024-10-24 19:40:30'),(6,93334379,'254716308459','E8C38B Confirmed Regular ticket purchase for 3K FC vs Naivas FC happening on 03:00 PM on 2024-10-27 at MOI STADIUM,  EMBU was successfull. ENJOY THE GAME!','sent','222',NULL,'2024-10-24 19:52:24','2024-10-24 19:52:24'),(7,93334385,'254716308459','5JQCYZ Confirmed Regular ticket purchase for 3K FC vs Naivas FC happening on 03:00 PM on 2024-10-27 at MOI STADIUM,  EMBU was successfull. ENJOY THE GAME!','sent','222',NULL,'2024-10-24 19:52:25','2024-10-24 19:52:25'),(8,93334395,'254716308459','2E53CN Confirmed Regular ticket purchase for 3K FC vs Naivas FC happening on 03:00 PM on 2024-10-27 at MOI STADIUM,  EMBU was successfull. ENJOY THE GAME!','sent','222',NULL,'2024-10-24 19:52:25','2024-10-24 19:52:25'),(9,93335158,'254713964404','4JLPAM Confirmed Regular ticket purchase for 3K FC vs Naivas FC happening on 03:00 PM on 2024-10-27 at MOI STADIUM,  EMBU was successfull. ENJOY THE GAME!','sent','222',NULL,'2024-10-24 19:54:10','2024-10-24 19:54:10'),(10,93336362,'254716441804','M9OQX1 Confirmed Regular ticket purchase for 3K FC vs Naivas FC happening on 03:00 PM on 2024-10-27 at MOI STADIUM,  EMBU was successfull. ENJOY THE GAME!','sent','222',NULL,'2024-10-24 19:56:56','2024-10-24 19:56:56'),(11,93345412,'254716441804','4W42EB Confirmed Regular ticket purchase for 3K FC vs Naivas FC happening on 03:00 PM on 2024-10-27 at MOI STADIUM,  EMBU was successfull. ENJOY THE GAME!','sent','222',NULL,'2024-10-24 20:16:54','2024-10-24 20:16:54'),(12,93361024,'254728831405','PA5EBH Confirmed Regular ticket purchase for 3K FC vs Naivas FC happening on 03:00 PM on 2024-10-27 at MOI STADIUM,  EMBU was successfull. ENJOY THE GAME!','sent','222',NULL,'2024-10-24 20:56:31','2024-10-24 20:56:31'),(13,93361031,'254728831405','XPKLME Confirmed Regular ticket purchase for 3K FC vs Naivas FC happening on 03:00 PM on 2024-10-27 at MOI STADIUM,  EMBU was successfull. ENJOY THE GAME!','sent','222',NULL,'2024-10-24 20:56:31','2024-10-24 20:56:31'),(14,93368391,'254706661087','EY62F6 Confirmed Regular ticket purchase for 3K FC vs Naivas FC happening on 03:00 PM on 2024-10-27 at MOI STADIUM,  EMBU was successfull. ENJOY THE GAME!','sent','222',NULL,'2024-10-24 21:16:36','2024-10-24 21:16:36'),(15,93370098,'254717079164','VUSZY7 Confirmed VIP ticket purchase for 3K FC vs Naivas FC happening on 03:00 PM on 2024-10-27 at MOI STADIUM,  EMBU was successfull. ENJOY THE GAME!','sent','222',NULL,'2024-10-24 21:20:11','2024-10-24 21:20:11'),(16,93370419,'254725034756','G4YV5M Confirmed VIP ticket purchase for 3K FC vs Naivas FC happening on 03:00 PM on 2024-10-27 at MOI STADIUM,  EMBU was successfull. ENJOY THE GAME!','sent','222',NULL,'2024-10-24 21:20:50','2024-10-24 21:20:50'),(17,93382977,'254716308459','SDG1MB Confirmed Regular ticket purchase for 3K FC vs Naivas FC happening on 03:00 PM on 2024-10-27 at MOI STADIUM,  EMBU was successfull. ENJOY THE GAME!','sent','222',NULL,'2024-10-24 21:56:14','2024-10-24 21:56:14'),(18,93388835,'254704554119','P2T4FZ Confirmed VIP ticket purchase for 3K FC vs Naivas FC happening on 03:00 PM on 2024-10-27 at MOI STADIUM,  EMBU was successfull. ENJOY THE GAME!','sent','222',NULL,'2024-10-24 22:19:10','2024-10-24 22:19:10'),(19,93396236,'254725256926','ZRO5C4 Confirmed Regular ticket purchase for 3K FC vs Naivas FC happening on 03:00 PM on 2024-10-27 at MOI STADIUM,  EMBU was successfull. ENJOY THE GAME!','sent','222',NULL,'2024-10-24 22:59:27','2024-10-24 22:59:27'),(20,93398252,'254728831405','T3GQVA Confirmed Regular ticket purchase for 3K FC vs Naivas FC happening on 03:00 PM on 2024-10-27 at MOI STADIUM,  EMBU was successfull. ENJOY THE GAME!','sent','222',NULL,'2024-10-24 23:13:54','2024-10-24 23:13:54'),(21,94280873,'254715027615','CI6VGV Confirmed Regular ticket purchase for 3K FC vs Naivas FC happening on 27th Oct 2024 on 03:00 PM at MOI STADIUM,  EMBU was successfull. ENJOY THE GAME!','sent','222',NULL,'2024-10-25 18:41:19','2024-10-25 18:41:19'),(22,94295817,'254724695413','DHU66U Confirmed Regular ticket purchase for 3K FC vs Naivas FC happening on 27th Oct 2024 on 03:00 PM at MOI STADIUM,  EMBU was successfull. ENJOY THE GAME!','sent','222',NULL,'2024-10-25 19:09:04','2024-10-25 19:09:04'),(23,94323431,'254728211661','C925AI Confirmed VIP ticket purchase for 3K FC vs Naivas FC happening on 27th Oct 2024 on 03:00 PM at MOI STADIUM,  EMBU was successfull. ENJOY THE GAME!','sent','222',NULL,'2024-10-25 20:04:42','2024-10-25 20:04:42'),(24,94328410,'254704711399','FQYFVI Confirmed Regular ticket purchase for 3K FC vs Naivas FC happening on 27th Oct 2024 on 03:00 PM at MOI STADIUM,  EMBU was successfull. ENJOY THE GAME!','sent','222',NULL,'2024-10-25 20:17:25','2024-10-25 20:17:25'),(25,94332236,'254711240223','4KK0H0 Confirmed VIP ticket purchase for 3K FC vs Naivas FC happening on 27th Oct 2024 on 03:00 PM at MOI STADIUM,  EMBU was successfull. ENJOY THE GAME!','sent','222',NULL,'2024-10-25 20:27:57','2024-10-25 20:27:57'),(26,94333045,'254702936770','QAMMM0 Confirmed Regular ticket purchase for 3K FC vs Naivas FC happening on 27th Oct 2024 on 03:00 PM at MOI STADIUM,  EMBU was successfull. ENJOY THE GAME!','sent','222',NULL,'2024-10-25 20:30:09','2024-10-25 20:30:09'),(27,94333133,'254797725345','XJBW2H Confirmed Regular ticket purchase for 3K FC vs Naivas FC happening on 27th Oct 2024 on 03:00 PM at MOI STADIUM,  EMBU was successfull. ENJOY THE GAME!','sent','222',NULL,'2024-10-25 20:30:22','2024-10-25 20:30:22'),(28,94334486,'254726966173','IAESOQ Confirmed Regular ticket purchase for 3K FC vs Naivas FC happening on 27th Oct 2024 on 03:00 PM at MOI STADIUM,  EMBU was successfull. ENJOY THE GAME!','sent','222',NULL,'2024-10-25 20:34:08','2024-10-25 20:34:08'),(29,94341619,'254722501910','CKXUIT Confirmed Regular ticket purchase for 3K FC vs Naivas FC happening on 27th Oct 2024 on 03:00 PM at MOI STADIUM,  EMBU was successfull. ENJOY THE GAME!','sent','222',NULL,'2024-10-25 20:52:15','2024-10-25 20:52:15'),(30,94342420,'254725579660','SSRAPW Confirmed Regular ticket purchase for 3K FC vs Naivas FC happening on 27th Oct 2024 on 03:00 PM at MOI STADIUM,  EMBU was successfull. ENJOY THE GAME!','sent','222',NULL,'2024-10-25 20:54:25','2024-10-25 20:54:25'),(31,94342546,'254700014550','YF94R9 Confirmed VIP ticket purchase for 3K FC vs Naivas FC happening on 27th Oct 2024 on 03:00 PM at MOI STADIUM,  EMBU was successfull. ENJOY THE GAME!','sent','222',NULL,'2024-10-25 20:54:48','2024-10-25 20:54:48'),(32,94342549,'254700014550','TOLPUL Confirmed VIP ticket purchase for 3K FC vs Naivas FC happening on 27th Oct 2024 on 03:00 PM at MOI STADIUM,  EMBU was successfull. ENJOY THE GAME!','sent','222',NULL,'2024-10-25 20:54:49','2024-10-25 20:54:49'),(33,94343081,'254797750663','4MC3JL Confirmed Regular ticket purchase for 3K FC vs Naivas FC happening on 27th Oct 2024 on 03:00 PM at MOI STADIUM,  EMBU was successfull. ENJOY THE GAME!','sent','222',NULL,'2024-10-25 20:56:23','2024-10-25 20:56:23'),(34,94343899,'254719576672','63G1L9 Confirmed VIP ticket purchase for 3K FC vs Naivas FC happening on 27th Oct 2024 on 03:00 PM at MOI STADIUM,  EMBU was successfull. ENJOY THE GAME!','sent','222',NULL,'2024-10-25 20:58:43','2024-10-25 20:58:43'),(35,94344043,'254703431824','WB7K5S Confirmed Regular ticket purchase for 3K FC vs Naivas FC happening on 27th Oct 2024 on 03:00 PM at MOI STADIUM,  EMBU was successfull. ENJOY THE GAME!','sent','222',NULL,'2024-10-25 20:59:06','2024-10-25 20:59:06'),(36,94344208,'254798130805','HM4F9L Confirmed Regular ticket purchase for 3K FC vs Naivas FC happening on 27th Oct 2024 on 03:00 PM at MOI STADIUM,  EMBU was successfull. ENJOY THE GAME!','sent','222',NULL,'2024-10-25 20:59:32','2024-10-25 20:59:32'),(37,94355569,'254769216921','EEM5EK Confirmed Regular ticket purchase for 3K FC vs Naivas FC happening on 27th Oct 2024 on 03:00 PM at MOI STADIUM,  EMBU was successfull. ENJOY THE GAME!','sent','222',NULL,'2024-10-25 21:31:12','2024-10-25 21:31:12'),(38,94355722,'254716037788','JCE66S Confirmed VIP ticket purchase for 3K FC vs Naivas FC happening on 27th Oct 2024 on 03:00 PM at MOI STADIUM,  EMBU was successfull. ENJOY THE GAME!','sent','222',NULL,'2024-10-25 21:31:33','2024-10-25 21:31:33'),(39,94357690,'254743573632','TMEEZ1 Confirmed Regular ticket purchase for 3K FC vs Naivas FC happening on 27th Oct 2024 on 03:00 PM at MOI STADIUM,  EMBU was successfull. ENJOY THE GAME!','sent','222',NULL,'2024-10-25 21:37:18','2024-10-25 21:37:18'),(40,94360296,'254115729262','KWIZXW Confirmed Regular ticket purchase for 3K FC vs Naivas FC happening on 27th Oct 2024 on 03:00 PM at MOI STADIUM,  EMBU was successfull. ENJOY THE GAME!','sent','222',NULL,'2024-10-25 21:45:32','2024-10-25 21:45:32'),(41,94362211,'254759210558','4FZ3UI Confirmed VIP ticket purchase for 3K FC vs Naivas FC happening on 27th Oct 2024 on 03:00 PM at MOI STADIUM,  EMBU was successfull. ENJOY THE GAME!','sent','222',NULL,'2024-10-25 21:52:32','2024-10-25 21:52:32'),(42,94369893,'254703395684','TTH6T9 Confirmed Regular ticket purchase for 3K FC vs Naivas FC happening on 27th Oct 2024 on 03:00 PM at MOI STADIUM,  EMBU was successfull. ENJOY THE GAME!','sent','222',NULL,'2024-10-25 22:24:21','2024-10-25 22:24:21'),(43,94370193,'254792476802','7WLCEL Confirmed Regular ticket purchase for 3K FC vs Naivas FC happening on 27th Oct 2024 on 03:00 PM at MOI STADIUM,  EMBU was successfull. ENJOY THE GAME!','sent','222',NULL,'2024-10-25 22:25:53','2024-10-25 22:25:53'),(44,94371423,'254704619869','DY7TQZ Confirmed Regular ticket purchase for 3K FC vs Naivas FC happening on 27th Oct 2024 on 03:00 PM at MOI STADIUM,  EMBU was successfull. ENJOY THE GAME!','sent','222',NULL,'2024-10-25 22:32:18','2024-10-25 22:32:18'),(45,94374247,'254711210406','PVU5HM Confirmed VIP ticket purchase for 3K FC vs Naivas FC happening on 27th Oct 2024 on 03:00 PM at MOI STADIUM,  EMBU was successfull. ENJOY THE GAME!','sent','222',NULL,'2024-10-25 22:48:15','2024-10-25 22:48:15'),(46,94375282,'254726516387','7MZNQO Confirmed Regular ticket purchase for 3K FC vs Naivas FC happening on 27th Oct 2024 on 03:00 PM at MOI STADIUM,  EMBU was successfull. ENJOY THE GAME!','sent','222',NULL,'2024-10-25 22:54:46','2024-10-25 22:54:46'),(47,94375283,'254726516387','HSWJR0 Confirmed Regular ticket purchase for 3K FC vs Naivas FC happening on 27th Oct 2024 on 03:00 PM at MOI STADIUM,  EMBU was successfull. ENJOY THE GAME!','sent','222',NULL,'2024-10-25 22:54:46','2024-10-25 22:54:46');

--
-- Table structure for table `tag`
--

CREATE TABLE `tag` (
  `id` bigint unsigned NOT NULL AUTO_INCREMENT,
  `created_by` bigint unsigned DEFAULT NULL,
  `tag` varchar(255) COLLATE utf8mb4_unicode_ci NOT NULL,
  `created_at` timestamp NULL DEFAULT NULL,
  `updated_at` timestamp NULL DEFAULT NULL,
  PRIMARY KEY (`id`),
  KEY `tag_created_by_foreign` (`created_by`),
  CONSTRAINT `tag_created_by_foreign` FOREIGN KEY (`created_by`) REFERENCES `user` (`id`) ON DELETE CASCADE
) ENGINE=InnoDB AUTO_INCREMENT=2 DEFAULT CHARSET=utf8mb4 COLLATE=utf8mb4_unicode_ci;

--
-- Dumping data for table `tag`
--

INSERT INTO `tag` VALUES (1,NULL,'Football',NULL,NULL);

--
-- Table structure for table `ticket`
--

CREATE TABLE `ticket` (
  `id` bigint unsigned NOT NULL AUTO_INCREMENT,
  `event_id` bigint unsigned NOT NULL,
  `name` varchar(255) COLLATE utf8mb4_unicode_ci NOT NULL,
  `price` int NOT NULL,
  `capacity` int DEFAULT NULL,
  `created_at` timestamp NULL DEFAULT NULL,
  `updated_at` timestamp NULL DEFAULT NULL,
  `is_seasonal` tinyint(1) NOT NULL DEFAULT '0',
  `is_expired` tinyint(1) NOT NULL DEFAULT '0',
  PRIMARY KEY (`id`),
  KEY `ticket_event_id_foreign` (`event_id`),
  CONSTRAINT `ticket_event_id_foreign` FOREIGN KEY (`event_id`) REFERENCES `event` (`id`) ON DELETE CASCADE
) ENGINE=InnoDB AUTO_INCREMENT=5 DEFAULT CHARSET=utf8mb4 COLLATE=utf8mb4_unicode_ci;

--
-- Dumping data for table `ticket`
--

INSERT INTO `ticket` VALUES (1,1,'Regular',100,NULL,'2024-10-24 19:29:40','2024-10-24 22:41:56',0,0),(2,1,'VIP',200,NULL,'2024-10-24 19:29:40','2024-10-24 22:41:56',0,0),(3,1,'Seasonal Regular',1500,NULL,NULL,NULL,1,0),(4,1,'Seasonal VIP',3000,NULL,NULL,NULL,1,0);


